000
CXUS53 KFGF 010915
CF6DVL
PRELIMINARY LOCAL CLIMATOLOGICAL DATA (WS FORM: F-6)
STATION: DEVILS LAKE ND
MONTH: JANUARY
YEAR: 2024
LATITUDE: 48 7 N
LONGITUDE: 98 54 W
TEMPERATURE IN F: :PCPN: SNOW: WIND :SUNSHINE: SKY :PK WND
================================================================================
1 2 3 4 5 6A 6B 7 8 9 10 11 12 13 14 15 16 17 18
12Z AVG MX 2MIN
DY MAX MIN AVG DEP HDD CDD WTR SNW DPTH SPD SPD DIR MIN PSBL S-S WX SPD DR
================================================================================
1 35 14 25 18 40 0 T M M 12.0 20 200 M M 1 1 M M
2 30 20 25 18 40 0 T M M 12.2 20 330 M M 4 25 340
3 22 14 18 11 47 0 T M M 6.8 13 330 M M 10 1 M M
4 24 13 19 12 46 0 T M M 12.2 20 210 M M 10 1 23 210
5 26 23 25 18 40 0 T M M 7.8 12 250 M M 10 1 M M
6 23 8 16 9 49 0 T M M 9.3 15 340 M M 8 1 M M
7 13 2 8 2 57 0 T M M 7.8 12 70 M M 10 1 M M
8 9 -1 4 -2 61 0 T M M 5.4 8 260 M M 7 1 M M
9 15 -8 4 -2 61 0 T M M 6.5 15 140 M M 2 1 M M
10 19 6 13 7 52 0 T M M 16.2 25 280 M M 10 18 30 290
11 7 -10 -1 -7 66 0 T M M 18.6 26 320 M M 7 8 33 330
12 -6 -13 -9 -15 74 0 T M M 16.3 21 310 M M 6 8 M M
13 -9 -18 -13 -19 78 0 T M M 22.9 29 300 M M 9 128 33 300
14 -12 -22 -17 -23 82 0 M M M 17.9 23 290 M M 1 8 30 290
15 -8 -19 -13 -19 78 0 T M M 25.6 33 290 M M 4 8 41 290
16 4 -10 -3 -9 68 0 T M M 24.1 29 280 M M 2 8 40 280
17 3 -7 -2 -8 67 0 T M M 11.4 20 310 M M 6 1 18 340
18 1 -7 -3 -9 68 0 T M M 16.0 26 290 M M 6 8 32 300
19 3 -11 -4 -10 69 0 T M M 8.3 16 300 M M 4 1 M M
20 8 -14 -3 -10 68 0 T M M 12.2 25 160 M M 3 36 180
21 18 6 12 5 53 0 T M M 9.5 22 180 M M 7 25 180
22 18 10 14 7 51 0 T M M 10.6 15 30 M M 10 1 M M
23 27 10 19 12 46 0 T M M 12.7 20 200 M M 10 1 30 170
24 31 18 25 18 40 0 T M M 9.5 17 210 M M 7 12 23 200
25 24 20 22 15 43 0 T M M 2.7 8 170 M M 10 12 M M
26 34 15 25 18 40 0 T M M 7.5 12 250 M M 3 1 M M
27 38 15 27 20 38 0 0.00 M M 5.3 9 260 M M 0 M M
28 39 21 30 23 35 0 0.00 M M 6.7 14 260 M M 0 M M
29 43 28 36 29 29 0 0.00 M M 12.0 20 290 M M 0 M M
30 46 18 32 24 33 0 M M M 8.1 13 260 M M 0 12 M M
31 50 28 39 31 26 0 M M M 6.5 14 250 M M 0 M M
================================================================================
SM 575 149 1645 0 T M 360.7 M 167
================================================================================
AV 18.5 4.8 11.6 FASTST M M 5 MAX(MPH)
MISC ----> 33 290 41 290
================================================================================
NOTES:
# LAST OF SEVERAL OCCURRENCES
COLUMN 17 PEAK WIND IN M.P.H.
PRELIMINARY LOCAL CLIMATOLOGICAL DATA (WS FORM: F-6) , PAGE 2
STATION: DEVILS LAKE ND
MONTH: JANUARY
YEAR: 2024
LATITUDE: 48 7 N
LONGITUDE: 98 54 W
[TEMPERATURE DATA] [PRECIPITATION DATA] SYMBOLS USED IN COLUMN 16
AVERAGE MONTHLY: 11.7 TOTAL FOR MONTH: T 1 = FOG OR MIST
DPTR FM NORMAL: 4.9 DPTR FM NORMAL: M 2 = FOG REDUCING VISIBILITY
HIGHEST: 50 ON 31 GRTST 24HR 0.02 ON 21-22 TO 1/4 MILE OR LESS
LOWEST: -22 ON 14 3 = THUNDER
SNOW, ICE PELLETS, HAIL 4 = ICE PELLETS
TOTAL MONTH: M 5 = HAIL
GRTST 24HR M ON M 6 = FREEZING RAIN OR DRIZZLE
GRTST DEPTH: M ON M 7 = DUSTSTORM OR SANDSTORM:
VSBY 1/2 MILE OR LESS
8 = SMOKE OR HAZE
[NO. OF DAYS WITH] [WEATHER - DAYS WITH] 9 = BLOWING SNOW
X = TORNADO
MAX 32 OR BELOW: 24 0.01 INCH OR MORE: 0
MAX 90 OR ABOVE: 0 0.10 INCH OR MORE: 0
MIN 32 OR BELOW: 31 0.50 INCH OR MORE: 0
MIN 0 OR BELOW: 12 1.00 INCH OR MORE: 0
[HDD (BASE 65) ]
TOTAL THIS MO. 1645 CLEAR (SCALE 0-3) 11
DPTR FM NORMAL -160 PTCLDY (SCALE 4-7) 11
TOTAL FM JUL 1 4770 CLOUDY (SCALE 8-10) 9
DPTR FM NORMAL -795
[CDD (BASE 65) ]
TOTAL THIS MO. 0
DPTR FM NORMAL 0 [PRESSURE DATA]
TOTAL FM JAN 1 0 HIGHEST SLP M ON M
DPTR FM NORMAL 0 LOWEST SLP M ON M
[REMARKS]
#FINAL-01-24#