000
CXUS55 KDVN 011000
CF6DVN
PRELIMINARY LOCAL CLIMATOLOGICAL DATA (WS FORM: F-6)
STATION: DAVENPORT IA
MONTH: AUGUST
YEAR: 2021
LATITUDE: 41 37 N
LONGITUDE: 90 35 W
TEMPERATURE IN F: :PCPN: SNOW: WIND :SUNSHINE: SKY :PK WND
================================================================================
1 2 3 4 5 6A 6B 7 8 9 10 11 12 13 14 15 16 17 18
12Z AVG MX 2MIN
DY MAX MIN AVG DEP HDD CDD WTR SNW DPTH SPD SPD DIR MIN PSBL S-S WX SPD DR
================================================================================
1 81 57 69 -4 0 4 0.00 0.0 0 6.9 18 10 M M 0 18 25 340
2 79 52 66 -7 0 1 0.00 0.0 0 2.5 9 330 M M 2 12 340
3 81 51 66 -7 0 1 0.00 0.0 0 1.5 8 90 M M 0 1 14 80
4 82 54 68 -5 0 3 0.00 0.0 0 2.0 12 230 M M 1 1 17 240
5 79 58 69 -4 0 4 T 0.0 0 9.4 20 230 M M 5 27 250
6 84 67 76 3 0 11 0.00 0.0 0 8.1 16 240 M M 4 38 25 230
7 87 67 77 4 0 12 0.00 0.0 0 10.0 21 190 M M 0 1 30 180
8 86 71 79 6 0 14 T 0.0 0 12.7 18 210 M M 1 3 27 190
9 88 70 79 6 0 14 0.10 0.0 0 10.5 17 180 M M 5 13 26 170
10 93 71 82 9 0 17 0.00 0.0 0 8.7 23 340 M M 2 18 34 330
11 88 72 80 7 0 15 0.02 0.0 0 13.3 40 210 M M 4 38 60 190
12 82 63 73 1 0 8 0.00 0.0 0 7.3 17 210 M M 2 23 230
13 82 60 71 -1 0 6 T 0.0 0 5.4 12 40 M M 4 17 40
14 81 53 67 -5 0 2 0.00 0.0 0 4.5 12 50 M M 0 15 60
15 81 53 67 -5 0 2 0.00 0.0 0 5.6 14 90 M M 0 20 90
16 82 53 68 -4 0 3 0.00 0.0 0 5.1 13 100 M M 2 19 110
17 85 58 72 0 0 7 0.00 0.0 0 4.4 13 100 M M 1 21 110
18 87 61 74 2 0 9 0.00 0.0 0 3.5 13 110 M M 1 18 17 120
19 89 62 76 4 0 11 0.00 0.0 0 2.4 10 70 M M 1 18 15 70
20 88 63 76 5 0 11 0.00 0.0 0 8.0 17 130 M M 1 18 24 140
21 85 60 73 2 0 8 T 0.0 0 6.9 14 300 M M 4 1 20 300
22 83 56 70 -1 0 5 0.00 0.0 0 4.4 10 50 M M 0 14 40
23 89 60 75 4 0 10 0.10 0.0 0 8.6 22 190 M M 2 13 35 350
24 95 68 82 11 0 17 0.71 0.0 0 8.5 31 360 M M 1 13 48 340
25 87 67 77 6 0 12 0.03 0.0 0 3.9 13 100 M M 1 3 15 160
26 89 65 77 7 0 12 0.00 0.0 0 4.5 14 120 M M 0 1 20 110
27 92 72 82 12 0 17 0.00 0.0 0 8.3 17 180 M M 0 25 190
28 92 73 83 13 0 18 0.00 0.0 0 8.6 16 190 M M 0 1 22 180
29 87 63 75 5 0 10 T 0.0 0 8.1 23 170 M M 1 3 37 170
30 85 58 72 2 0 7 0.00 0.0 0 3.0 9 90 M M 1 1 13 80
31 76 58 67 -2 0 2 0.73 0.0 0 6.8 18 30 M M 5 1 23 40
================================================================================
SM 2645 1916 0 273 1.69 0.0 203.4 M 51
================================================================================
AV 85.3 61.8 6.6 FASTST M M 2 MAX(MPH)
MISC ----> 40 210 60 190
================================================================================
NOTES:
# LAST OF SEVERAL OCCURRENCES
COLUMN 17 PEAK WIND IN M.P.H.
PRELIMINARY LOCAL CLIMATOLOGICAL DATA (WS FORM: F-6) , PAGE 2
STATION: DAVENPORT IA
MONTH: AUGUST
YEAR: 2021
LATITUDE: 41 37 N
LONGITUDE: 90 35 W
[TEMPERATURE DATA] [PRECIPITATION DATA] SYMBOLS USED IN COLUMN 16
AVERAGE MONTHLY: 73.6 TOTAL FOR MONTH: 1.69 1 = FOG OR MIST
DPTR FM NORMAL: 1.9 DPTR FM NORMAL: -2.27 2 = FOG REDUCING VISIBILITY
HIGHEST: 95 ON 24 GRTST 24HR 0.74 ON 24-25 TO 1/4 MILE OR LESS
LOWEST: 51 ON 3 3 = THUNDER
SNOW, ICE PELLETS, HAIL 4 = ICE PELLETS
TOTAL MONTH: 0.0 INCH 5 = HAIL
GRTST 24HR 0.0 6 = FREEZING RAIN OR DRIZZLE
GRTST DEPTH: 0 7 = DUSTSTORM OR SANDSTORM:
VSBY 1/2 MILE OR LESS
8 = SMOKE OR HAZE
[NO. OF DAYS WITH] [WEATHER - DAYS WITH] 9 = BLOWING SNOW
X = TORNADO
MAX 32 OR BELOW: 0 0.01 INCH OR MORE: 6
MAX 90 OR ABOVE: 4 0.10 INCH OR MORE: 4
MIN 32 OR BELOW: 0 0.50 INCH OR MORE: 2
MIN 0 OR BELOW: 0 1.00 INCH OR MORE: 0
[HDD (BASE 65) ]
TOTAL THIS MO. 0 CLEAR (SCALE 0-3) 24
DPTR FM NORMAL -8 PTCLDY (SCALE 4-7) 7
TOTAL FM JUL 1 0 CLOUDY (SCALE 8-10) 0
DPTR FM NORMAL -7
[CDD (BASE 65) ]
TOTAL THIS MO. 273
DPTR FM NORMAL 56 [PRESSURE DATA]
TOTAL FM JAN 1 916 HIGHEST SLP 30.29 ON 14
DPTR FM NORMAL 145 LOWEST SLP 29.74 ON 11
[REMARKS]
#FINAL-08-21#