000
CXUS53 KDVN 011350
CLMDVN
CLIMATE REPORT
NATIONAL WEATHER SERVICE QUAD CITIES IA IL
855 AM CDT MON APR 01 2024
...................................
...THE DAVENPORT IA CLIMATE SUMMARY FOR THE MONTH OF MARCH 2024...
CLIMATE NORMAL PERIOD 1991 TO 2020
CLIMATE RECORD PERIOD 9999 TO 9999
WEATHER OBSERVED NORMAL DEPART LAST YEAR`S
VALUE DATE(S) VALUE FROM VALUE
NORMAL
..............................................................
TEMPERATURE (F)
HIGHEST 78 03/03 56 22
LOWEST 20 03/18 23 -3
AVG. MAXIMUM 54.3 48.3 6.0
AVG. MINIMUM 32.9 29.0 3.9
MEAN 43.6 38.6 5.0
DAYS MAX >= 90 0
DAYS MAX <= 32 0
DAYS MIN <= 32 16
DAYS MIN <= 0 0
PRECIPITATION (INCHES)
TOTALS 2.59 2.34 0.25
DAILY AVG. 0.08 0.08 0.00
DAYS >= .01 10
DAYS >= .10 7
DAYS >= .50 1
DAYS >= 1.00 0
GREATEST
24 HR. TOTAL 0.80 03/14 TO 03/14
SNOWFALL (INCHES)
TOTALS 0.5
SINCE 7/1 37.4
SNOWDEPTH AVG. 0
DAYS >= TRACE 6
DAYS >= 1.0 0
GREATEST
SNOW DEPTH 0
24 HR TOTAL 0.5 03/22 TO 03/22
DEGREE DAYS
HEATING TOTAL 657 819 -162
SINCE 7/1 4636 5690 -1054
COOLING TOTAL 0 2 -2
SINCE 1/1 0 2 -2
..............................................................
WIND (MPH)
AVERAGE WIND SPEED 13.0
HIGHEST WIND SPEED/DIRECTION 39/150 DATE 03/25
HIGHEST GUST SPEED/DIRECTION 51/170 DATE 03/03
51/150 03/25
SKY COVER
POSSIBLE SUNSHINE (PERCENT) MM
AVERAGE SKY COVER 0.42
NUMBER OF DAYS FAIR 15
NUMBER OF DAYS PC 9
NUMBER OF DAYS CLOUDY 7
AVERAGE RH (PERCENT) 63
WEATHER CONDITIONS. NUMBER OF DAYS WITH
THUNDERSTORM 5 HAIL 0
SLEET 1 FOG 10
FOG W/VIS <= 1/4 MILE 1 HAZE 0
- INDICATES NEGATIVE NUMBERS.
R INDICATES RECORD WAS SET OR TIED.
MM INDICATES DATA IS MISSING.
T INDICATES TRACE AMOUNT.
$$
NOTE: SUPPLEMENTAL CLIMATE DATA WAS USED FROM A NEARBY
CLIMATOLOGICALLY REPRESENTATIVE STATION.