000
CXUS54 KHGX 011410
CF6DWH
PRELIMINARY LOCAL CLIMATOLOGICAL DATA (WS FORM: F-6)
STATION: HOUSTON/D.W._HOOKS
MONTH: MAY
YEAR: 2021
LATITUDE: 30 4 N
LONGITUDE: 95 33 W
TEMPERATURE IN F: :PCPN: SNOW: WIND :SUNSHINE: SKY :PK WND
================================================================================
1 2 3 4 5 6A 6B 7 8 9 10 11 12 13 14 15 16 17 18
12Z AVG MX 2MIN
DY MAX MIN AVG DEP HDD CDD WTR SNW DPTH SPD SPD DIR MIN PSBL S-S WX SPD DR
================================================================================
1 79 67 73 0 0 8 2.20 0.0 0 6.9 20 130 M M 9 138 27 130
2 87 69 78 5 0 13 T 0.0 0 8.8 17 230 M M 5 18 23 200
3 90 75 83 10 0 18 0.00 0.0 0 8.8 17 130 M M 7 18 25 140
4 85 67 76 2 0 11 0.03 0.0 0 6.8 18 300 M M 5 138 29 290
5 83 59 71 -3 0 6 0.00 0.0 0 7.0 14 40 M M 0 23 80
6 86 60 73 -1 0 8 0.00 0.0 0 4.3 13 30 M M 0 18 70
7 86 58 72 -2 0 7 0.00 0.0 0 4.9 15 130 M M 0 18 23 120
8 86 62 74 -1 0 9 0.00 0.0 0 7.4 22 190 M M 5 8 28 190
9 88 76 82 7 0 17 0.02 0.0 0 9.5 21 210 M M 8 1 28 190
10 90 74 82 7 0 17 0.02 0.0 0 4.5 14 120 M M 6 18 23 120
11 90 66 78 2 0 13 0.15 0.0 0 9.0 21 340 M M 6 1 32 340
12 70 63 67 -9 0 2 0.01 0.0 0 8.0 16 10 M M 9 1 25 30
13 76 62 69 -7 0 4 0.01 0.0 0 5.5 14 30 M M 9 1 17 30
14 82 61 72 -4 0 7 0.00 0.0 0 5.1 12 90 M M 6 17 90
15 84 60 72 -5 0 7 0.00 0.0 0 5.8 18 120 M M 2 26 110
16 78 66 72 -5 0 7 0.21 0.0 0 6.1 16 150 M M 6 1 24 150
17 87 65 76 -1 0 11 3.01 0.0 0 6.8 32 110 M M 8 13 39 110
18 83 65 74 -3 0 9 1.38 0.0 0 10.1 23 290 M M 5 138 32 290
19 73 65 69 -9 0 4 1.09 0.0 0 6.4 22 110 M M 7 13 29 110
20 82 65 74 -4 0 9 0.00 0.0 0 4.1 14 110 M M 6 12 19 120
21 84 71 78 0 0 13 0.16 0.0 0 7.5 17 110 M M 9 13 24 110
22 81 73 77 -1 0 12 1.07 0.0 0 10.2 21 130 M M 9 18 28 130
23 79 71 75 -4 0 10 0.14 0.0 0 6.8 17 120 M M 9 18 25 90
24 81 69 75 -4 0 10 1.50 0.0 0 6.9 17 120 M M 8 123 26 90
25 84 72 78 -1 0 13 0.31 0.0 0 5.6 14 140 M M 8 138 22 130
26 89 72 81 1 0 16 0.01 0.0 0 4.7 13 120 M M 6 1 18 110
27 90 74 82 2 0 17 0.00 0.0 0 6.1 12 200 M M 5 17 180
28 87 69 78 -2 0 13 0.17 0.0 0 7.6 17 130 M M 6 13 26 60
29 90 66 78 -2 0 13 0.02 0.0 0 4.8 29 350 M M 3 3 42 340
30 85 71 78 -2 0 13 T 0.0 0 8.2 14 110 M M 5 26 80
31 87 71 79 -1 0 14 T 0.0 0 7.5 18 120 M M 5 1 26 120
================================================================================
SM 2602 2084 0 331 11.51 0.0 211.7 M 182
================================================================================
AV 83.9 67.2 6.8 FASTST M M 6 MAX(MPH)
MISC ----> 32 110 42 340
================================================================================
NOTES:
# LAST OF SEVERAL OCCURRENCES
COLUMN 17 PEAK WIND IN M.P.H.
PRELIMINARY LOCAL CLIMATOLOGICAL DATA (WS FORM: F-6) , PAGE 2
STATION: HOUSTON/D.W._HOOKS
MONTH: MAY
YEAR: 2021
LATITUDE: 30 4 N
LONGITUDE: 95 33 W
[TEMPERATURE DATA] [PRECIPITATION DATA] SYMBOLS USED IN COLUMN 16
AVERAGE MONTHLY: 75.6 TOTAL FOR MONTH: 11.51 1 = FOG OR MIST
DPTR FM NORMAL: -1.2 DPTR FM NORMAL: 6.57 2 = FOG REDUCING VISIBILITY
HIGHEST: 90 ON 29,27 GRTST 24HR 3.01 ON 17-17 TO 1/4 MILE OR LESS
LOWEST: 58 ON 7 3 = THUNDER
SNOW, ICE PELLETS, HAIL 4 = ICE PELLETS
TOTAL MONTH: 0.0 INCH 5 = HAIL
GRTST 24HR 0.0 6 = FREEZING RAIN OR DRIZZLE
GRTST DEPTH: 0 7 = DUSTSTORM OR SANDSTORM:
VSBY 1/2 MILE OR LESS
8 = SMOKE OR HAZE
[NO. OF DAYS WITH] [WEATHER - DAYS WITH] 9 = BLOWING SNOW
X = TORNADO
MAX 32 OR BELOW: 0 0.01 INCH OR MORE: 19
MAX 90 OR ABOVE: 5 0.10 INCH OR MORE: 12
MIN 32 OR BELOW: 0 0.50 INCH OR MORE: 6
MIN 0 OR BELOW: 0 1.00 INCH OR MORE: 6
[HDD (BASE 65) ]
TOTAL THIS MO. 0 CLEAR (SCALE 0-3) 5
DPTR FM NORMAL -2 PTCLDY (SCALE 4-7) 20
TOTAL FM JUL 1 1422 CLOUDY (SCALE 8-10) 6
DPTR FM NORMAL 55
[CDD (BASE 65) ]
TOTAL THIS MO. 331
DPTR FM NORMAL -37 [PRESSURE DATA]
TOTAL FM JAN 1 605 HIGHEST SLP 30.27 ON 13
DPTR FM NORMAL -60 LOWEST SLP 29.56 ON 2
[REMARKS]
#FINAL-05-21#