000
CXUS54 KMAF 011110
CF6E38
PRELIMINARY LOCAL CLIMATOLOGICAL DATA (WS FORM: F-6)
STATION: ALPINE-CASPARIS MUNICIPAL
MONTH: OCTOBER
YEAR: 2021
LATITUDE: 30 23 N
LONGITUDE: 103 41 W
TEMPERATURE IN F: :PCPN: SNOW: WIND :SUNSHINE: SKY :PK WND
================================================================================
1 2 3 4 5 6A 6B 7 8 9 10 11 12 13 14 15 16 17 18
12Z AVG MX 2MIN
DY MAX MIN AVG DEP HDD CDD WTR SNW DPTH SPD SPD DIR MIN PSBL S-S WX SPD DR
================================================================================
1 73 56 65 M 0 0 M M M 3.1 12 70 M M 9 16 70
2 80 53 67 M 0 2 M M M 3.6 13 40 M M 3 17 0
3 80 54 67 M 0 2 M M M 3.3 7 60 M M 0 M M
4 82 51 67 M 0 2 M M M 4.9 10 100 M M 0 16 100
5 82 51 67 M 0 2 M M M 5.1 10 60 M M 0 16 120
6 85 58 72 M 0 7 M M M 6.2 12 160 M M 2 M M
7 89 60 75 M 0 10 M M M 5.8 12 220 M M 1 16 220
8 91 62 77 M 0 12 M M M 8.5 15 160 M M 0 18 240
9 92 65 79 M 0 14 M M M 9.1 18 230 M M 0 23 230
10 88 56 72 M 0 7 M M M 12.3 28 260 M M 0 36 280
11 84 45 65 M 0 0 M M M 8.5 18 200 M M 0 24 200
12 86 67 77 M 0 12 M M M 17.4 25 220 M M 0 40 210
13 77 58 68 M 0 3 M M M 9.9 22 220 M M 2 25 220
14 83 56 70 M 0 5 M M M 8.2 14 230 M M 0 22 260
15 70 45 58 M 7 0 M M M 8.9 18 10 M M 0 23 20
16 68 43 56 M 9 0 M M M 5.1 9 50 M M 0 17 50
17 77 47 62 M 3 0 M M M 6.2 15 170 M M 1 20 140
18 79 57 68 M 0 3 M M M 9.2 16 230 M M 0 21 230
19 83 54 69 M 0 4 M M M 8.6 15 240 M M 0 20 230
20 84 47 66 M 0 1 0.01 M M 5.3 10 90 M M 1 16 90
21 81 53 67 M 0 2 0.08 M M 4.8 12 80 M M 1 3 M M
22 83 54 69 M 0 4 M M M 6.4 9 220 M M 1 9 240
23 85 58 72 M 0 7 M M M 10.3 16 210 M M 2 24 210
24 83 54 69 M 0 4 M M M 8.6 17 230 M M 0 23 260
25 89 54 72 M 0 7 M M M 8.7 13 160 M M 0 22 210
26 89 66 78 M 0 13 M M M 15.5 35 290 M M 0 54 290
27 67 50 59 M 6 0 M M M 16.1 30 280 M M 0 41 280
28 71 42 57 M 8 0 M M M 4.3 12 250 M M 0 M M
29 75 35 55 M 10 0 M M M 4.1 9 230 M M 0 M M
30 84 51 68 M 0 3 M M M 9.1 13 240 M M 0 20 230
31 78 51 65 M 0 0 M M M 7.1 14 70 M M 0 18 60
================================================================================
SM 2518 1653 43 126 0.09 M 244.3 M 23
================================================================================
AV 81.2 53.3 7.9 FASTST M M 1 MAX(MPH)
MISC ----> 35 290 54 290
================================================================================
NOTES:
# LAST OF SEVERAL OCCURRENCES
COLUMN 17 PEAK WIND IN M.P.H.
PRELIMINARY LOCAL CLIMATOLOGICAL DATA (WS FORM: F-6) , PAGE 2
STATION: ALPINE-CASPARIS MUNICIPAL
MONTH: OCTOBER
YEAR: 2021
LATITUDE: 30 23 N
LONGITUDE: 103 41 W
[TEMPERATURE DATA] [PRECIPITATION DATA] SYMBOLS USED IN COLUMN 16
AVERAGE MONTHLY: 67.3 TOTAL FOR MONTH: 0.09 1 = FOG OR MIST
DPTR FM NORMAL: 0.0 DPTR FM NORMAL: M 2 = FOG REDUCING VISIBILITY
HIGHEST: 92 ON 9 GRTST 24HR 0.08 ON 21-21 TO 1/4 MILE OR LESS
LOWEST: 35 ON 29 3 = THUNDER
SNOW, ICE PELLETS, HAIL 4 = ICE PELLETS
TOTAL MONTH: M 5 = HAIL
GRTST 24HR M ON M 6 = FREEZING RAIN OR DRIZZLE
GRTST DEPTH: M ON M 7 = DUSTSTORM OR SANDSTORM:
VSBY 1/2 MILE OR LESS
8 = SMOKE OR HAZE
[NO. OF DAYS WITH] [WEATHER - DAYS WITH] 9 = BLOWING SNOW
X = TORNADO
MAX 32 OR BELOW: 0 0.01 INCH OR MORE: 2
MAX 90 OR ABOVE: 2 0.10 INCH OR MORE: 0
MIN 32 OR BELOW: 0 0.50 INCH OR MORE: 0
MIN 0 OR BELOW: 0 1.00 INCH OR MORE: 0
[HDD (BASE 65) ]
TOTAL THIS MO. 43 CLEAR (SCALE 0-3) 29
DPTR FM NORMAL M PTCLDY (SCALE 4-7) 1
TOTAL FM JUL 1 45 CLOUDY (SCALE 8-10) 1
DPTR FM NORMAL M
[CDD (BASE 65) ]
TOTAL THIS MO. 126
DPTR FM NORMAL M [PRESSURE DATA]
TOTAL FM JAN 1 1817 HIGHEST SLP M ON M
DPTR FM NORMAL M LOWEST SLP M ON M
[REMARKS]
#FINAL-10-21#