000
CXUS54 KMAF 011110
CF6E38
PRELIMINARY LOCAL CLIMATOLOGICAL DATA (WS FORM: F-6)
STATION: ALPINE-CASPARIS MUNICIPAL
MONTH: JUNE
YEAR: 2021
LATITUDE: 30 23 N
LONGITUDE: 103 41 W
TEMPERATURE IN F: :PCPN: SNOW: WIND :SUNSHINE: SKY :PK WND
================================================================================
1 2 3 4 5 6A 6B 7 8 9 10 11 12 13 14 15 16 17 18
12Z AVG MX 2MIN
DY MAX MIN AVG DEP HDD CDD WTR SNW DPTH SPD SPD DIR MIN PSBL S-S WX SPD DR
================================================================================
1 74 56 65 M 0 0 M M M 7.4 14 40 M M 7 24 280
2 83 59 71 M 0 6 0.05 M M 7.3 26 290 M M 2 3 35 290
3 80 55 68 M 0 3 0.18 M M 2.4 8 260 M M 2 3 M M
4 81 56 69 M 0 4 M M M 5.2 13 60 M M 2 18 10
5 88 58 73 M 0 8 0.11 M M 8.1 12 210 M M 2 3 25 160
6 97 63 80 M 0 15 M M M 12.1 21 270 M M 0 28 320
7 98 67 83 M 0 18 M M M 9.5 17 260 M M 0 30 250
8 100 65 83 M 0 18 M M M 6.6 17 70 M M 0 31 70
9 101 72 87 M 0 22 0.03 M M 5.9 18 220 M M 0 33 170
10 101 73 87 M 0 22 M M M 9.0 14 150 M M 0 23 160
11 103 76 90 M 0 25 M M M 10.1 20 130 M M 0 29 50
12 99 73 86 M 0 21 M M M 9.2 15 150 M M 0 24 150
13 96 68 82 M 0 17 M M M 7.6 16 130 M M 0 21 100
14 95 65 80 M 0 15 M M M 7.7 15 110 M M 3 25 100
15 91 63 77 M 0 12 M M M 7.5 15 100 M M 1 21 120
16 92 64 78 M 0 13 M M M 7.3 21 120 M M 0 24 90
17 90 62 76 M 0 11 M M M 7.4 15 110 M M 0 24 140
18 94 66 80 M 0 15 M M M 7.2 15 160 M M 0 18 160
19 96 67 82 M 0 17 M M M 7.2 17 150 M M 1 23 150
20 103 73 88 M 0 23 M M M 11.1 22 220 M M 0 26 220
21 100 66 83 M 0 18 0.03 M M 11.2 26 360 M M 3 36 360
22 93 61 77 M 0 12 M M M 7.1 14 160 M M 3 22 160
23 96 71 84 M 0 19 M M M 10.2 14 140 M M 0 23 120
24 97 70 84 M 0 19 0.04 M M 8.4 14 230 M M 1 23 310
25 96 65 81 M 0 16 0.13 M M 7.7 18 220 M M 3 3 47 160
26 97 74 86 M 0 21 M M M 9.4 16 150 M M 2 3 41 330
27 78 60 69 M 0 4 0.37 M M 9.4 22 320 M M 7 3 33 320
28 81 62 72 M 0 7 0.13 M M 6.8 15 120 M M 8 21 110
29 83 63 73 M 0 8 M M M 8.5 14 110 M M 8 20 140
30 81 66 74 M 0 9 M M M 7.4 14 130 M M 6 18 120
================================================================================
SM 2764 1959 0 418 1.07 M 242.0 M 61
================================================================================
AV 92.1 65.3 8.1 FASTST M M 2 MAX(MPH)
MISC ----> # 26 290 47 160
================================================================================
NOTES:
# LAST OF SEVERAL OCCURRENCES
COLUMN 17 PEAK WIND IN M.P.H.
PRELIMINARY LOCAL CLIMATOLOGICAL DATA (WS FORM: F-6) , PAGE 2
STATION: ALPINE-CASPARIS MUNICIPAL
MONTH: JUNE
YEAR: 2021
LATITUDE: 30 23 N
LONGITUDE: 103 41 W
[TEMPERATURE DATA] [PRECIPITATION DATA] SYMBOLS USED IN COLUMN 16
AVERAGE MONTHLY: 78.7 TOTAL FOR MONTH: 1.07 1 = FOG OR MIST
DPTR FM NORMAL: 0.0 DPTR FM NORMAL: M 2 = FOG REDUCING VISIBILITY
HIGHEST: 103 ON 20,11 GRTST 24HR 0.37 ON 27-27 TO 1/4 MILE OR LESS
LOWEST: 55 ON 3 3 = THUNDER
SNOW, ICE PELLETS, HAIL 4 = ICE PELLETS
TOTAL MONTH: M 5 = HAIL
GRTST 24HR M ON M 6 = FREEZING RAIN OR DRIZZLE
GRTST DEPTH: M ON M 7 = DUSTSTORM OR SANDSTORM:
VSBY 1/2 MILE OR LESS
8 = SMOKE OR HAZE
[NO. OF DAYS WITH] [WEATHER - DAYS WITH] 9 = BLOWING SNOW
X = TORNADO
MAX 32 OR BELOW: 0 0.01 INCH OR MORE: 9
MAX 90 OR ABOVE: 21 0.10 INCH OR MORE: 5
MIN 32 OR BELOW: 0 0.50 INCH OR MORE: 0
MIN 0 OR BELOW: 0 1.00 INCH OR MORE: 0
[HDD (BASE 65) ]
TOTAL THIS MO. 0 CLEAR (SCALE 0-3) 25
DPTR FM NORMAL M PTCLDY (SCALE 4-7) 4
TOTAL FM JUL 1 2454 CLOUDY (SCALE 8-10) 1
DPTR FM NORMAL M
[CDD (BASE 65) ]
TOTAL THIS MO. 418
DPTR FM NORMAL M [PRESSURE DATA]
TOTAL FM JAN 1 739 HIGHEST SLP M ON M
DPTR FM NORMAL M LOWEST SLP M ON M
[REMARKS]
#FINAL-06-21#