000
CXUS53 KGID 011254
CLMEAR
CLIMATE REPORT
NATIONAL WEATHER SERVICE HASTINGS NE
754 AM CDT THU JUN 01 2023
...................................
...THE KEARNEY NE CLIMATE SUMMARY FOR THE MONTH OF MAY 2023...
CLIMATE NORMAL PERIOD 1991 TO 2020
CLIMATE RECORD PERIOD 1894 TO 2023
WEATHER OBSERVED NORMAL DEPART LAST YEAR`S
VALUE DATE(S) VALUE FROM VALUE DATE(S)
NORMAL
................................................................
TEMPERATURE (F)
HIGHEST 85 05/29 MM MM 93 05/19
05/30
LOWEST 30R 05/01 MM MM 32 05/02
AVG. MAXIMUM 76.2 71.5 4.7 72.5
AVG. MINIMUM 50.8 47.4 3.4 50.2
MEAN 63.5 59.5 4.0 61.3
DAYS MAX >= 90 0 MM MM 3
DAYS MAX <= 32 0 MM MM 0
DAYS MIN <= 32 3 MM MM 1
DAYS MIN <= 0 0 MM MM 0
PRECIPITATION (INCHES)
TOTALS 2.92 4.40 -1.48 2.34
DAILY AVG. 0.09 0.13 -0.04 0.08
DAYS >= .01 11 MM MM 9
DAYS >= .10 6 MM MM 5
DAYS >= .50 3 MM MM 1
DAYS >= 1.00 0 MM MM 1
GREATEST
24 HR. TOTAL 1.07 05/11 TO 05/12
DEGREE DAYS
HEATING TOTAL 86 210 -124 192
SINCE 7/1 6065 6472 -407 MM
COOLING TOTAL 48 44 4 85
SINCE 1/1 62 47 15 MM
................................................................
AVERAGE RH (PERCENT) 65
WEATHER CONDITIONS. NUMBER OF DAYS WITH
THUNDERSTORM 9 MIXED PRECIP 0
HEAVY RAIN 3 RAIN 7
LIGHT RAIN 12 FREEZING RAIN 0
LT FREEZING RAIN 0 HAIL 0
HEAVY SNOW 0 SNOW 0
LIGHT SNOW 0 SLEET 0
FOG 11 FOG W/VIS <= 1/4 MILE 0
HAZE 4
- INDICATES NEGATIVE NUMBERS.
R INDICATES RECORD WAS SET OR TIED.
MM INDICATES DATA IS MISSING.
T INDICATES TRACE AMOUNT.
&&
THE PRECIPITATION DATA SHOWN ABOVE IS RECORDED BY THE AUTOMATED
WEATHER OBSERVING SYSTEM AT THE KEARNEY AIRPORT. THE
PRECIPITATION IS DEPICTED FOR A CALENDAR DAY FROM MIDNIGHT TO
MIDNIGHT. SNOWFALL IS NOT RECORDED BY THAT SYSTEM.
THE OFFICIAL PRECIPITATION...SNOWFALL...AND SNOW DEPTH
OBSERVATION FOR KEARNEY IS RECORDED DAILY BY THE
COOPERATIVE OBSERVER AT 7 AM. THAT INFORMATION FOLLOWS...
...KEARNEY 4NE COOPERATIVE OBSERVER REPORT FOR MAY 2023...
PRECIPITATION (IN)
MONTHLY TOTAL ...................... 2.90
YEAR TO DATE ....................... 7.14
SNOWFALL (IN)
MONTHLY TOTAL ...................... 0.0
SEASONAL TOTAL (SINCE JULY 1ST)..... 32.7
$$
REED