000
CXUS56 KOTX 010910
CF6EAT
PRELIMINARY LOCAL CLIMATOLOGICAL DATA (WS FORM: F-6)
STATION: WENATCHEE WA PANGBORN FIELD
MONTH: MAY
YEAR: 2021
LATITUDE: 47 23 N
LONGITUDE: 120 12 W
TEMPERATURE IN F: :PCPN: SNOW: WIND :SUNSHINE: SKY :PK WND
================================================================================
1 2 3 4 5 6A 6B 7 8 9 10 11 12 13 14 15 16 17 18
12Z AVG MX 2MIN
DY MAX MIN AVG DEP HDD CDD WTR SNW DPTH SPD SPD DIR MIN PSBL S-S WX SPD DR
================================================================================
1 68 49 59 3 6 0 0.00 M M 17.2 32 320 M M 0 37 310
2 70 45 58 2 7 0 0.00 M M 13.5 24 290 M M 0 28 290
3 69 44 57 1 8 0 0.00 M M 12.6 24 300 M M 4 28 300
4 72 47 60 3 5 0 0.00 M M 13.3 23 300 M M 0 28 300
5 73 42 58 1 7 0 0.00 M M 7.3 16 150 M M 0 22 150
6 80 50 65 8 0 0 0.00 M M 10.9 30 300 M M 0 36 310
7 60 44 52 -6 13 0 T M M 16.6 31 300 M M 1 39 300
8 63 40 52 -6 13 0 0.00 M M 17.1 31 300 M M 0 38 300
9 69 43 56 -2 9 0 T M M 9.0 29 360 M M 2 34 10
10 74 47 61 2 4 0 0.00 M M 10.1 23 310 M M 0 26 310
11 74 46 60 1 5 0 0.00 M M 7.3 16 320 M M 1 20 330
12 76 51 64 5 1 0 T M M 8.2 20 320 M M 3 24 310
13 78 48 63 3 2 0 0.00 M M 6.5 12 100 M M 0 14 90
14 82 51 67 7 0 2 0.00 M M 9.3 17 290 M M 0 21 300
15 86 55 71 11 0 6 0.00 M M 9.5 17 290 M M 0 22 300
16 87 56 72 12 0 7 0.00 M M 9.3 22 310 M M 0 24 310
17 78 56 67 6 0 2 0.00 M M 15.1 28 280 M M 1 33 270
18 64 44 54 -7 11 0 0.00 M M 15.1 30 270 M M 1 36 270
19 60 42 51 -10 14 0 0.00 M M 13.1 31 310 M M 4 35 300
20 56 46 51 -10 14 0 0.08 M M 10.0 18 330 M M 9 24 350
21 69 41 55 -7 10 0 0.00 M M 9.2 23 330 M M 7 28 330
22 62 47 55 -7 10 0 T M M 8.2 20 130 M M 2 24 120
23 75 45 60 -2 5 0 0.00 M M 17.3 36 290 M M 0 43 290
24 73 56 65 3 0 0 0.00 M M 16.9 25 310 M M 2 30 290
25 72 52 62 0 3 0 T M M 10.0 25 310 M M 1 30 300
26 77 50 64 1 1 0 0.00 M M 9.2 20 140 M M 0 26 140
27 71 50 61 -2 4 0 T M M 12.2 31 260 M M 3 42 260
28 69 41 55 -8 10 0 0.00 M M 12.7 29 300 M M 1 38 300
29 76 44 60 -3 5 0 0.00 M M 6.6 13 290 M M 0 M M
30 82 51 67 4 0 2 0.00 M M 6.4 16 280 M M 0 18 280
31 90 56 73 9 0 8 0.00 M M 8.1 20 290 M M 0 8 24 300
================================================================================
SM 2255 1479 167 27 0.08 M 347.8 M 42
================================================================================
AV 72.7 47.7 11.2 FASTST M M 1 MAX(MPH)
MISC ----> 36 290 43 290
================================================================================
NOTES:
# LAST OF SEVERAL OCCURRENCES
COLUMN 17 PEAK WIND IN M.P.H.
PRELIMINARY LOCAL CLIMATOLOGICAL DATA (WS FORM: F-6) , PAGE 2
STATION: WENATCHEE WA PANGBORN FIELD
MONTH: MAY
YEAR: 2021
LATITUDE: 47 23 N
LONGITUDE: 120 12 W
[TEMPERATURE DATA] [PRECIPITATION DATA] SYMBOLS USED IN COLUMN 16
AVERAGE MONTHLY: 60.2 TOTAL FOR MONTH: 0.08 1 = FOG OR MIST
DPTR FM NORMAL: 0.1 DPTR FM NORMAL: -0.69 2 = FOG REDUCING VISIBILITY
HIGHEST: 90 ON 31 GRTST 24HR 0.08 ON 20-20 TO 1/4 MILE OR LESS
LOWEST: 40 ON 8 3 = THUNDER
SNOW, ICE PELLETS, HAIL 4 = ICE PELLETS
TOTAL MONTH: M 5 = HAIL
GRTST 24HR M ON M 6 = FREEZING RAIN OR DRIZZLE
GRTST DEPTH: M ON M 7 = DUSTSTORM OR SANDSTORM:
VSBY 1/2 MILE OR LESS
8 = SMOKE OR HAZE
[NO. OF DAYS WITH] [WEATHER - DAYS WITH] 9 = BLOWING SNOW
X = TORNADO
MAX 32 OR BELOW: 0 0.01 INCH OR MORE: 1
MAX 90 OR ABOVE: 1 0.10 INCH OR MORE: 0
MIN 32 OR BELOW: 0 0.50 INCH OR MORE: 0
MIN 0 OR BELOW: 0 1.00 INCH OR MORE: 0
[HDD (BASE 65) ]
TOTAL THIS MO. 167 CLEAR (SCALE 0-3) 26
DPTR FM NORMAL -19 PTCLDY (SCALE 4-7) 4
TOTAL FM JUL 1 5409 CLOUDY (SCALE 8-10) 1
DPTR FM NORMAL -348
[CDD (BASE 65) ]
TOTAL THIS MO. 27
DPTR FM NORMAL -9 [PRESSURE DATA]
TOTAL FM JAN 1 30 HIGHEST SLP M ON M
DPTR FM NORMAL -8 LOWEST SLP 29.71 ON 6
[REMARKS]
#FINAL-05-21#