000
CXUS56 KOTX 020151
CLAEAT
CLIMATE REPORT
NATIONAL WEATHER SERVICE SPOKANE WA
551 PM PST SUN JAN 01 2023
...................................
...THE WENATCHEE WA PANGBORN FIELD CLIMATE SUMMARY FOR THE YEAR OF 2022...
CLIMATE NORMAL PERIOD 1991 TO 2020
CLIMATE RECORD PERIOD 1959 TO 2022
WEATHER OBSERVED NORMAL DEPART
VALUE DATE(S) VALUE FROM
NORMAL
................................................
TEMPERATURE (F)
RECORD
HIGH 114 06/29/2021
LOW -21 12/30/1968
HIGHEST 109 07/28
LOWEST -7 12/21
12/22
AVG. MAXIMUM 59.2 60.6 -1.4
AVG. MINIMUM 40.5 41.7 -1.2
MEAN 49.9 51.2 -1.3
DAYS MAX >= 90 45 35.0 10.0
DAYS MAX <= 32 67 31.1 35.9
DAYS MIN <= 32 131 111.2 19.8
DAYS MIN <= 0 3 0.7 2.3
PRECIPITATION (INCHES)
RECORD
MAXIMUM 14.28 1983
MINIMUM 4.49 1976
TOTALS 9.92 7.83 2.09
DAILY AVG. T 0.02 -0.02
DAYS >= .01 62 70.4 -8.4
DAYS >= .10 24 25.3 -1.3
DAYS >= .50 6 1.7 4.3
DAYS >= 1.00 0 0.0 0.0
GREATEST
24 HR. TOTAL 1.07
DEGREE DAYS
HEATING TOTAL 6415 5813 602
COOLING TOTAL 1021 807 214
FREEZE DATES
RECORD
EARLIEST 09/29/1985
LATEST 05/27/2011
EARLIEST 11/02
LATEST 04/20
................................................
WIND (MPH)
AVERAGE WIND SPEED 7.1
HIGHEST WIND SPEED/DIRECTION 45/260 DATE 05/18
HIGHEST GUST SPEED/DIRECTION 53/260 DATE 05/18
SKY COVER
AVERAGE SKY COVER 0.34
AVERAGE RH (PERCENT) 60
WEATHER CONDITIONS. NUMBER OF DAYS WITH
THUNDERSTORM 8 MIXED PRECIP 0
HEAVY RAIN 5 RAIN 5
LIGHT RAIN 66 FREEZING RAIN 2
LT FREEZING RAIN 6 HAIL 0
SLEET 0 FOG 91
FOG W/VIS <= 1/4 MILE 35 HAZE 54
- INDICATES NEGATIVE NUMBERS.
R INDICATES RECORD WAS SET OR TIED.
MM INDICATES DATA IS MISSING.
T INDICATES TRACE AMOUNT.
$$