000
CXUS55 KEAX 010736
CF6EAX
PRELIMINARY LOCAL CLIMATOLOGICAL DATA (WS FORM: F-6)
STATION: PLEASANT HILL NWS MO
MONTH: APRIL
YEAR: 2021
LATITUDE: 38 48 N
LONGITUDE: 94 16 W
TEMPERATURE IN F: :PCPN: SNOW: WIND :SUNSHINE: SKY :PK WND
================================================================================
1 2 3 4 5 6A 6B 7 8 9 10 11 12 13 14 15 16 17 18
12Z AVG MX 2MIN
DY MAX MIN AVG DEP HDD CDD WTR SNW DPTH SPD SPD DIR MIN PSBL S-S WX SPD DR
================================================================================
1 52 29 41 -8 24 0 0.00 0.0 0 M M M M M M M M
2 65 33 49 0 16 0 0.00 0.0 0 M M M M M M M M
3 73 42 58 8 7 0 0.00 0.0 0 M M M M M M M M
4 77 48 63 13 2 0 0.00 0.0 0 M M M M M M M M
5 76 54 65 15 0 0 0.00 0.0 0 M M M M M M M M
6 78 56 67 16 0 2 0.00 0.0 0 M M M M M M M M
7 68 46 57 6 8 0 0.92 0.0 0 M M M M M M 3 M M
8 56 44 50 -1 15 0 0.22 0.0 0 M M M M M M M M
9 72 43 58 6 7 0 0.36 0.0 0 M M M M M M M M
10 57 45 51 -1 14 0 1.03 0.0 0 M M M M M M M M
11 77 40 59 7 6 0 0.00 0.0 0 M M M M M M M M
12 60 46 53 0 12 0 0.00 0.0 0 M M M M M M M M
13 61 41 51 -2 14 0 0.00 0.0 0 M M M M M M M M
14 59 41 50 -3 15 0 0.00 0.0 0 M M M M M M M M
15 59 37 48 -6 17 0 0.00 0.0 0 M M M M M M M M
16 53 42 48 -6 17 0 0.25 0.0 0 M M M M M M M M
17 54 41 48 -6 17 0 0.07 0.0 0 M M M M M M M M
18 60 43 52 -3 13 0 0.00 0.0 0 M M M M M M M M
19 59 34 47 -8 18 0 0.00 0.0 0 M M M M M M M M
20 45 31 38 -17 27 0 0.06 0.9 1 M M M M M M 1 M M
21 49 33 41 -15 24 0 0.00 0.0 0 M M M M M M M M
22 56 29 43 -13 22 0 0.10 0.0 0 M M M M M M M M
23 59 43 51 -5 14 0 0.21 0.0 0 M M M M M M 3 M M
24 66 49 58 1 7 0 0.02 0.0 0 M M M M M M M M
25 74 45 60 3 5 0 0.00 0.0 0 M M M M M M M M
26 82 56 69 11 0 4 0.00 0.0 0 M M M M M M M M
27 79 63 71 13 0 6 0.00 0.0 0 M M M M M M M M
28 78 58 68 10 0 3 2.67 0.0 0 M M M M M M 3 M M
29 74 55 65 7 0 0 0.00 0.0 0 M M M M M M M M
30 79 59 69 10 0 4 0.00 0.0 0 M M M M M M M M
================================================================================
SM 1957 1326 321 19 5.91 0.9 M M M
================================================================================
AV 65.2 44.2 M FASTST M M M MAX(MPH)
MISC ----> M M M M
================================================================================
NOTES:
# LAST OF SEVERAL OCCURRENCES
COLUMN 17 PEAK WIND IN M.P.H.
PRELIMINARY LOCAL CLIMATOLOGICAL DATA (WS FORM: F-6) , PAGE 2
STATION: PLEASANT HILL NWS MO
MONTH: APRIL
YEAR: 2021
LATITUDE: 38 48 N
LONGITUDE: 94 16 W
[TEMPERATURE DATA] [PRECIPITATION DATA] SYMBOLS USED IN COLUMN 16
AVERAGE MONTHLY: 54.7 TOTAL FOR MONTH: 5.91 1 = FOG OR MIST
DPTR FM NORMAL: 0.8 DPTR FM NORMAL: 1.84 2 = FOG REDUCING VISIBILITY
HIGHEST: 82 ON 26 GRTST 24HR 2.67 ON 28-28 TO 1/4 MILE OR LESS
LOWEST: 29 ON 22, 1 3 = THUNDER
SNOW, ICE PELLETS, HAIL 4 = ICE PELLETS
TOTAL MONTH: 0.9 INCH 5 = HAIL
GRTST 24HR 0.9 ON 20-20 6 = FREEZING RAIN OR DRIZZLE
GRTST DEPTH: 1 ON 20 7 = DUSTSTORM OR SANDSTORM:
VSBY 1/2 MILE OR LESS
8 = SMOKE OR HAZE
[NO. OF DAYS WITH] [WEATHER - DAYS WITH] 9 = BLOWING SNOW
X = TORNADO
MAX 32 OR BELOW: 0 0.01 INCH OR MORE: 11
MAX 90 OR ABOVE: 0 0.10 INCH OR MORE: 8
MIN 32 OR BELOW: 3 0.50 INCH OR MORE: 3
MIN 0 OR BELOW: 0 1.00 INCH OR MORE: 2
[HDD (BASE 65) ]
TOTAL THIS MO. 321 CLEAR (SCALE 0-3) 0
DPTR FM NORMAL -25 PTCLDY (SCALE 4-7) 0
TOTAL FM JUL 1 4704 CLOUDY (SCALE 8-10) 30
DPTR FM NORMAL -332
[CDD (BASE 65) ]
TOTAL THIS MO. 19
DPTR FM NORMAL 6 [PRESSURE DATA]
TOTAL FM JAN 1 19 HIGHEST SLP M ON M
DPTR FM NORMAL 5 LOWEST SLP M ON M
[REMARKS]
#FINAL-04-21#