000
CXUS55 KEAX 010736
CF6EAX
PRELIMINARY LOCAL CLIMATOLOGICAL DATA (WS FORM: F-6)
STATION: PLEASANT HILL NWS MO
MONTH: MAY
YEAR: 2020
LATITUDE: 38 48 N
LONGITUDE: 94 16 W
TEMPERATURE IN F: :PCPN: SNOW: WIND :SUNSHINE: SKY :PK WND
================================================================================
1 2 3 4 5 6A 6B 7 8 9 10 11 12 13 14 15 16 17 18
12Z AVG MX 2MIN
DY MAX MIN AVG DEP HDD CDD WTR SNW DPTH SPD SPD DIR MIN PSBL S-S WX SPD DR
================================================================================
1 78 50 64 5 1 0 0.00 0.0 0 M M M M M M M M
2 83 60 72 12 0 7 0.00 0.0 0 M M M M M M M M
3 72 57 65 5 0 0 T 0.0 0 M M M M M M M M
4 61 51 56 -4 9 0 0.41 0.0 0 M M M M M M M M
5 71 48 60 -1 5 0 T 0.0 0 M M M M M M M M
6 61 43 52 -9 13 0 0.00 0.0 0 M M M M M M M M
7 63 42 53 -8 12 0 0.15 0.0 0 M M M M M M M M
8 59 39 49 -13 16 0 0.35 0.0 0 M M M M M M M M
9 62 39 51 -11 14 0 0.00 0.0 0 M M M M M M M M
10 60 41 51 -11 14 0 0.00 0.0 0 M M M M M M M M
11 53 41 47 -16 18 0 0.03 0.0 0 M M M M M M M M
12 50 43 47 -16 18 0 0.04 0.0 0 M M M M M M M M
13 62 48 55 -8 10 0 T 0.0 0 M M M M M M M M
14 80 62 71 7 0 6 0.27 0.0 0 M M M M M M 3 M M
15 70 59 65 1 0 0 0.01 0.0 0 M M M M M M 3 M M
16 73 60 67 3 0 2 T 0.0 0 M M M M M M M M
17 70 56 63 -1 2 0 0.00 0.0 0 M M M M M M M M
18 59 54 57 -8 8 0 T 0.0 0 M M M M M M M M
19 68 54 61 -4 4 0 T 0.0 0 M M M M M M M M
20 71 58 65 -1 0 0 0.00 0.0 0 M M M M M M M M
21 72 M M M M M 0.00 0.0 0 M M M M M M M M
22 75 M M M M M 0.30 0.0 0 M M M M M M M M
23 82 58 70 4 0 5 0.00 0.0 0 M M M M M M M M
24 86 66 76 9 0 11 T 0.0 0 M M M M M M M M
25 78 66 72 5 0 7 0.92 0.0 0 M M M M M M M M
26 75 63 69 2 0 4 1.06 0.0 0 M M M M M M M M
27 75 62 69 1 0 4 0.55 0.0 0 M M M M M M 3 M M
28 66 59 63 -5 2 0 2.13 0.0 0 M M M M M M 123 M M
29 77 55 66 -2 0 1 0.00 0.0 0 M M M M M M M M
30 77 56 67 -2 0 2 0.00 0.0 0 M M M M M M M M
31 78 60 69 0 0 4 0.00 0.0 0 M M M M M M M M
================================================================================
SM 2167 1550 146 53 6.22 0.0 M M M
================================================================================
AV 69.9 53.4 M FASTST M M M MAX(MPH)
MISC ----> M M M M
================================================================================
NOTES:
# LAST OF SEVERAL OCCURRENCES
COLUMN 17 PEAK WIND IN M.P.H.
PRELIMINARY LOCAL CLIMATOLOGICAL DATA (WS FORM: F-6) , PAGE 2
STATION: PLEASANT HILL NWS MO
MONTH: MAY
YEAR: 2020
LATITUDE: 38 48 N
LONGITUDE: 94 16 W
[TEMPERATURE DATA] [PRECIPITATION DATA] SYMBOLS USED IN COLUMN 16
AVERAGE MONTHLY: 61.7 TOTAL FOR MONTH: 6.22 1 = FOG OR MIST
DPTR FM NORMAL: -2.4 DPTR FM NORMAL: 0.86 2 = FOG REDUCING VISIBILITY
HIGHEST: 86 ON 24 GRTST 24HR 2.13 ON 28-28 TO 1/4 MILE OR LESS
LOWEST: 39 ON 9, 8 3 = THUNDER
SNOW, ICE PELLETS, HAIL 4 = ICE PELLETS
TOTAL MONTH: 0.0 INCH 5 = HAIL
GRTST 24HR 0.0 6 = FREEZING RAIN OR DRIZZLE
GRTST DEPTH: 0 7 = DUSTSTORM OR SANDSTORM:
VSBY 1/2 MILE OR LESS
8 = SMOKE OR HAZE
[NO. OF DAYS WITH] [WEATHER - DAYS WITH] 9 = BLOWING SNOW
X = TORNADO
MAX 32 OR BELOW: 0 0.01 INCH OR MORE: 12
MAX 90 OR ABOVE: 0 0.10 INCH OR MORE: 9
MIN 32 OR BELOW: 0 0.50 INCH OR MORE: 4
MIN 0 OR BELOW: 0 1.00 INCH OR MORE: 2
[HDD (BASE 65) ]
TOTAL THIS MO. 146 CLEAR (SCALE 0-3) 0
DPTR FM NORMAL 37 PTCLDY (SCALE 4-7) 0
TOTAL FM JUL 1 4749 CLOUDY (SCALE 8-10) 31
DPTR FM NORMAL -398
[CDD (BASE 65) ]
TOTAL THIS MO. 53
DPTR FM NORMAL -29 [PRESSURE DATA]
TOTAL FM JAN 1 62 HIGHEST SLP M ON M
DPTR FM NORMAL -34 LOWEST SLP M ON M
[REMARKS]
#FINAL-05-20#