000
CXUS51 KAKQ 010810
CF6ECG
PRELIMINARY LOCAL CLIMATOLOGICAL DATA (WS FORM: F-6)
STATION: ELIZABETH CITY NC
MONTH: FEBRUARY
YEAR: 2024
LATITUDE: 36 16 N
LONGITUDE: 76 11 W
TEMPERATURE IN F: :PCPN: SNOW: WIND :SUNSHINE: SKY :PK WND
================================================================================
1 2 3 4 5 6A 6B 7 8 9 10 11 12 13 14 15 16 17 18
12Z AVG MX 2MIN
DY MAX MIN AVG DEP HDD CDD WTR SNW DPTH SPD SPD DIR MIN PSBL S-S WX SPD DR
================================================================================
1 55 31 43 0 22 0 0.00 0.0 0 6.7 16 20 M M 1 21 10
2 61 41 51 8 14 0 0.00 0.0 0 9.5 23 20 M M 4 29 20
3 50 29 40 -4 25 0 0.00 0.0 0 8.6 16 10 M M 1 25 360
4 53 26 40 -4 25 0 0.00 0.0 0 5.4 17 50 M M 0 1 20 50
5 53 29 41 -3 24 0 0.00 0.0 0 9.6 18 50 M M 0 1 23 40
6 48 39 44 0 21 0 T 0.0 0 19.3 30 20 M M 3 40 10
7 48 33 41 -3 24 0 0.00 0.0 0 13.4 28 40 M M 8 36 30
8 53 26 40 -4 25 0 0.00 0.0 0 3.7 9 120 M M 0 1 13 100
9 54 38 46 2 19 0 T 0.0 0 7.9 15 220 M M 0 1 21 220
10 74 50 62 18 3 0 T 0.0 0 10.0 17 250 M M 1 24 240
11 63 51 57 13 8 0 0.11 0.0 0 5.5 13 230 M M 10 1 18 240
12 51 48 50 5 15 0 0.18 0.0 0 6.6 15 130 M M 10 1 19 130
13 61 35 48 3 17 0 0.10 0.0 0 13.6 43 280 M M 5 12 58 290
14 59 30 45 0 20 0 0.00 0.0 0 8.9 23 330 M M 0 31 320
15 54 35 45 0 20 0 0.00 0.0 0 9.1 21 220 M M 0 31 220
16 53 44 49 4 16 0 0.00 0.0 0 10.4 17 230 M M 0 23 230
17 52 37 45 0 20 0 0.00 0.0 0 12.4 30 350 M M 3 38 350
18 47 28 38 -7 27 0 0.00 0.0 0 7.7 17 220 M M 0 21 210
19 50 31 41 -5 24 0 0.00 0.0 0 9.8 22 40 M M 0 29 30
20 51 33 42 -4 23 0 0.00 0.0 0 13.1 23 30 M M 0 29 30
21 53 30 42 -4 23 0 0.00 0.0 0 11.3 20 30 M M 0 29 30
22 60 25 43 -3 22 0 0.00 0.0 0 7.5 21 230 M M 0 12 30 210
23 57 43 50 4 15 0 0.52 0.0 0 9.7 18 220 M M 8 1 24 310
24 59 36 48 2 17 0 0.24 0.0 0 5.7 14 20 M M 5 123 18 330
25 48 34 41 -5 24 0 T 0.0 0 9.4 20 30 M M 4 1 25 20
26 66 34 50 3 15 0 0.00 0.0 0 10.2 21 210 M M 2 29 210
27 71 50 61 14 4 0 0.06 0.0 0 12.6 18 210 M M 4 32 230
28 73 54 64 17 1 0 0.14 0.0 0 18.9 29 300 M M 4 1 41 300
29 54 36 45 -2 20 0 T 0.0 0 8.1 24 320 M M 1 35 330
================================================================================
SM 1631 1056 533 0 1.35 0.0 284.6 M 74
================================================================================
AV 56.2 36.4 9.8 FASTST M M 3 MAX(MPH)
MISC ----> 43 280 58 290
================================================================================
NOTES:
# LAST OF SEVERAL OCCURRENCES
COLUMN 17 PEAK WIND IN M.P.H.
PRELIMINARY LOCAL CLIMATOLOGICAL DATA (WS FORM: F-6) , PAGE 2
STATION: ELIZABETH CITY NC
MONTH: FEBRUARY
YEAR: 2024
LATITUDE: 36 16 N
LONGITUDE: 76 11 W
[TEMPERATURE DATA] [PRECIPITATION DATA] SYMBOLS USED IN COLUMN 16
AVERAGE MONTHLY: 46.3 TOTAL FOR MONTH: 1.35 1 = FOG OR MIST
DPTR FM NORMAL: 1.3 DPTR FM NORMAL: -1.52 2 = FOG REDUCING VISIBILITY
HIGHEST: 74 ON 10 GRTST 24HR 0.52 ON 23-23 TO 1/4 MILE OR LESS
LOWEST: 25 ON 22 3 = THUNDER
SNOW, ICE PELLETS, HAIL 4 = ICE PELLETS
TOTAL MONTH: 0.0 INCH 5 = HAIL
GRTST 24HR 0.0 6 = FREEZING RAIN OR DRIZZLE
GRTST DEPTH: 0 7 = DUSTSTORM OR SANDSTORM:
VSBY 1/2 MILE OR LESS
8 = SMOKE OR HAZE
[NO. OF DAYS WITH] [WEATHER - DAYS WITH] 9 = BLOWING SNOW
X = TORNADO
MAX 32 OR BELOW: 0 0.01 INCH OR MORE: 7
MAX 90 OR ABOVE: 0 0.10 INCH OR MORE: 6
MIN 32 OR BELOW: 10 0.50 INCH OR MORE: 1
MIN 0 OR BELOW: 0 1.00 INCH OR MORE: 0
[HDD (BASE 65) ]
TOTAL THIS MO. 533 CLEAR (SCALE 0-3) 18
DPTR FM NORMAL -29 PTCLDY (SCALE 4-7) 8
TOTAL FM JUL 1 2192 CLOUDY (SCALE 8-10) 3
DPTR FM NORMAL -203
[CDD (BASE 65) ]
TOTAL THIS MO. 0
DPTR FM NORMAL -2 [PRESSURE DATA]
TOTAL FM JAN 1 6 HIGHEST SLP 30.51 ON 29
DPTR FM NORMAL 3 LOWEST SLP 29.28 ON 13
[REMARKS]
#FINAL-02-24#