000
CXUS52 KTAE 010900
CF6ECP
PRELIMINARY LOCAL CLIMATOLOGICAL DATA (WS FORM: F-6)
STATION: PANAMA CITY NW
MONTH: NOVEMBER
YEAR: 2020
LATITUDE: 30 21 N
LONGITUDE: 85 48 W
TEMPERATURE IN F: :PCPN: SNOW: WIND :SUNSHINE: SKY :PK WND
================================================================================
1 2 3 4 5 6A 6B 7 8 9 10 11 12 13 14 15 16 17 18
12Z AVG MX 2MIN
DY MAX MIN AVG DEP HDD CDD WTR SNW DPTH SPD SPD DIR MIN PSBL S-S WX SPD DR
================================================================================
1 78 60 69 M 0 4 0.00 0.0 M 7.4 21 320 M M 4 27 300
2 66 45 56 M 9 0 0.00 0.0 M 9.3 18 360 M M 0 26 360
3 72 39 56 M 9 0 0.00 0.0 M 3.6 12 10 M M 0 14 20
4 76 43 60 M 5 0 0.00 0.0 M 4.9 13 20 M M 0 8 17 20
5 79 56 68 M 0 3 0.00 0.0 M 7.1 15 30 M M 1 19 30
6 80 62 71 M 0 6 0.00 0.0 M 7.9 16 20 M M 2 21 20
7 80 65 73 M 0 8 0.00 0.0 M 8.3 15 30 M M 4 20 60
8 85 69 77 M 0 12 0.00 0.0 M 10.3 21 40 M M 4 26 40
9 84 71 78 M 0 13 0.00 0.0 M 13.5 23 40 M M 7 30 30
10 85 75 80 M 0 15 0.09 0.0 0 8.4 17 50 M M 8 1 24 50
11 85 73 79 M 0 14 0.25 0.0 0 5.4 13 90 M M 6 18 16 90
12 83 62 73 M 0 8 0.00 0.0 0 10.1 18 300 M M 4 1 23 310
13 80 55 68 M 0 3 0.00 0.0 M 5.6 15 340 M M 2 19 330
14 81 54 68 M 0 3 0.00 0.0 M 3.7 12 90 M M 0 20 110
15 83 57 70 M 0 5 0.00 0.0 M 5.7 16 230 M M 3 1 20 340
16 72 45 59 M 6 0 0.00 0.0 M 9.3 16 10 M M 1 22 10
17 74 42 58 M 7 0 0.00 0.0 M 7.5 16 340 M M 0 23 320
18 69 41 55 M 10 0 0.00 0.0 M 9.0 20 20 M M 0 26 10
19 73 47 60 M 5 0 0.00 0.0 M 7.8 15 90 M M 0 20 80
20 78 54 66 M 0 1 0.00 0.0 0 6.0 13 30 M M 6 16 50
21 79 54 67 M 0 2 0.00 0.0 M 6.0 13 20 M M 4 17 10
22 80 60 70 M 0 5 0.00 0.0 M 4.6 12 80 M M 6 15 90
23 70 44 57 M 8 0 0.00 0.0 M 7.1 18 360 M M 1 22 340
24 75 39 57 M 8 0 0.00 0.0 0 4.5 13 150 M M 0 19 140
25 78 55 67 M 0 2 0.00 0.0 0 8.7 22 130 M M 4 1 31 140
26 81 64 73 M 0 8 0.00 0.0 0 4.7 15 190 M M 5 12 19 170
27 81 64 73 M 0 8 0.16 0.0 M 2.7 12 160 M M 8 12 15 170
28 74 64 69 M 0 4 0.69 0.0 M 4.5 14 340 M M 7 1 31 340
29 73 63 68 M 0 3 1.08 0.0 0 8.3 32 190 M M 8 13 42 190
30 73 39 56 M 9 0 0.03 0.0 0 14.2 29 250 M M 6 1 37 240
================================================================================
SM 2327 1661 76 127 2.30 0.0 216.1 M 101
================================================================================
AV 77.6 55.4 7.2 FASTST M M 3 MAX(MPH)
MISC ----> 32 190 42 190
================================================================================
NOTES:
# LAST OF SEVERAL OCCURRENCES
COLUMN 17 PEAK WIND IN M.P.H.
PRELIMINARY LOCAL CLIMATOLOGICAL DATA (WS FORM: F-6) , PAGE 2
STATION: PANAMA CITY NW
MONTH: NOVEMBER
YEAR: 2020
LATITUDE: 30 21 N
LONGITUDE: 85 48 W
[TEMPERATURE DATA] [PRECIPITATION DATA] SYMBOLS USED IN COLUMN 16
AVERAGE MONTHLY: 66.5 TOTAL FOR MONTH: 2.30 1 = FOG OR MIST
DPTR FM NORMAL: 0.0 DPTR FM NORMAL: M 2 = FOG REDUCING VISIBILITY
HIGHEST: 85 ON 11,10 GRTST 24HR 1.10 ON 29-30 TO 1/4 MILE OR LESS
LOWEST: 39 ON 30,24 3 = THUNDER
SNOW, ICE PELLETS, HAIL 4 = ICE PELLETS
TOTAL MONTH: 0.0 INCH 5 = HAIL
GRTST 24HR 0.0 6 = FREEZING RAIN OR DRIZZLE
GRTST DEPTH: 0 7 = DUSTSTORM OR SANDSTORM:
VSBY 1/2 MILE OR LESS
8 = SMOKE OR HAZE
[NO. OF DAYS WITH] [WEATHER - DAYS WITH] 9 = BLOWING SNOW
X = TORNADO
MAX 32 OR BELOW: 0 0.01 INCH OR MORE: 6
MAX 90 OR ABOVE: 0 0.10 INCH OR MORE: 4
MIN 32 OR BELOW: 0 0.50 INCH OR MORE: 2
MIN 0 OR BELOW: 0 1.00 INCH OR MORE: 1
[HDD (BASE 65) ]
TOTAL THIS MO. 76 CLEAR (SCALE 0-3) 13
DPTR FM NORMAL M PTCLDY (SCALE 4-7) 17
TOTAL FM JUL 1 82 CLOUDY (SCALE 8-10) 0
DPTR FM NORMAL M
[CDD (BASE 65) ]
TOTAL THIS MO. 127
DPTR FM NORMAL M [PRESSURE DATA]
TOTAL FM JAN 1 3048 HIGHEST SLP 30.51 ON 19
DPTR FM NORMAL M LOWEST SLP 29.74 ON 29
[REMARKS]
#FINAL-11-20#