000
CXUS54 KEWX 011110
CF6ECU
PRELIMINARY LOCAL CLIMATOLOGICAL DATA (WS FORM: F-6)
STATION: EDWARDS COUNTY AIRPORT
MONTH: JANUARY
YEAR: 2022
LATITUDE: 29 57 N
LONGITUDE: 100 10 W
TEMPERATURE IN F: :PCPN: SNOW: WIND :SUNSHINE: SKY :PK WND
================================================================================
1 2 3 4 5 6A 6B 7 8 9 10 11 12 13 14 15 16 17 18
12Z AVG MX 2MIN
DY MAX MIN AVG DEP HDD CDD WTR SNW DPTH SPD SPD DIR MIN PSBL S-S WX SPD DR
================================================================================
1 81 36 59 M 6 0 0.00 M M 8.3 18 280 M M 3 30 10
2 45 19 32 M 33 0 0.00 M M 13.8 24 340 M M 1 33 350
3 55 28 42 M 23 0 0.00 M M 7.2 13 160 M M 2 17 180
4 64 36 50 M 15 0 0.00 M M 10.4 16 170 M M 2 24 150
5 72 43 58 M 7 0 0.00 M M 7.0 12 320 M M 0 16 280
6 64 30 47 M 18 0 0.00 M M 8.3 13 30 M M 0 20 30
7 52 23 38 M 27 0 0.00 M M 9.7 14 160 M M 9 12 21 150
8 52 46 49 M 16 0 0.00 M M 11.1 16 150 M M 10 12 20 150
9 M M M M M M 0.00 M M M M M M M M M M
10 M M M M M M 0.00 M M M M M M M M M M
11 M M M M M M 0.00 M M M M M M M M M M
12 M M M M M M 0.00 M M M M M M M M M M
13 73 52 63 M 2 0 0.00 M M 3.9 8 260 M M 0 12 320
14 75 46 61 M 4 0 0.00 M M 8.5 16 180 M M 1 25 230
15 57 37 47 M 18 0 0.00 M M 21.3 32 320 M M 4 8 40 360
16 64 27 46 M 19 0 0.00 M M 7.9 14 290 M M 0 21 260
17 68 43 56 M 9 0 0.00 M M 8.9 17 160 M M 0 20 180
18 73 46 60 M 5 0 0.00 M M 10.2 14 160 M M 0 18 160
19 75 36 56 M 9 0 0.00 M M 12.0 24 360 M M 2 32 20
20 36 25 31 M 34 0 0.00 M M 15.4 22 360 M M 8 33 20
21 50 25 38 M 27 0 0.00 M M 5.8 10 20 M M 6 17 350
22 46 28 37 M 28 0 0.00 M M 4.6 10 110 M M 10 12 99
23 50 41 46 M 19 0 0.00 M M 3.4 10 170 M M 10 16 130
24 63 43 53 M 12 0 0.01 M M 4.8 15 290 M M 6 22 290
25 68 39 54 M 11 0 0.00 M M 6.0 13 80 M M 2 18 150
26 50 43 47 M 18 0 0.00 M M 5.1 13 90 M M 10 12 22 90
27 54 43 49 M 16 0 0.00 M M 3.2 9 190 M M 9 1 15 99
28 55 32 44 M 21 0 0.00 M M 10.1 17 10 M M 3 27 10
29 61 37 49 M 16 0 0.00 M M 5.8 12 210 M M 0 18 260
30 64 37 51 M 14 0 0.00 M M 9.8 16 150 M M 0 23 150
31 63 46 55 M 10 0 0.10 M M 6.5 17 150 M M 6 1 23 150
================================================================================
SM 1630 987 437 0 0.11 M 229.0 M 104
================================================================================
AV 60.4 36.6 8.5 FASTST M M 4 MAX(MPH)
MISC ----> 32 320 40 360
================================================================================
NOTES:
# LAST OF SEVERAL OCCURRENCES
COLUMN 17 PEAK WIND IN M.P.H.
PRELIMINARY LOCAL CLIMATOLOGICAL DATA (WS FORM: F-6) , PAGE 2
STATION: EDWARDS COUNTY AIRPORT
MONTH: JANUARY
YEAR: 2022
LATITUDE: 29 57 N
LONGITUDE: 100 10 W
[TEMPERATURE DATA] [PRECIPITATION DATA] SYMBOLS USED IN COLUMN 16
AVERAGE MONTHLY: 48.5 TOTAL FOR MONTH: 0.11 1 = FOG OR MIST
DPTR FM NORMAL: 0.0 DPTR FM NORMAL: M 2 = FOG REDUCING VISIBILITY
HIGHEST: 81 ON 1 GRTST 24HR 0.12 ON 8- 8 TO 1/4 MILE OR LESS
LOWEST: 19 ON 2 3 = THUNDER
SNOW, ICE PELLETS, HAIL 4 = ICE PELLETS
TOTAL MONTH: M 5 = HAIL
GRTST 24HR M ON M 6 = FREEZING RAIN OR DRIZZLE
GRTST DEPTH: M ON M 7 = DUSTSTORM OR SANDSTORM:
VSBY 1/2 MILE OR LESS
8 = SMOKE OR HAZE
[NO. OF DAYS WITH] [WEATHER - DAYS WITH] 9 = BLOWING SNOW
X = TORNADO
MAX 32 OR BELOW: 0 0.01 INCH OR MORE: 2
MAX 90 OR ABOVE: 0 0.10 INCH OR MORE: 0
MIN 32 OR BELOW: 9 0.50 INCH OR MORE: 0
MIN 0 OR BELOW: 0 1.00 INCH OR MORE: 0
[HDD (BASE 65) ]
TOTAL THIS MO. 437 CLEAR (SCALE 0-3) 16
DPTR FM NORMAL M PTCLDY (SCALE 4-7) 4
TOTAL FM JUL 1 775 CLOUDY (SCALE 8-10) 11
DPTR FM NORMAL M
[CDD (BASE 65) ]
TOTAL THIS MO. 0
DPTR FM NORMAL M [PRESSURE DATA]
TOTAL FM JAN 1 0 HIGHEST SLP M ON M
DPTR FM NORMAL M LOWEST SLP M ON M
[REMARKS]
#FINAL-01-22#