000
CXUS54 KEWX 011010
CF6ECU
PRELIMINARY LOCAL CLIMATOLOGICAL DATA (WS FORM: F-6)
STATION: Edwards County Airport
MONTH: APRIL
YEAR: 2020
LATITUDE: 29 57 N
LONGITUDE: 100 10 W
TEMPERATURE IN F: :PCPN: SNOW: WIND :SUNSHINE: SKY :PK WND
================================================================================
1 2 3 4 5 6A 6B 7 8 9 10 11 12 13 14 15 16 17 18
12Z AVG MX 2MIN
DY MAX MIN AVG DEP HDD CDD WTR SNW DPTH SPD SPD DIR MIN PSBL S-S WX SPD DR
================================================================================
1 75 52 64 M 1 0 0.00 M M 13.0 20 150 M M 0 28 160
2 66 59 63 M 2 0 0.01 M M 12.1 22 160 M M 9 12 27 170
3 73 45 59 M 6 0 0.28 M M 11.2 17 340 M M 10 123 22 20
4 52 43 48 M 17 0 0.39 M M 8.4 13 50 M M 10 123 20 50
5 64 52 58 M 7 0 0.00 M M 7.6 13 140 M M 9 12 21 130
6 66 59 63 M 2 0 0.00 M M 10.3 15 150 M M 10 12 21 150
7 82 66 74 M 0 9 0.00 M M 7.4 12 170 M M 4 1 16 170
8 88 70 79 M 0 14 0.00 M M 7.0 12 230 M M 3 1 15 230
9 84 63 74 M 0 9 0.00 M M 7.3 14 310 M M 2 1 18 320
10 72 59 66 M 0 1 0.00 M M 8.5 14 130 M M 4 21 130
11 73 63 68 M 0 3 0.00 M M 14.2 18 150 M M 8 1 25 150
12 77 57 67 M 0 2 0.00 M M 15.7 27 290 M M 2 1 36 260
13 66 37 52 M 13 0 0.00 M M 10.2 18 40 M M 0 27 20
14 59 39 49 M 16 0 0.00 M M 9.1 13 40 M M 6 21 50
15 66 39 53 M 12 0 0.00 M M 7.8 13 150 M M 0 17 150
16 70 48 59 M 6 0 0.00 M M 15.2 21 160 M M 3 28 160
17 70 52 61 M 4 0 0.00 M M 9.9 15 30 M M 10 12 23 160
18 73 48 61 M 4 0 0.00 M M 8.6 16 150 M M 10 12 15 50
19 86 63 75 M 0 10 0.02 M M 13.1 23 300 M M 4 12 36 280
20 88 57 73 M 0 8 0.00 M M 6.6 12 220 M M 0 18 220
21 73 63 68 M 0 3 0.00 M M 10.9 18 150 M M 9 128 28 150
22 84 68 76 M 0 11 0.03 M M 10.4 21 150 M M 5 12 25 170
23 86 57 72 M 0 7 0.00 M M 6.7 12 150 M M 0 16 40
24 93 64 79 M 0 14 0.00 M M 11.5 20 150 M M 0 25 180
25 79 57 68 M 0 3 0.00 M M 9.3 15 30 M M 1 22 40
26 81 54 68 M 0 3 0.00 M M 11.1 21 150 M M 1 23 140
27 84 61 73 M 0 8 0.02 M M 15.9 23 160 M M 4 8 33 150
28 90 64 77 M 0 12 0.00 M M 10.2 15 160 M M 2 8 20 180
29 81 63 72 M 0 7 0.00 M M 9.8 22 50 M M 0 38 50
30 86 59 73 M 0 8 0.00 M M 8.6 14 150 M M 0 21 150
================================================================================
SM 2287 1681 90 132 0.75 M 307.6 M 126
================================================================================
AV 76.2 56.0 10.3 FASTST M M 4 MAX(MPH)
MISC ----> # 27 290 # 38 50
================================================================================
NOTES:
# LAST OF SEVERAL OCCURRENCES
COLUMN 17 PEAK WIND IN M.P.H.
PRELIMINARY LOCAL CLIMATOLOGICAL DATA (WS FORM: F-6) , PAGE 2
STATION: Edwards County Airport
MONTH: APRIL
YEAR: 2020
LATITUDE: 29 57 N
LONGITUDE: 100 10 W
[TEMPERATURE DATA] [PRECIPITATION DATA] SYMBOLS USED IN COLUMN 16
AVERAGE MONTHLY: 66.1 TOTAL FOR MONTH: 0.75 1 = FOG OR MIST
DPTR FM NORMAL: M DPTR FM NORMAL: M 2 = FOG REDUCING VISIBILITY
HIGHEST: 93 ON 24 GRTST 24HR 0.39 ON 4- 4 TO 1/4 MILE OR LESS
LOWEST: 37 ON 13 3 = THUNDER
SNOW, ICE PELLETS, HAIL 4 = ICE PELLETS
TOTAL MONTH: M 5 = HAIL
GRTST 24HR M ON M 6 = FREEZING RAIN OR DRIZZLE
GRTST DEPTH: M ON M 7 = DUSTSTORM OR SANDSTORM:
VSBY 1/2 MILE OR LESS
8 = SMOKE OR HAZE
[NO. OF DAYS WITH] [WEATHER - DAYS WITH] 9 = BLOWING SNOW
X = TORNADO
MAX 32 OR BELOW: 0 0.01 INCH OR MORE: 6
MAX 90 OR ABOVE: 2 0.10 INCH OR MORE: 2
MIN 32 OR BELOW: 0 0.50 INCH OR MORE: 0
MIN 0 OR BELOW: 0 1.00 INCH OR MORE: 0
[HDD (BASE 65) ]
TOTAL THIS MO. 90 CLEAR (SCALE 0-3) 14
DPTR FM NORMAL M PTCLDY (SCALE 4-7) 7
TOTAL FM JUL 1 1713 CLOUDY (SCALE 8-10) 9
DPTR FM NORMAL M
[CDD (BASE 65) ]
TOTAL THIS MO. 132
DPTR FM NORMAL M [PRESSURE DATA]
TOTAL FM JAN 1 200 HIGHEST SLP M ON M
DPTR FM NORMAL M LOWEST SLP M ON M
[REMARKS]
#FINAL-04-20#