000
CXUS55 KGJT 011644
CF6EEO
PRELIMINARY LOCAL CLIMATOLOGICAL DATA (WS FORM: F-6)
STATION: MEEKER CO
MONTH: JUNE
YEAR: 2020
LATITUDE: 40 2 N
LONGITUDE: 107 53 W
TEMPERATURE IN F: :PCPN: SNOW: WIND :SUNSHINE: SKY :PK WND
================================================================================
1 2 3 4 5 6A 6B 7 8 9 10 11 12 13 14 15 16 17 18
12Z AVG MX 2MIN
DY MAX MIN AVG DEP HDD CDD WTR SNW DPTH SPD SPD DIR MIN PSBL S-S WX SPD DR
================================================================================
1 87 46 67 10 0 2 0.00 M M 7.2 23 230 M M 0 30 230
2 86 41 64 7 1 0 0.00 M M 4.3 18 350 M M 0 29 330
3 87 42 65 7 0 0 0.00 M M 6.4 25 250 M M 1 8 36 250
4 85 43 64 6 1 0 T M M 7.8 28 210 M M 0 3 37 270
5 91 45 68 10 0 3 0.03 M M 6.3 53 190 M M 0 38 70 200
6 71 45 58 0 7 0 0.57 M M 8.7 43 220 M M 6 13 69 230
7 74 45 60 1 5 0 T M M 12.8 39 210 M M 4 55 190
8 61 36 49 -10 16 0 0.19 M M 8.1 24 360 M M 8 1 32 360
9 60 37 49 -10 16 0 0.01 M M 5.9 20 240 M M 6 26 240
10 71 34 53 -6 12 0 0.00 M M 4.9 16 270 M M 0 23 280
11 79 35 57 -3 8 0 0.00 M M 4.4 15 270 M M 1 22 260
12 88 38 63 3 2 0 0.00 M M 6.0 18 190 M M 0 26 200
13 84 52 68 8 0 3 T M M 11.6 37 210 M M 2 51 230
14 80 48 64 4 1 0 0.00 M M 12.2 29 240 M M 0 39 240
15 84 38 61 0 4 0 0.00 M M 7.5 23 180 M M 0 34 180
16 83 42 63 2 2 0 0.00 M M 13.4 36 190 M M 0 58 210
17 75 45 60 -1 5 0 0.00 M M 9.1 24 200 M M 0 32 200
18 74 41 58 -4 7 0 0.00 M M 7.0 18 20 M M 0 31 50
19 76 45 61 -1 4 0 0.00 M M 5.3 18 240 M M 1 28 300
20 79 34 57 -5 8 0 0.00 M M 6.2 23 310 M M 0 32 230
21 84 43 64 2 1 0 0.00 M M 7.4 33 250 M M 1 47 250
22 84 43 64 2 1 0 0.00 M M 4.2 17 320 M M 1 23 290
23 86 42 64 1 1 0 0.00 M M 4.3 18 50 M M 1 24 60
24 91 45 68 5 0 3 0.00 M M 6.8 23 250 M M 0 33 240
25 87 49 68 5 0 3 0.14 M M 7.9 36 200 M M 2 3 53 210
26 82 47 65 1 0 0 0.01 M M 5.2 17 260 M M 1 3 27 260
27 86 42 64 0 1 0 0.00 M M 7.1 24 250 M M 0 35 250
28 85 52 69 5 0 4 0.00 M M 10.7 30 190 M M 2 45 180
29 80 46 63 -1 2 0 0.03 M M 12.3 29 210 M M M 41 220
30 69 40 55 -9 10 0 0.14 M M 10.5 26 240 M M 4 1 35 190
================================================================================
SM 2409 1281 115 18 1.12 M 231.5 M 41
================================================================================
AV 80.3 42.7 7.7 FASTST M M 1 MAX(MPH)
MISC ----> # 53 190 # 70 200
================================================================================
NOTES:
# LAST OF SEVERAL OCCURRENCES
COLUMN 17 PEAK WIND IN M.P.H.
PRELIMINARY LOCAL CLIMATOLOGICAL DATA (WS FORM: F-6) , PAGE 2
STATION: MEEKER CO
MONTH: JUNE
YEAR: 2020
LATITUDE: 40 2 N
LONGITUDE: 107 53 W
[TEMPERATURE DATA] [PRECIPITATION DATA] SYMBOLS USED IN COLUMN 16
AVERAGE MONTHLY: 61.5 TOTAL FOR MONTH: 1.12 1 = FOG OR MIST
DPTR FM NORMAL: 0.7 DPTR FM NORMAL: -0.12 2 = FOG REDUCING VISIBILITY
HIGHEST: 91 ON 24, 5 GRTST 24HR 0.57 ON 6- 6 TO 1/4 MILE OR LESS
LOWEST: 34 ON 20,10 3 = THUNDER
SNOW, ICE PELLETS, HAIL 4 = ICE PELLETS
TOTAL MONTH: M 5 = HAIL
GRTST 24HR M ON M 6 = FREEZING RAIN OR DRIZZLE
GRTST DEPTH: M ON M 7 = DUSTSTORM OR SANDSTORM:
VSBY 1/2 MILE OR LESS
8 = SMOKE OR HAZE
[NO. OF DAYS WITH] [WEATHER - DAYS WITH] 9 = BLOWING SNOW
X = TORNADO
MAX 32 OR BELOW: 0 0.01 INCH OR MORE: 8
MAX 90 OR ABOVE: 2 0.10 INCH OR MORE: 4
MIN 32 OR BELOW: 0 0.50 INCH OR MORE: 1
MIN 0 OR BELOW: 0 1.00 INCH OR MORE: 0
[HDD (BASE 65) ]
TOTAL THIS MO. 115 CLEAR (SCALE 0-3) 24
DPTR FM NORMAL -29 PTCLDY (SCALE 4-7) 5
TOTAL FM JUL 1 8097 CLOUDY (SCALE 8-10) 0
DPTR FM NORMAL 120
[CDD (BASE 65) ]
TOTAL THIS MO. 18
DPTR FM NORMAL 1 [PRESSURE DATA]
TOTAL FM JAN 1 20 HIGHEST SLP 30.28 ON 11
DPTR FM NORMAL 2 LOWEST SLP 29.28 ON 28
[REMARKS]
#FINAL-06-20#