000
CXUS51 KRLX 021952
CF6EKN
PRELIMINARY LOCAL CLIMATOLOGICAL DATA (WS FORM: F-6)
STATION: ELKINS WV
MONTH: APRIL
YEAR: 2023
LATITUDE: 38 52 N
LONGITUDE: 79 51 W
TEMPERATURE IN F: :PCPN: SNOW: WIND :SUNSHINE: SKY :PK WND
================================================================================
1 2 3 4 5 6A 6B 7 8 9 10 11 12 13 14 15 16 17 18
12Z AVG MX 2MIN
DY MAX MIN AVG DEP HDD CDD WTR SNW DPTH SPD SPD DIR MIN PSBL S-S WX SPD DR
================================================================================
1 72 39 56 10 9 0 0.69 0.0 0 15.0 36 230 M M 8 13 54 250
2 43 28 36 -11 29 0 0.09 T 0 5.0 18 290 M M 8 1 30 270
3 75 26 51 4 14 0 0.00 0.0 0 4.8 17 230 M M 1 12 23 240
4 81 39 60 13 5 0 0.00 0.0 0 2.3 16 240 M M 2 23 240
5 86 46 66 18 0 1 0.02 0.0 0 5.2 31 320 M M 4 13 44 310
6 68 47 58 10 7 0 T 0.0 0 4.3 18 330 M M 8 12 25 320
7 49 35 42 -6 23 0 0.01 0.0 0 3.6 9 360 M M 5 12 10
8 54 29 42 -7 23 0 0.00 0.0 0 2.3 10 140 M M 0 14 130
9 63 23 43 -6 22 0 0.00 0.0 0 3.1 16 350 M M 0 21 350
10 68 25 47 -3 18 0 0.00 0.0 0 1.8 12 310 M M 0 17 320
11 71 28 50 0 15 0 0.00 0.0 0 3.5 18 300 M M 0 23 290
12 76 37 57 7 8 0 0.00 0.0 0 4.3 18 290 M M 0 25 280
13 84 35 60 9 5 0 0.00 0.0 0 2.2 10 300 M M 0 17 340
14 76 39 58 7 7 0 T 0.0 0 3.1 18 180 M M 4 3 28 180
15 71 48 60 9 5 0 0.00 0.0 0 2.5 15 250 M M 7 19 250
16 79 46 63 11 2 0 0.23 0.0 0 6.9 36 290 M M 5 13 49 310
17 50 37 44 -8 21 0 0.00 0.0 0 8.3 25 250 M M 9 38 220
18 63 38 51 -1 14 0 0.00 0.0 0 11.4 26 250 M M 1 36 240
19 75 29 52 -1 13 0 0.00 0.0 0 2.4 17 310 M M 0 23 270
20 85 38 62 9 3 0 0.00 0.0 0 3.7 18 210 M M 0 26 220
21 82 41 62 9 3 0 0.00 0.0 0 3.7 16 170 M M 2 24 190
22 65 39 52 -2 13 0 0.24 0.0 0 5.8 32 250 M M 6 1 42 250
23 47 29 38 -16 27 0 T 0.0 0 4.5 15 300 M M 8 19 300
24 53 25 39 -15 26 0 0.00 0.0 0 5.1 18 300 M M 3 25 300
25 59 24 42 -13 23 0 0.00 0.0 0 1.6 10 320 M M 3 1 12 320
26 65 31 48 -7 17 0 0.00 0.0 0 3.0 16 300 M M 5 21 270
27 72 32 52 -3 13 0 T 0.0 0 5.3 18 150 M M 1 1 27 120
28 66 50 58 2 7 0 0.47 0.0 0 5.4 18 140 M M 9 1 26 140
29 68 48 58 2 7 0 T 0.0 0 4.3 13 240 M M 8 1 17 250
30 61 42 52 -4 13 0 0.16 0.0 0 5.0 21 260 M M 9 1 34 260
================================================================================
SM 2027 1073 392 1 1.91 T 139.4 M 116
================================================================================
AV 67.6 35.8 4.6 FASTST M M 4 MAX(MPH)
MISC ----> # 36 230 54 250
================================================================================
NOTES:
# LAST OF SEVERAL OCCURRENCES
COLUMN 17 PEAK WIND IN M.P.H.
PRELIMINARY LOCAL CLIMATOLOGICAL DATA (WS FORM: F-6) , PAGE 2
STATION: ELKINS WV
MONTH: APRIL
YEAR: 2023
LATITUDE: 38 52 N
LONGITUDE: 79 51 W
[TEMPERATURE DATA] [PRECIPITATION DATA] SYMBOLS USED IN COLUMN 16
AVERAGE MONTHLY: 51.7 TOTAL FOR MONTH: 1.91 1 = FOG OR MIST
DPTR FM NORMAL: 0.2 DPTR FM NORMAL: -2.19 2 = FOG REDUCING VISIBILITY
HIGHEST: 86 ON 5 GRTST 24HR 1.29 ON 31- 1 TO 1/4 MILE OR LESS
LOWEST: 23 ON 9 3 = THUNDER
SNOW, ICE PELLETS, HAIL 4 = ICE PELLETS
TOTAL MONTH: T 5 = HAIL
GRTST 24HR T ON 2- 2 6 = FREEZING RAIN OR DRIZZLE
GRTST DEPTH: 0 7 = DUSTSTORM OR SANDSTORM:
VSBY 1/2 MILE OR LESS
8 = SMOKE OR HAZE
[NO. OF DAYS WITH] [WEATHER - DAYS WITH] 9 = BLOWING SNOW
X = TORNADO
MAX 32 OR BELOW: 0 0.01 INCH OR MORE: 8
MAX 90 OR ABOVE: 0 0.10 INCH OR MORE: 5
MIN 32 OR BELOW: 12 0.50 INCH OR MORE: 1
MIN 0 OR BELOW: 0 1.00 INCH OR MORE: 0
[HDD (BASE 65) ]
TOTAL THIS MO. 392 CLEAR (SCALE 0-3) 15
DPTR FM NORMAL -19 PTCLDY (SCALE 4-7) 11
TOTAL FM JUL 1 4753 CLOUDY (SCALE 8-10) 4
DPTR FM NORMAL -468
[CDD (BASE 65) ]
TOTAL THIS MO. 1
DPTR FM NORMAL -4 [PRESSURE DATA]
TOTAL FM JAN 1 1 HIGHEST SLP 30.52 ON 10
DPTR FM NORMAL -4 LOWEST SLP 29.36 ON 30
[REMARKS]
#FINAL-04-23#