000
CXUS51 KRLX 011129
CF6EKN
PRELIMINARY LOCAL CLIMATOLOGICAL DATA (WS FORM: F-6)
STATION: ELKINS WV
MONTH: JULY
YEAR: 2021
LATITUDE: 38 52 N
LONGITUDE: 79 51 W
TEMPERATURE IN F: :PCPN: SNOW: WIND :SUNSHINE: SKY :PK WND
================================================================================
1 2 3 4 5 6A 6B 7 8 9 10 11 12 13 14 15 16 17 18
12Z AVG MX 2MIN
DY MAX MIN AVG DEP HDD CDD WTR SNW DPTH SPD SPD DIR MIN PSBL S-S WX SPD DR
================================================================================
1 76 64 70 -1 0 5 0.53 0.0 0 2.3 10 350 M M 10 1 14 230
2 72 54 63 -8 2 0 0.13 0.0 0 5.5 22 360 M M 7 1 28 10
3 73 55 64 -7 1 0 0.00 0.0 0 4.4 16 290 M M 8 1 22 280
4 81 55 68 -3 0 3 0.00 0.0 0 3.1 13 310 M M 6 18 16 290
5 85 57 71 0 0 6 0.00 0.0 0 1.3 8 330 M M 3 128 10 290
6 87 60 74 3 0 9 0.00 0.0 0 2.1 12 310 M M 3 128 15 300
7 87 63 75 4 0 10 0.18 0.0 0 2.6 17 140 M M 4 1238 26 140
8 79 65 72 1 0 7 0.04 0.0 0 2.2 17 210 M M 6 1 24 210
9 81 62 72 1 0 7 T 0.0 0 4.3 14 300 M M 8 19 270
10 79 60 70 -2 0 5 0.07 0.0 0 1.3 9 340 M M 5 1 13 300
11 89 63 76 4 0 11 0.85 0.0 0 3.7 17 210 M M 7 1238 22 230
12 87 66 77 5 0 12 0.12 0.0 0 2.3 13 260 M M 7 123 17 240
13 86 64 75 3 0 10 0.02 0.0 0 3.2 14 260 M M 5 123 20 260
14 82 63 73 1 0 8 0.02 0.0 0 2.6 12 310 M M 6 1 16 310
15 83 61 72 0 0 7 0.09 0.0 0 2.0 16 290 M M 3 128 23 290
16 87 61 74 2 0 9 0.00 0.0 0 3.0 12 330 M M 2 1 17 350
17 85 63 74 2 0 9 0.15 0.0 0 5.4 18 280 M M 6 13 27 240
18 77 62 70 -2 0 5 T 0.0 0 4.0 14 310 M M 7 1 16 320
19 82 58 70 -2 0 5 0.00 0.0 0 2.6 10 330 M M 3 128 14 330
20 83 58 71 -1 0 6 0.00 0.0 0 1.7 10 300 M M 4 128 14 300
21 81 59 70 -2 0 5 0.01 0.0 0 4.8 17 300 M M 4 18 24 310
22 78 54 66 -6 0 1 0.00 0.0 0 2.7 12 320 M M 3 128 16 280
23 81 50 66 -6 0 1 0.00 0.0 0 1.4 9 350 M M 2 128 13 310
24 88 56 72 0 0 7 0.00 0.0 0 1.1 8 260 M M 4 12 12 250
25 84 63 74 2 0 9 0.01 0.0 0 2.8 13 290 M M 4 128 16 280
26 88 63 76 5 0 11 0.02 0.0 0 2.8 15 350 M M 5 1238 20 360
27 88 61 75 4 0 10 0.00 0.0 0 2.2 13 290 M M 4 128 16 290
28 86 55 71 0 0 6 0.00 0.0 0 2.5 12 310 M M 2 128 16 310
29 85 58 72 1 0 7 1.15 0.0 0 3.3 33 320 M M 5 138 46 330
30 80 60 70 -1 0 5 T 0.0 0 5.7 15 300 M M 6 18 21 290
31 79 59 69 -2 0 4 T 0.0 0 2.6 12 300 M M 4 18 19 280
================================================================================
SM 2559 1852 3 200 3.39 0.0 91.5 M 153
================================================================================
AV 82.5 59.7 3.0 FASTST M M 5 MAX(MPH)
MISC ----> 33 320 46 330
================================================================================
NOTES:
# LAST OF SEVERAL OCCURRENCES
COLUMN 17 PEAK WIND IN M.P.H.
PRELIMINARY LOCAL CLIMATOLOGICAL DATA (WS FORM: F-6) , PAGE 2
STATION: ELKINS WV
MONTH: JULY
YEAR: 2021
LATITUDE: 38 52 N
LONGITUDE: 79 51 W
[TEMPERATURE DATA] [PRECIPITATION DATA] SYMBOLS USED IN COLUMN 16
AVERAGE MONTHLY: 71.1 TOTAL FOR MONTH: 3.39 1 = FOG OR MIST
DPTR FM NORMAL: -0.3 DPTR FM NORMAL: -2.60 2 = FOG REDUCING VISIBILITY
HIGHEST: 89 ON 11 GRTST 24HR 1.15 ON 29-29 TO 1/4 MILE OR LESS
LOWEST: 50 ON 23 3 = THUNDER
SNOW, ICE PELLETS, HAIL 4 = ICE PELLETS
TOTAL MONTH: 0.0 INCH 5 = HAIL
GRTST 24HR 0.0 6 = FREEZING RAIN OR DRIZZLE
GRTST DEPTH: 0 7 = DUSTSTORM OR SANDSTORM:
VSBY 1/2 MILE OR LESS
8 = SMOKE OR HAZE
[NO. OF DAYS WITH] [WEATHER - DAYS WITH] 9 = BLOWING SNOW
X = TORNADO
MAX 32 OR BELOW: 0 0.01 INCH OR MORE: 15
MAX 90 OR ABOVE: 0 0.10 INCH OR MORE: 7
MIN 32 OR BELOW: 0 0.50 INCH OR MORE: 3
MIN 0 OR BELOW: 0 1.00 INCH OR MORE: 1
[HDD (BASE 65) ]
TOTAL THIS MO. 3 CLEAR (SCALE 0-3) 5
DPTR FM NORMAL -3 PTCLDY (SCALE 4-7) 25
TOTAL FM JUL 1 3 CLOUDY (SCALE 8-10) 1
DPTR FM NORMAL 3
[CDD (BASE 65) ]
TOTAL THIS MO. 200
DPTR FM NORMAL -5 [PRESSURE DATA]
TOTAL FM JAN 1 382 HIGHEST SLP 30.28 ON 23
DPTR FM NORMAL 12 LOWEST SLP 29.85 ON 2
[REMARKS]
#FINAL-07-21#