000
CXUS51 KRLX 011138
CF6EKN
PRELIMINARY LOCAL CLIMATOLOGICAL DATA (WS FORM: F-6)
STATION: ELKINS WV
MONTH: JULY
YEAR: 2020
LATITUDE: 38 52 N
LONGITUDE: 79 51 W
TEMPERATURE IN F: :PCPN: SNOW: WIND :SUNSHINE: SKY :PK WND
================================================================================
1 2 3 4 5 6A 6B 7 8 9 10 11 12 13 14 15 16 17 18
12Z AVG MX 2MIN
DY MAX MIN AVG DEP HDD CDD WTR SNW DPTH SPD SPD DIR MIN PSBL S-S WX SPD DR
================================================================================
1 83 56 70 1 0 5 0.00 0.0 0 2.4 13 310 M M 3 128 18 330
2 84 56 70 1 0 5 0.00 0.0 0 2.8 14 340 M M 3 12 17 310
3 86 57 72 2 0 7 0.00 0.0 0 2.5 12 310 M M 2 12 20 310
4 88 59 74 4 0 9 0.00 0.0 0 3.0 14 290 M M 1 18 16 290
5 90 61 76 6 0 11 0.00 0.0 0 2.8 10 170 M M 2 128 15 170
6 91 60 76 6 0 11 0.00 0.0 0 1.9 18 190 M M 1 3 23 200
7 92 63 78 8 0 13 0.35 0.0 0 2.1 15 180 M M 3 123 20 210
8 89 64 77 7 0 12 0.81 0.0 0 3.1 24 220 M M 5 1238 35 230
9 91 63 77 7 0 12 0.00 0.0 0 1.9 10 130 M M 4 12 14 130
10 89 62 76 6 0 11 0.69 0.0 0 2.2 18 190 M M 4 123 24 180
11 81 61 71 1 0 6 0.13 0.0 0 6.6 21 290 M M 7 1 29 310
12 81 60 71 1 0 6 0.00 0.0 0 3.1 14 270 M M 5 20 260
13 82 62 72 2 0 7 T 0.0 0 3.1 12 280 M M 5 1 16 300
14 82 58 70 0 0 5 0.00 0.0 0 2.0 12 320 M M 4 128 16 280
15 89 53 71 1 0 6 0.00 0.0 0 1.4 9 140 M M 1 12 12 160
16 90 69 80 10 0 15 T 0.0 0 6.5 15 230 M M 3 23 230
17 86 65 76 6 0 11 0.95 0.0 0 4.2 16 150 M M 3 13 20 150
18 89 60 75 5 0 10 0.00 0.0 0 1.6 9 290 M M 3 12 13 300
19 90 67 79 9 0 14 0.38 0.0 0 4.1 14 260 M M 5 138 20 240
20 90 70 80 10 0 15 0.05 0.0 0 3.2 17 330 M M 4 13 20 330
21 90 66 78 8 0 13 T 0.0 0 2.3 13 290 M M 2 12 17 300
22 85 65 75 5 0 10 0.58 0.0 0 2.3 26 290 M M 6 123 38 280
23 82 67 75 5 0 10 0.33 0.0 0 3.4 12 250 M M 5 13 17 260
24 84 67 76 6 0 11 0.01 0.0 0 2.4 10 310 M M 6 1 13 310
25 88 64 76 6 0 11 0.00 0.0 0 2.1 9 300 M M 3 12 12 270
26 88 58 73 3 0 8 0.00 0.0 0 2.7 13 290 M M 1 12 21 250
27 88 63 76 6 0 11 0.11 0.0 0 4.9 20 320 M M 4 13 29 300
28 83 65 74 4 0 9 0.04 0.0 0 2.9 13 230 M M 6 1 16 250
29 87 62 75 5 0 10 0.00 0.0 0 1.9 10 290 M M 4 128 14 290
30 88 60 74 4 0 9 1.87 0.0 0 0.9 14 280 M M 5 123 20 290
31 76 68 72 2 0 7 1.22 0.0 0 1.7 10 340 M M 10 18 14 350
================================================================================
SM 2682 1931 0 300 7.52 0.0 88.0 M 120
================================================================================
AV 86.5 62.3 2.8 FASTST M M 4 MAX(MPH)
MISC ----> 26 290 38 280
================================================================================
NOTES:
# LAST OF SEVERAL OCCURRENCES
COLUMN 17 PEAK WIND IN M.P.H.
PRELIMINARY LOCAL CLIMATOLOGICAL DATA (WS FORM: F-6) , PAGE 2
STATION: ELKINS WV
MONTH: JULY
YEAR: 2020
LATITUDE: 38 52 N
LONGITUDE: 79 51 W
[TEMPERATURE DATA] [PRECIPITATION DATA] SYMBOLS USED IN COLUMN 16
AVERAGE MONTHLY: 74.4 TOTAL FOR MONTH: 7.52 1 = FOG OR MIST
DPTR FM NORMAL: 4.4 DPTR FM NORMAL: 2.16 2 = FOG REDUCING VISIBILITY
HIGHEST: 92 ON 7 GRTST 24HR 3.05 ON 30-31 TO 1/4 MILE OR LESS
LOWEST: 53 ON 15 3 = THUNDER
SNOW, ICE PELLETS, HAIL 4 = ICE PELLETS
TOTAL MONTH: 0.0 INCH 5 = HAIL
GRTST 24HR 0.0 6 = FREEZING RAIN OR DRIZZLE
GRTST DEPTH: 0 7 = DUSTSTORM OR SANDSTORM:
VSBY 1/2 MILE OR LESS
8 = SMOKE OR HAZE
[NO. OF DAYS WITH] [WEATHER - DAYS WITH] 9 = BLOWING SNOW
X = TORNADO
MAX 32 OR BELOW: 0 0.01 INCH OR MORE: 14
MAX 90 OR ABOVE: 8 0.10 INCH OR MORE: 11
MIN 32 OR BELOW: 0 0.50 INCH OR MORE: 6
MIN 0 OR BELOW: 0 1.00 INCH OR MORE: 2
[HDD (BASE 65) ]
TOTAL THIS MO. 0 CLEAR (SCALE 0-3) 10
DPTR FM NORMAL -12 PTCLDY (SCALE 4-7) 20
TOTAL FM JUL 1 0 CLOUDY (SCALE 8-10) 1
DPTR FM NORMAL -8
[CDD (BASE 65) ]
TOTAL THIS MO. 300
DPTR FM NORMAL 134 [PRESSURE DATA]
TOTAL FM JAN 1 474 HIGHEST SLP 30.22 ON 18
DPTR FM NORMAL 193 LOWEST SLP 29.79 ON 11
[REMARKS]
#FINAL-07-20#