000
CXUS51 KRLX 012127
CF6EKN
PRELIMINARY LOCAL CLIMATOLOGICAL DATA (WS FORM: F-6)
STATION: ELKINS WV
MONTH: NOVEMBER
YEAR: 2023
LATITUDE: 38 52 N
LONGITUDE: 79 51 W
TEMPERATURE IN F: :PCPN: SNOW: WIND :SUNSHINE: SKY :PK WND
================================================================================
1 2 3 4 5 6A 6B 7 8 9 10 11 12 13 14 15 16 17 18
12Z AVG MX 2MIN
DY MAX MIN AVG DEP HDD CDD WTR SNW DPTH SPD SPD DIR MIN PSBL S-S WX SPD DR
================================================================================
1 36 22 29 -18 36 0 0.04 0.4 1 6.2 25 280 M M 7 1 35 290
2 50 17 34 -12 31 0 0.00 0.0 0 1.0 10 170 M M 0 14 170
3 65 21 43 -3 22 0 0.00 0.0 0 1.7 13 170 M M 0 17 160
4 64 29 47 1 18 0 0.00 0.0 0 1.6 16 230 M M 1 23 220
5 63 34 49 3 16 0 0.00 0.0 0 2.7 14 330 M M 4 20 310
6 67 27 47 2 18 0 0.00 0.0 0 2.6 16 230 M M 1 1 21 240
7 70 38 54 9 11 0 T 0.0 0 8.5 18 250 M M 6 28 250
8 75 31 53 8 12 0 0.00 0.0 0 3.6 13 200 M M 0 1 19 220
9 69 43 56 12 9 0 0.12 0.0 0 8.1 21 250 M M 8 1 32 230
10 47 32 40 -4 25 0 0.35 0.0 0 2.7 15 350 M M 8 12 20 350
11 54 28 41 -3 24 0 0.00 0.0 0 1.8 12 300 M M 4 12 17 320
12 57 27 42 -1 23 0 0.00 0.0 0 1.5 12 10 M M 0 1 15 330
13 60 24 42 -1 23 0 0.00 0.0 0 4.4 18 250 M M 2 12 25 260
14 57 25 41 -2 24 0 0.00 0.0 0 1.0 9 10 M M 0 14 340
15 67 26 47 5 18 0 0.00 0.0 0 0.8 12 280 M M 0 15 280
16 71 26 49 7 16 0 0.00 0.0 0 0.5 7 350 M M 0 8 350
17 68 32 50 8 15 0 0.38 0.0 0 4.0 14 210 M M 5 1 19 220
18 55 27 41 -1 24 0 0.18 0.0 0 4.5 17 350 M M 5 1 22 320
19 53 24 39 -2 26 0 0.00 0.0 0 1.3 12 290 M M 0 1 13 300
20 55 22 39 -2 26 0 0.00 0.0 0 1.5 9 140 M M 0 1 12 170
21 51 42 47 6 18 0 1.01 0.0 0 8.5 24 150 M M 9 1 35 160
22 51 38 45 5 20 0 0.13 0.0 0 6.5 15 290 M M 10 1 19 290
23 51 28 40 0 25 0 0.01 0.0 0 4.1 15 320 M M 4 12 19 280
24 43 28 36 -4 29 0 0.00 0.0 0 2.4 10 360 M M 9 12 14 350
25 51 22 37 -3 28 0 0.00 0.0 0 1.4 7 130 M M 0 11 170
26 54 26 40 1 25 0 0.12 0.0 0 3.5 20 290 M M 3 25 250
27 44 30 37 -2 28 0 0.28 T 0 10.4 26 280 M M 10 1 35 290
28 30 16 23 -16 42 0 0.03 0.8 T 10.4 22 310 M M 10 18 32 240
29 40 10 25 -13 40 0 0.00 0.0 T 2.7 12 210 M M 2 15 250
30 55 22 39 1 26 0 0.00 0.0 0 2.3 16 240 M M 0 21 240
================================================================================
SM 1673 817 698 0 2.65 1.2 112.2 M 108
================================================================================
AV 55.8 27.2 3.7 FASTST M M 4 MAX(MPH)
MISC ----> 26 280 # 35 290
================================================================================
NOTES:
# LAST OF SEVERAL OCCURRENCES
COLUMN 17 PEAK WIND IN M.P.H.
PRELIMINARY LOCAL CLIMATOLOGICAL DATA (WS FORM: F-6) , PAGE 2
STATION: ELKINS WV
MONTH: NOVEMBER
YEAR: 2023
LATITUDE: 38 52 N
LONGITUDE: 79 51 W
[TEMPERATURE DATA] [PRECIPITATION DATA] SYMBOLS USED IN COLUMN 16
AVERAGE MONTHLY: 41.5 TOTAL FOR MONTH: 2.65 1 = FOG OR MIST
DPTR FM NORMAL: -0.8 DPTR FM NORMAL: -0.22 2 = FOG REDUCING VISIBILITY
HIGHEST: 75 ON 8 GRTST 24HR 1.05 ON 21-22 TO 1/4 MILE OR LESS
LOWEST: 10 ON 29 3 = THUNDER
SNOW, ICE PELLETS, HAIL 4 = ICE PELLETS
TOTAL MONTH: 1.6 INCHES 5 = HAIL
GRTST 24HR 0.8 ON 28-28 6 = FREEZING RAIN OR DRIZZLE
GRTST DEPTH: 1 ON 1 7 = DUSTSTORM OR SANDSTORM:
VSBY 1/2 MILE OR LESS
8 = SMOKE OR HAZE
[NO. OF DAYS WITH] [WEATHER - DAYS WITH] 9 = BLOWING SNOW
X = TORNADO
MAX 32 OR BELOW: 1 0.01 INCH OR MORE: 11
MAX 90 OR ABOVE: 0 0.10 INCH OR MORE: 8
MIN 32 OR BELOW: 25 0.50 INCH OR MORE: 1
MIN 0 OR BELOW: 0 1.00 INCH OR MORE: 1
[HDD (BASE 65) ]
TOTAL THIS MO. 698 CLEAR (SCALE 0-3) 16
DPTR FM NORMAL 18 PTCLDY (SCALE 4-7) 8
TOTAL FM JUL 1 1100 CLOUDY (SCALE 8-10) 6
DPTR FM NORMAL -80
[CDD (BASE 65) ]
TOTAL THIS MO. 0
DPTR FM NORMAL 0 [PRESSURE DATA]
TOTAL FM JAN 1 514 HIGHEST SLP 30.57 ON 2
DPTR FM NORMAL -103 LOWEST SLP 29.77 ON 26
[REMARKS]
#FINAL-11-23#