888
CXUS55 KLKN 020110
CLSEKO
CLIMATE REPORT
NATIONAL WEATHER SERVICE ELKO NV
609 PM PDT SAT JUN 1 2019
...................................
...THE ELKO AIRPORT NV CLIMATE SUMMARY FOR THE SEASON, FROM
3/1/2019 TO 5/31/2019...
CLIMATE NORMAL PERIOD 1981 TO 2010
CLIMATE RECORD PERIOD 1888 TO 2019
WEATHER OBSERVED NORMAL DEPART LAST YEAR`S
VALUE DATE(S) VALUE FROM VALUE
NORMAL
.............................................................
TEMPERATURE (F)
RECORD
HIGH 97 05/28/2003
LOW -15 03/02/1890
HIGHEST 82 05/13 85 -3 85
LOWEST 17 03/15 12 5 2
AVG. MAXIMUM 58.7 60.1 -1.4 61.2
AVG. MINIMUM 33.9 31.6 2.3 32.2
MEAN 46.3 45.8 0.5 46.7
DAYS MAX >= 90 0 0.3 -0.3 0
DAYS MAX <= 32 0 0.5 -0.5 2
DAYS MIN <= 32 33 47.4 -14.4 48
DAYS MIN <= 0 0 0.0 0.0 0
PRECIPITATION (INCHES)
RECORD
MAXIMUM 6.60 1904
MINIMUM 0.62 1924
TOTALS 6.20 2.93 3.27 5.17
DAILY AVG. 0.07 0.03 0.04 0.05
DAYS >= .01 42 25.7 16.3 30
DAYS >= .10 18 9.9 8.1 15
DAYS >= .50 2 0.6 1.4 2
DAYS >= 1.00 0 0.0 0.0 0
SNOWFALL (INCHES)
RECORDS
TOTAL 38.5 1902
TOTALS 12.0 8.8 3.2 14.3
DAYS >= 1.0 4 3.4 0.6 5
DEGREE_DAYS
HEATING TOTAL 1702 1767 -65 1658
COOLING TOTAL 0 4 -4 1
..............................................................
WIND (MPH)
AVERAGE WIND SPEED 6.7
HIGHEST WIND SPEED/DIRECTION 36/170 DATE 05/26
HIGHEST GUST SPEED/DIRECTION 49/170 DATE 05/13
AVERAGE RH (PERCENT) 59
WEATHER CONDITIONS. NUMBER OF DAYS WITH
THUNDERSTORM 13 MIXED PRECIP 0
HEAVY RAIN 8 RAIN 11
LIGHT RAIN 35 FREEZING RAIN 0
LT FREEZING RAIN 0 HAIL 0
HEAVY SNOW 1 SNOW 4
LIGHT SNOW 19 SLEET 0
FOG 27 FOG W/VIS <= 1/4 MILE 3
HAZE 4
- INDICATES NEGATIVE NUMBERS.
R INDICATES RECORD WAS SET OR TIED.
MM INDICATES DATA IS MISSING.
T INDICATES TRACE AMOUNT.
$$