000
CXUS56 KLKN 011435
CF6ELY
PRELIMINARY LOCAL CLIMATOLOGICAL DATA (WS FORM: F-6)
STATION: ELY AIRPORT NV
MONTH: FEBRUARY
YEAR: 2021
LATITUDE: 39 16 N
LONGITUDE: 114 51 W
TEMPERATURE IN F: :PCPN: SNOW: WIND :SUNSHINE: SKY :PK WND
================================================================================
1 2 3 4 5 6A 6B 7 8 9 10 11 12 13 14 15 16 17 18
12Z AVG MX 2MIN
DY MAX MIN AVG DEP HDD CDD WTR SNW DPTH SPD SPD DIR MIN PSBL S-S WX SPD DR
================================================================================
1 49 23 36 10 29 0 0.00 0.0 T 9.0 22 170 M M 5 26 160
2 51 30 41 15 24 0 0.00 0.0 T 15.8 23 180 M M 3 30 180
3 43 20 32 6 33 0 T 0.1 T 11.6 24 210 M M 3 32 200
4 38 10 24 -3 41 0 0.00 0.0 T 5.5 14 320 M M 1 17 310
5 47 11 29 2 36 0 0.00 0.0 T 8.5 25 320 M M 2 34 340
6 50 12 31 4 34 0 0.00 0.0 T 8.8 18 280 M M 0 23 290
7 52 14 33 6 32 0 0.00 0.0 T 10.0 18 300 M M 0 24 280
8 53 15 34 7 31 0 0.00 0.0 T 7.9 16 270 M M 2 22 270
9 41 30 36 8 29 0 T T T 5.2 13 330 M M 10 15 310
10 46 22 34 6 31 0 0.00 0.0 T 5.4 14 310 M M 7 18 330
11 50 16 33 5 32 0 0.02 0.0 T 8.3 17 200 M M 7 22 190
12 47 23 35 7 30 0 0.08 T T 7.4 20 330 M M 6 1 23 330
13 36 19 28 0 37 0 0.30 4.0 T 9.7 30 320 M M 8 12 39 320
14 32 6 19 -10 46 0 0.00 0.0 3 6.3 12 300 M M 2 14 40
15 41 22 32 3 33 0 0.09 1.0 2 5.7 20 330 M M 7 1 26 330
16 34 19 27 -2 38 0 0.06 1.1 2 9.2 29 320 M M 9 18 42 310
17 30 8 19 -10 46 0 0.03 1.0 3 M M M M M 6 18 M M
18 37 0 19 -11 46 0 0.00 0.0 2 M M M M M 2 M M
19 47 26 37 7 28 0 T 0.0 2 M M M M M 6 M M
20 36 19 28 -2 37 0 0.04 0.6 T M M M M M 5 128 M M
21 40 5 23 -7 42 0 0.00 0.0 1 M M M M M 1 M M
22 53 16 35 4 30 0 0.00 0.0 T M M M M M 0 M M
23 49 20 35 4 30 0 0.00 0.0 T M M M M M 0 M M
24 39 15 27 -4 38 0 0.00 0.0 T M M M M M 1 M M
25 38 8 23 -9 42 0 0.00 0.0 0 3.7 9 190 M M 1 11 40
26 47 9 28 -4 37 0 T T 0 11.1 30 290 M M 3 39 280
27 30 8 19 -13 46 0 0.10 0.1 T 8.7 29 340 M M 5 8 34 340
28 38 -1 19 -13 46 0 0.00 0.0 0 6.4 14 10 M M 1 18 30
================================================================================
SM 1194 425 1004 0 0.72 7.9 164.2 M 103
================================================================================
AV 42.6 15.2 8.2 FASTST M M 4 MAX(MPH)
MISC ----> # 30 320 42 310
================================================================================
NOTES:
# LAST OF SEVERAL OCCURRENCES
COLUMN 17 PEAK WIND IN M.P.H.
PRELIMINARY LOCAL CLIMATOLOGICAL DATA (WS FORM: F-6) , PAGE 2
STATION: ELY AIRPORT NV
MONTH: FEBRUARY
YEAR: 2021
LATITUDE: 39 16 N
LONGITUDE: 114 51 W
[TEMPERATURE DATA] [PRECIPITATION DATA] SYMBOLS USED IN COLUMN 16
AVERAGE MONTHLY: 28.9 TOTAL FOR MONTH: 0.72 1 = FOG OR MIST
DPTR FM NORMAL: -0.1 DPTR FM NORMAL: -0.03 2 = FOG REDUCING VISIBILITY
HIGHEST: 53 ON 22, 8 GRTST 24HR 0.30 ON 13-13 TO 1/4 MILE OR LESS
LOWEST: -1 ON 28 3 = THUNDER
SNOW, ICE PELLETS, HAIL 4 = ICE PELLETS
TOTAL MONTH: 7.9 INCHES 5 = HAIL
GRTST 24HR 4.0 ON 13-13 6 = FREEZING RAIN OR DRIZZLE
GRTST DEPTH: 3 ON 17,14 7 = DUSTSTORM OR SANDSTORM:
VSBY 1/2 MILE OR LESS
8 = SMOKE OR HAZE
[NO. OF DAYS WITH] [WEATHER - DAYS WITH] 9 = BLOWING SNOW
X = TORNADO
MAX 32 OR BELOW: 3 0.01 INCH OR MORE: 8
MAX 90 OR ABOVE: 0 0.10 INCH OR MORE: 2
MIN 32 OR BELOW: 28 0.50 INCH OR MORE: 0
MIN 0 OR BELOW: 2 1.00 INCH OR MORE: 0
[HDD (BASE 65) ]
TOTAL THIS MO. 1004 CLEAR (SCALE 0-3) 15
DPTR FM NORMAL -4 PTCLDY (SCALE 4-7) 10
TOTAL FM JUL 1 4931 CLOUDY (SCALE 8-10) 3
DPTR FM NORMAL -405
[CDD (BASE 65) ]
TOTAL THIS MO. 0
DPTR FM NORMAL 0 [PRESSURE DATA]
TOTAL FM JAN 1 0 HIGHEST SLP 30.57 ON 22
DPTR FM NORMAL 0 LOWEST SLP 29.59 ON 13
[REMARKS]
#FINAL-02-21#