732
CXUS56 KLKN 011009
CF6ELY
PRELIMINARY LOCAL CLIMATOLOGICAL DATA (WS FORM: F-6)
STATION: ELY AIRPORT NV
MONTH: SEPTEMBER
YEAR: 2020
LATITUDE: 39 16 N
LONGITUDE: 114 51 W
TEMPERATURE IN F: :PCPN: SNOW: WIND :SUNSHINE: SKY :PK WND
================================================================================
1 2 3 4 5 6A 6B 7 8 9 10 11 12 13 14 15 16 17 18
12Z AVG MX 2MIN
DY MAX MIN AVG DEP HDD CDD WTR SNW DPTH SPD SPD DIR MIN PSBL S-S WX SPD DR
================================================================================
1 81 34 58 -4 7 0 0.00 0.0 0 7.4 17 360 M M 0 22 20
2 90 39 65 3 0 0 0.00 0.0 0 8.8 16 30 M M 0 20 20
3 93 44 69 7 0 4 0.00 0.0 0 9.1 17 180 M M 0 21 20
4 95 45 70 9 0 5 0.00 0.0 0 8.0 18 170 M M 0 20 20
5 96 47 72 11 0 7 0.00 0.0 0 8.0 20 240 M M 0 25 250
6 96 46 71 10 0 6 0.00 0.0 0 9.6 18 20 M M 0 23 20
7 88 47 68 8 0 3 0.00 0.0 0 13.7 26 340 M M 0 8 42 320
8 56 35 46 -14 19 0 0.00 0.0 0 19.1 33 20 M M 3 41 10
9 63 34 49 -11 16 0 0.00 0.0 0 14.1 28 10 M M 0 35 20
10 73 24 49 -10 16 0 0.00 0.0 0 9.1 18 10 M M 0 29 160
11 82 31 57 -2 8 0 0.00 0.0 0 9.3 16 180 M M 0 19 180
12 86 34 60 2 5 0 0.00 0.0 0 8.5 16 190 M M 0 19 360
13 85 36 61 3 4 0 0.00 0.0 0 8.5 16 170 M M 0 22 140
14 84 40 62 4 3 0 0.00 0.0 0 8.3 21 160 M M 0 27 150
15 85 41 63 6 2 0 0.00 0.0 0 8.0 17 170 M M 0 21 170
16 86 42 64 7 1 0 0.00 0.0 0 9.1 18 160 M M 1 24 170
17 85 42 64 8 1 0 0.00 0.0 0 11.3 28 190 M M 0 35 210
18 81 55 68 12 0 3 T 0.0 0 16.2 38 180 M M 2 38 51 190
19 75 40 58 3 7 0 0.04 0.0 0 6.7 16 290 M M 2 138 21 290
20 79 32 56 1 9 0 0.00 0.0 0 7.4 17 210 M M 0 23 210
21 82 36 59 4 6 0 0.00 0.0 0 10.7 22 220 M M 0 32 230
22 80 43 62 8 3 0 0.00 0.0 0 11.5 25 210 M M 0 30 200
23 83 36 60 6 5 0 0.00 0.0 0 10.7 20 180 M M 0 23 180
24 83 41 62 9 3 0 0.00 0.0 0 11.0 25 220 M M 0 8 33 220
25 83 42 63 10 2 0 0.00 0.0 0 9.0 17 220 M M 0 24 290
26 80 38 59 7 6 0 0.00 0.0 0 9.1 20 330 M M 0 27 330
27 72 41 57 5 8 0 0.00 0.0 0 11.7 23 20 M M 0 28 20
28 71 28 50 -2 15 0 0.00 0.0 0 11.7 23 10 M M 0 29 360
29 78 27 53 2 12 0 0.00 0.0 0 9.3 15 20 M M 0 19 20
30 84 31 58 7 7 0 0.00 0.0 0 9.7 20 30 M M 0 24 30
================================================================================
SM 2455 1151 165 28 0.04 0.0 304.6 M 8
================================================================================
AV 81.8 38.4 10.2 FASTST M M 0 MAX(MPH)
MISC ----> # 38 180 # 51 190
================================================================================
NOTES:
# LAST OF SEVERAL OCCURRENCES
COLUMN 17 PEAK WIND IN M.P.H.
PRELIMINARY LOCAL CLIMATOLOGICAL DATA (WS FORM: F-6) , PAGE 2
STATION: ELY AIRPORT NV
MONTH: SEPTEMBER
YEAR: 2020
LATITUDE: 39 16 N
LONGITUDE: 114 51 W
[TEMPERATURE DATA] [PRECIPITATION DATA] SYMBOLS USED IN COLUMN 16
AVERAGE MONTHLY: 60.1 TOTAL FOR MONTH: 0.04 1 = FOG OR MIST
DPTR FM NORMAL: 3.3 DPTR FM NORMAL: -0.79 2 = FOG REDUCING VISIBILITY
HIGHEST: 96 ON 6, 5 GRTST 24HR 0.04 ON 19-19 TO 1/4 MILE OR LESS
LOWEST: 24 ON 10 3 = THUNDER
SNOW, ICE PELLETS, HAIL 4 = ICE PELLETS
TOTAL MONTH: 0.0 INCH 5 = HAIL
GRTST 24HR 0.0 6 = FREEZING RAIN OR DRIZZLE
GRTST DEPTH: 0 7 = DUSTSTORM OR SANDSTORM:
VSBY 1/2 MILE OR LESS
8 = SMOKE OR HAZE
[NO. OF DAYS WITH] [WEATHER - DAYS WITH] 9 = BLOWING SNOW
X = TORNADO
MAX 32 OR BELOW: 0 0.01 INCH OR MORE: 1
MAX 90 OR ABOVE: 5 0.10 INCH OR MORE: 0
MIN 32 OR BELOW: 6 0.50 INCH OR MORE: 0
MIN 0 OR BELOW: 0 1.00 INCH OR MORE: 0
[HDD (BASE 65) ]
TOTAL THIS MO. 165 CLEAR (SCALE 0-3) 30
DPTR FM NORMAL -87 PTCLDY (SCALE 4-7) 0
TOTAL FM JUL 1 174 CLOUDY (SCALE 8-10) 0
DPTR FM NORMAL -142
[CDD (BASE 65) ]
TOTAL THIS MO. 28
DPTR FM NORMAL 22 [PRESSURE DATA]
TOTAL FM JAN 1 372 HIGHEST SLP M ON M
DPTR FM NORMAL 154 LOWEST SLP 29.67 ON 7
[REMARKS]
#FINAL-09-20#