000
CXUS55 KLKN 052022
CLMELY
CLIMATE REPORT
NATIONAL WEATHER SERVICE ELKO, NV
122 PM PDT FRI MAY 05 2023
...................................
...THE ELY AIRPORT NV CLIMATE SUMMARY FOR THE MONTH OF APRIL 2023...
CLIMATE NORMAL PERIOD 1991 TO 2020
CLIMATE RECORD PERIOD 1893 TO 2023
WEATHER OBSERVED NORMAL DEPART LAST YEAR`S
VALUE DATE(S) VALUE FROM VALUE DATE(S)
NORMAL
................................................................
TEMPERATURE (F)
RECORD
HIGH 83 04/23/2012
LOW -5 04/02/1982
04/22/1963
HIGHEST 79 04/29 74 5 74 04/08
LOWEST 1 04/05 12 -11 7 04/12
AVG. MAXIMUM 57.3 58.9 -1.6 60.3
AVG. MINIMUM 26.0 27.5 -1.5 24.7
MEAN 41.7 43.2 -1.5 42.5
DAYS MAX >= 90 0 0.0 0.0 0
DAYS MAX <= 32 1 0.1 0.9 0
DAYS MIN <= 32 24 23.7 0.3 27
DAYS MIN <= 0 0 0.0 0.0 0
PRECIPITATION (INCHES)
RECORD
MAXIMUM 5.52 1900
MINIMUM T 1989
TOTALS 0.22 1.07 -0.85 0.62
DAILY AVG. 0.01 0.04 -0.03 0.02
DAYS >= .01 3 8.4 -5.4 4
DAYS >= .10 1 3.4 -2.4 1
DAYS >= .50 0 0.4 -0.4 1
DAYS >= 1.00 0 0.1 -0.1 0
GREATEST
24 HR. TOTAL 0.25 04/03 TO 04/03 0.54
SNOWFALL (INCHES)
RECORDS
TOTAL 45.0 1900
TOTALS 4.8 5.3 -0.5 5.4
SINCE 7/1 115.7 52.1 63.6 MM
SNOWDEPTH AVG. 3 0
DAYS >= TRACE 2 4.4 -2.4 5
DAYS >= 1.0 1 1.8 -0.8 2
DAYS >= 1.0 1 2
GREATEST
SNOW DEPTH 14R 04/03 1
24 HR TOTAL MM MM
DEGREE DAYS
HEATING TOTAL 693 654 39 667
SINCE 7/1 7533 6596 937 MM
COOLING TOTAL 0 0 0 0
SINCE 1/1 0 0 0 MM
................................................................
WIND (MPH)
AVERAGE WIND SPEED 9.8
HIGHEST WIND SPEED/DIRECTION 30/240 DATE 04/17
HIGHEST GUST SPEED/DIRECTION 58/210 DATE 04/17
AVERAGE RH (PERCENT) 50
WEATHER CONDITIONS. NUMBER OF DAYS WITH
THUNDERSTORM 0 MIXED PRECIP 0
HEAVY RAIN 0 RAIN 0
LIGHT RAIN 3 FREEZING RAIN 0
LT FREEZING RAIN 0 HAIL 0
HEAVY SNOW 0 SNOW 1
LIGHT SNOW 2 SLEET 0
FOG 3 FOG W/VIS <= 1/4 MILE 0
HAZE 2
- INDICATES NEGATIVE NUMBERS.
R INDICATES RECORD WAS SET OR TIED.
MM INDICATES DATA IS MISSING.
T INDICATES TRACE AMOUNT.
======================================================================
...APRIL 2023 IN ELY WAS COLDER AND DRIER THAN NORMAL...
...A RECORD DAILY LOW TEMPERATURE OF -1 WAS SET ON APRIL 5TH...
$$