000
CXUS55 KLKN 022030
CLMELY
CLIMATE REPORT
NATIONAL WEATHER SERVICE ELKO, NV
130 PM PDT MON OCT 02 2023
...................................
...THE ELY AIRPORT NV CLIMATE SUMMARY FOR THE MONTH OF SEPTEMBER 2023...
CLIMATE NORMAL PERIOD 1991 TO 2020
CLIMATE RECORD PERIOD 1893 TO 2023
WEATHER OBSERVED NORMAL DEPART LAST YEAR`S
VALUE DATE(S) VALUE FROM VALUE DATE(S)
NORMAL
................................................................
TEMPERATURE (F)
RECORD
HIGH 97 09/06/2022
LOW 15 09/22/1968
09/21/1968
09/21/1895
HIGHEST 81 09/08 88 -7 97 09/06
LOWEST 28 09/23 24 4 33 09/22
09/23
AVG. MAXIMUM 74.9 78.0 -3.1 81.3
AVG. MINIMUM 39.9 38.8 1.1 44.3
MEAN 57.4 58.4 -1.0 62.8
DAYS MAX >= 90 0 0.7 -0.7 8
DAYS MAX <= 32 0 0.0 0.0 0
DAYS MIN <= 32 4 6.5 -2.5 0
DAYS MIN <= 0 0 0.0 0.0 0
PRECIPITATION (INCHES)
RECORD
MAXIMUM 4.99 1982
MINIMUM T 1953
TOTALS 0.98 0.64 0.34 1.63
DAILY AVG. 0.03 0.02 0.01 0.05
DAYS >= .01 8 4.7 3.3 4
DAYS >= .10 3 1.9 1.1 3
DAYS >= .50 0 0.2 -0.2 2
DAYS >= 1.00 0 0.0 0.0 0
GREATEST
24 HR. TOTAL 0.38 09/03 TO 09/03 0.73
SNOWFALL (INCHES)
RECORDS
TOTAL 6.3 1982
TOTALS 0.0 0.2 -0.2 0.0
SINCE 7/1 0.0 0.2 -0.2 MM
SNOWDEPTH AVG. 0 0
DAYS >= TRACE 0 0.0 0.0 0
DAYS >= 1.0 0 0.0 0.0 0
DAYS >= 1.0 0 0
GREATEST
SNOW DEPTH 0 0
24 HR TOTAL MM MM
DEGREE DAYS
HEATING TOTAL 219 210 9 129
SINCE 7/1 239 251 -12 MM
COOLING TOTAL 0 12 -12 72
SINCE 1/1 263 300 -37 MM
................................................................
WIND (MPH)
AVERAGE WIND SPEED 9.4
HIGHEST WIND SPEED/DIRECTION 35/160 DATE 09/01
35/320 09/13
HIGHEST GUST SPEED/DIRECTION 49/170 DATE 09/01
AVERAGE RH (PERCENT) 54
WEATHER CONDITIONS. NUMBER OF DAYS WITH
THUNDERSTORM 8 MIXED PRECIP 0
HEAVY RAIN 1 RAIN 5
LIGHT RAIN 12 FREEZING RAIN 0
LT FREEZING RAIN 0 HAIL 0
HEAVY SNOW 0 SNOW 0
LIGHT SNOW 0 SLEET 0
FOG 4 FOG W/VIS <= 1/4 MILE 0
HAZE 0
- INDICATES NEGATIVE NUMBERS.
R INDICATES RECORD WAS SET OR TIED.
MM INDICATES DATA IS MISSING.
T INDICATES TRACE AMOUNT.
=====================================================================
...SEPTEMBER 2023 IN ELY WAS COLDER AND WETTER THAN NORMAL...
THE AVERAGE TEMPERATURE IN ELY DURING SEPTEMBER 2023 WAS 57.4
DEGREES, WHICH IS 1 DEGREES BELOW THE NORMAL OF 58.4 DEGREES. THE
TOTAL PRECIPITATION WAS 0.98 INCHES, WHICH IS .34 INCHES ABOVE THE
NORMAL OF .64 INCHES AND 153 PERCENT OF NORMAL PRECIPITATION. THE
PERIOD OF RECORD FOR THE ELY AREA BEGAN IN 1893 AND THE CLIMATOLOGICAL NORMAL
IS FROM 1991-2020.
$$
LM