000
CXUS53 KTOP 011425
CLMEMP
CLIMATE REPORT
NATIONAL WEATHER SERVICE TOPEKA KS
925 AM CDT SAT APR 01 2023
...................................
...THE EMPORIA KS CLIMATE SUMMARY FOR THE MONTH OF MARCH 2023...
CLIMATE NORMAL PERIOD 1991 TO 2020
CLIMATE RECORD PERIOD 9999 TO 9999
WEATHER OBSERVED NORMAL DEPART LAST YEAR`S
VALUE DATE(S) VALUE FROM VALUE
NORMAL
..............................................................
TEMPERATURE (F)
HIGHEST 83 03/22 86
LOWEST 15 03/19 12
AVG. MAXIMUM 56.5 57.4 -0.9 59.1
AVG. MINIMUM 33.5 33.7 -0.2 33.3
MEAN 45.0 45.6 -0.6 46.2
DAYS MAX >= 90 0 0.0 0.0 0
DAYS MAX <= 32 0 0.9 -0.9 1
DAYS MIN <= 32 12 14.5 -2.5 12
DAYS MIN <= 0 0 0.2 -0.2 0
PRECIPITATION (INCHES)
TOTALS 1.12R 2.12 -1.00 3.82
DAILY AVG. 0.04 0.12
DAYS >= .01 10 8
DAYS >= .10 4 5
DAYS >= .50 0 4
DAYS >= 1.00 0 2
GREATEST
24 HR. TOTAL 0.33 03/03 TO 03/03 1.19
DEGREE DAYS
HEATING TOTAL 619 607 12 575
SINCE 7/1 4115 4381 -266 MM
COOLING TOTAL 3 4 -1 1
SINCE 1/1 3 4 -1 MM
..............................................................
WIND (MPH)
AVERAGE WIND SPEED 12.3
HIGHEST WIND SPEED/DIRECTION 47/220 DATE 03/31
HIGHEST GUST SPEED/DIRECTION 65/220 DATE 03/31
SKY COVER
POSSIBLE SUNSHINE (PERCENT) MM
AVERAGE SKY COVER 0.45
NUMBER OF DAYS FAIR 14
NUMBER OF DAYS PC 11
NUMBER OF DAYS CLOUDY 6
AVERAGE RH (PERCENT) 62
WEATHER CONDITIONS. NUMBER OF DAYS WITH
THUNDERSTORM 1 MIXED PRECIP 0
HEAVY RAIN 1 RAIN 4
LIGHT RAIN 9 FREEZING RAIN 0
LT FREEZING RAIN 0 HAIL 0
HEAVY SNOW 1 SNOW 1
LIGHT SNOW 2 SLEET 0
FOG 15 FOG W/VIS <= 1/4 MILE 3
HAZE 11
- INDICATES NEGATIVE NUMBERS.
R INDICATES RECORD WAS SET OR TIED.
MM INDICATES DATA IS MISSING.
T INDICATES TRACE AMOUNT.
$$