000
CXUS51 KCLE 010800
CF6ERI
PRELIMINARY LOCAL CLIMATOLOGICAL DATA (WS FORM: F-6)
STATION: ERIE PA
MONTH: MARCH
YEAR: 2020
LATITUDE: 42 4 N
LONGITUDE: 80 11 W
TEMPERATURE IN F: :PCPN: SNOW: WIND :SUNSHINE: SKY :PK WND
================================================================================
1 2 3 4 5 6A 6B 7 8 9 10 11 12 13 14 15 16 17 18
12Z AVG MX 2MIN
DY MAX MIN AVG DEP HDD CDD WTR SNW DPTH SPD SPD DIR MIN PSBL S-S WX SPD DR
================================================================================
1 49 20 35 4 30 0 0.00 0.0 2 12.9 29 170 M M 3 40 180
2 51 47 49 18 16 0 0.27 0.0 0 15.7 35 210 M M 10 18 48 210
3 55 39 47 16 18 0 0.25 0.0 0 10.2 25 260 M M 10 18 37 250
4 43 33 38 6 27 0 0.08 T 0 10.3 23 250 M M 8 1 34 260
5 44 24 34 2 31 0 0.00 0.0 0 5.0 14 40 M M 0 1 17 160
6 41 32 37 5 28 0 0.06 T 0 10.0 20 10 M M 9 18 27 360
7 35 28 32 0 33 0 0.00 0.0 T 8.4 18 360 M M 5 24 360
8 61 34 48 15 17 0 0.00 0.0 0 13.3 22 190 M M 1 30 190
9 69 54 62 29 3 0 T 0.0 0 14.4 24 210 M M 2 34 210
10 62 31 47 14 18 0 0.17 0.0 0 14.0 31 200 M M 9 12 42 200
11 43 32 38 4 27 0 0.00 0.0 0 4.4 13 300 M M 10 16 100
12 58 40 49 15 16 0 0.02 0.0 0 6.4 22 160 M M 7 8 30 150
13 58 36 47 13 18 0 0.08 0.0 0 17.1 29 250 M M 5 45 260
14 37 34 36 1 29 0 0.00 0.0 0 4.9 10 300 M M 3 14 270
15 40 30 35 0 30 0 0.00 0.0 0 14.9 23 40 M M 4 31 50
16 50 24 37 1 28 0 0.05 0.0 0 5.5 16 180 M M 4 1 20 190
17 44 35 40 4 25 0 0.01 0.0 0 9.4 20 250 M M 7 18 29 260
18 52 33 43 7 22 0 0.55 0.0 0 6.7 15 120 M M 3 1 20 110
19 65 38 52 16 13 0 0.23 0.0 0 7.6 28 190 M M 9 128 41 180
20 70 31 51 14 14 0 0.18 0.0 0 16.2 35 250 M M 9 1 48 250
21 32 25 29 -8 36 0 T T 0 9.9 16 50 M M 7 8 20 20
22 44 19 32 -6 33 0 0.07 0.0 0 9.1 22 40 M M 2 1 29 180
23 44 36 40 2 25 0 0.17 0.0 0 10.0 22 140 M M 10 12 31 160
24 40 36 38 0 27 0 0.00 0.0 0 6.6 15 50 M M 9 18 18 30
25 53 37 45 6 20 0 0.00 0.0 0 5.0 14 170 M M 4 21 310
26 65 44 55 16 10 0 0.13 0.0 0 11.6 23 210 M M 3 18 33 210
27 47 39 43 3 22 0 0.00 0.0 0 9.2 20 40 M M 5 18 25 40
28 55 43 49 9 16 0 0.56 0.0 0 5.8 18 140 M M 9 18 25 140
29 76 44 60 20 5 0 0.68 0.0 0 15.0 32 200 M M 9 13 42 170
30 52 40 46 5 19 0 0.13 0.0 0 14.0 24 250 M M 10 18 37 270
31 44 38 41 0 24 0 0.01 0.0 0 7.0 17 50 M M 10 1 23 40
================================================================================
SM 1579 1076 680 0 3.70 T 310.5 M 196
================================================================================
AV 50.9 34.7 10.0 FASTST M M 6 MAX(MPH)
MISC ----> # 35 210 # 48 210
================================================================================
NOTES:
# LAST OF SEVERAL OCCURRENCES
COLUMN 17 PEAK WIND IN M.P.H.
PRELIMINARY LOCAL CLIMATOLOGICAL DATA (WS FORM: F-6) , PAGE 2
STATION: ERIE PA
MONTH: MARCH
YEAR: 2020
LATITUDE: 42 4 N
LONGITUDE: 80 11 W
[TEMPERATURE DATA] [PRECIPITATION DATA] SYMBOLS USED IN COLUMN 16
AVERAGE MONTHLY: 42.8 TOTAL FOR MONTH: 3.70 1 = FOG OR MIST
DPTR FM NORMAL: 7.1 DPTR FM NORMAL: 0.75 2 = FOG REDUCING VISIBILITY
HIGHEST: 76 ON 29 GRTST 24HR 0.68 ON 29-29 TO 1/4 MILE OR LESS
LOWEST: 19 ON 22 3 = THUNDER
SNOW, ICE PELLETS, HAIL 4 = ICE PELLETS
TOTAL MONTH: T 5 = HAIL
GRTST 24HR T ON 21-21 6 = FREEZING RAIN OR DRIZZLE
GRTST DEPTH: 2 ON 1 7 = DUSTSTORM OR SANDSTORM:
VSBY 1/2 MILE OR LESS
8 = SMOKE OR HAZE
[NO. OF DAYS WITH] [WEATHER - DAYS WITH] 9 = BLOWING SNOW
X = TORNADO
MAX 32 OR BELOW: 1 0.01 INCH OR MORE: 19
MAX 90 OR ABOVE: 0 0.10 INCH OR MORE: 11
MIN 32 OR BELOW: 11 0.50 INCH OR MORE: 3
MIN 0 OR BELOW: 0 1.00 INCH OR MORE: 0
[HDD (BASE 65) ]
TOTAL THIS MO. 680 CLEAR (SCALE 0-3) 6
DPTR FM NORMAL -231 PTCLDY (SCALE 4-7) 12
TOTAL FM JUL 1 4473 CLOUDY (SCALE 8-10) 13
DPTR FM NORMAL -803
[CDD (BASE 65) ]
TOTAL THIS MO. 0
DPTR FM NORMAL -1 [PRESSURE DATA]
TOTAL FM JAN 1 0 HIGHEST SLP 30.65 ON 22
DPTR FM NORMAL -1 LOWEST SLP 29.39 ON 3
[REMARKS]
#FINAL-03-20#