000
CXUS53 KPAH 010730
CF6EVV
PRELIMINARY LOCAL CLIMATOLOGICAL DATA (WS FORM: F-6)
STATION: EVANSVILLE IN
MONTH: OCTOBER
YEAR: 2023
LATITUDE: 38 2 N
LONGITUDE: 87 32 W
TEMPERATURE IN F: :PCPN: SNOW: WIND :SUNSHINE: SKY :PK WND
================================================================================
1 2 3 4 5 6A 6B 7 8 9 10 11 12 13 14 15 16 17 18
12Z AVG MX 2MIN
DY MAX MIN AVG DEP HDD CDD WTR SNW DPTH SPD SPD DIR MIN PSBL S-S WX SPD DR
================================================================================
1 86 59 73 8 0 8 0.00 0.0 0 4.1 15 50 M M 0 20 60
2 88 57 73 9 0 8 0.00 0.0 0 2.7 12 100 M M 0 19 110
3 88 58 73 9 0 8 0.00 0.0 0 3.1 13 210 M M 1 15 240
4 86 62 74 11 0 9 T 0.0 0 5.8 18 240 M M 1 27 210
5 69 63 66 3 0 1 0.48 0.0 0 5.4 16 210 M M 8 1 21 200
6 75 49 62 -1 3 0 0.00 0.0 0 7.1 17 320 M M 2 28 320
7 65 43 54 -8 11 0 0.00 0.0 0 6.9 16 340 M M 1 24 330
8 67 40 54 -8 11 0 0.00 0.0 0 5.5 15 250 M M 6 24 260
9 71 45 58 -3 7 0 0.00 0.0 0 4.2 13 270 M M 3 19 320
10 70 39 55 -6 10 0 0.00 0.0 0 4.1 16 260 M M 0 21 280
11 74 43 59 -2 6 0 0.00 0.0 0 3.2 14 190 M M 1 19 160
12 81 49 65 5 0 0 0.00 0.0 0 1.2 9 160 M M 2 12 14 150
13 78 55 67 7 0 2 T 0.0 0 8.4 24 270 M M 6 39 260
14 62 52 57 -2 8 0 0.01 0.0 0 9.2 17 330 M M 8 18 26 10
15 61 46 54 -5 11 0 T 0.0 0 9.3 17 330 M M 9 26 320
16 58 46 52 -7 13 0 0.00 0.0 0 6.7 14 330 M M 9 21 350
17 66 43 55 -3 10 0 0.00 0.0 0 3.5 10 210 M M 6 14 210
18 71 44 58 0 7 0 0.00 0.0 0 6.0 16 210 M M 1 1 26 210
19 72 56 64 7 1 0 0.05 0.0 0 7.5 20 200 M M 8 25 230
20 70 43 57 0 8 0 0.01 0.0 0 8.1 22 290 M M 1 34 280
21 80 42 61 4 4 0 0.00 0.0 0 9.1 25 240 M M 0 35 240
22 66 42 54 -2 11 0 0.00 0.0 0 4.7 10 340 M M 1 16 320
23 75 41 58 2 7 0 0.00 0.0 0 4.7 13 130 M M 0 19 150
24 77 52 65 10 0 0 0.00 0.0 0 4.6 12 170 M M 0 19 190
25 81 62 72 17 0 7 0.00 0.0 0 8.7 23 220 M M 0 28 220
26 82 61 72 17 0 7 T 0.0 0 9.5 23 220 M M 2 29 210
27 82 67 75 21 0 10 T 0.0 0 10.5 20 230 M M 7 26 210
28 69 50 60 6 5 0 1.82 0.0 0 6.4 14 360 M M 10 13 22 350
29 54 46 50 -3 15 0 0.58 0.0 0 5.8 15 330 M M 10 1 23 310
30 49 33 41 -12 24 0 0.07 0.0 0 8.8 18 360 M M 5 1 27 350
31 47 25 36 -16 29 0 0.00 0.0 0 7.8 20 330 M M 2 33 300
================================================================================
SM 2220 1513 201 60 3.02 0.0 192.6 M 110
================================================================================
AV 71.6 48.8 6.2 FASTST M M 4 MAX(MPH)
MISC ----> 25 240 39 260
================================================================================
NOTES:
# LAST OF SEVERAL OCCURRENCES
COLUMN 17 PEAK WIND IN M.P.H.
PRELIMINARY LOCAL CLIMATOLOGICAL DATA (WS FORM: F-6) , PAGE 2
STATION: EVANSVILLE IN
MONTH: OCTOBER
YEAR: 2023
LATITUDE: 38 2 N
LONGITUDE: 87 32 W
[TEMPERATURE DATA] [PRECIPITATION DATA] SYMBOLS USED IN COLUMN 16
AVERAGE MONTHLY: 60.2 TOTAL FOR MONTH: 3.02 1 = FOG OR MIST
DPTR FM NORMAL: 1.6 DPTR FM NORMAL: -0.37 2 = FOG REDUCING VISIBILITY
HIGHEST: 88 ON 3, 2 GRTST 24HR 1.95 ON 28-29 TO 1/4 MILE OR LESS
LOWEST: 25 ON 31 3 = THUNDER
SNOW, ICE PELLETS, HAIL 4 = ICE PELLETS
TOTAL MONTH: 0.0 INCH 5 = HAIL
GRTST 24HR 0.0 6 = FREEZING RAIN OR DRIZZLE
GRTST DEPTH: 0 7 = DUSTSTORM OR SANDSTORM:
VSBY 1/2 MILE OR LESS
8 = SMOKE OR HAZE
[NO. OF DAYS WITH] [WEATHER - DAYS WITH] 9 = BLOWING SNOW
X = TORNADO
MAX 32 OR BELOW: 0 0.01 INCH OR MORE: 7
MAX 90 OR ABOVE: 0 0.10 INCH OR MORE: 3
MIN 32 OR BELOW: 1 0.50 INCH OR MORE: 2
MIN 0 OR BELOW: 0 1.00 INCH OR MORE: 1
[HDD (BASE 65) ]
TOTAL THIS MO. 201 CLEAR (SCALE 0-3) 19
DPTR FM NORMAL -36 PTCLDY (SCALE 4-7) 8
TOTAL FM JUL 1 201 CLOUDY (SCALE 8-10) 4
DPTR FM NORMAL -70
[CDD (BASE 65) ]
TOTAL THIS MO. 60
DPTR FM NORMAL 21 [PRESSURE DATA]
TOTAL FM JAN 1 1535 HIGHEST SLP M ON M
DPTR FM NORMAL 12 LOWEST SLP 29.67 ON 21
[REMARKS]
#FINAL-10-23#