000
CXUS53 KPAH 010703
CLSEVV
CLIMATE REPORT
NATIONAL WEATHER SERVICE PADUCAH KY
103 AM CST FRI DEC 01 2023
...................................
...THE EVANSVILLE IN CLIMATE SUMMARY FOR THE FALL SEASON, FROM
9/1/2023 TO 11/30/2023...
CLIMATE NORMAL PERIOD 1991 TO 2020
CLIMATE RECORD PERIOD 1896 TO 2023
WEATHER OBSERVED NORMAL DEPART LAST YEAR`S
VALUE DATE(S) VALUE FROM VALUE
NORMAL
..............................................................
TEMPERATURE (F)
RECORD
HIGH 104 09/06/1925
LOW -3 11/25/1950
HIGHEST 91 09/04 69 22
09/05
LOWEST 22 11/28 0 22
11/29
AVG. MAXIMUM 72.0 69.4 2.6
AVG. MINIMUM 48.4 47.4 1.0
MEAN 60.2 58.4 1.8
DAYS MAX >= 90 3 5.7 -2.7
DAYS MAX <= 32 0 0.4 -0.4
DAYS MIN <= 32 11 13.5 -2.5
DAYS MIN <= 0 0 0.0 0.0
PRECIPITATION (INCHES)
RECORD
MAXIMUM 19.16 2006
MINIMUM 2.95 1963
TOTALS 4.79 10.81 -6.02
DAILY AVG. 0.05 0.12 -0.07
DAYS >= .01 16 25.4 -9.4
DAYS >= .10 8 16.9 -8.9
DAYS >= .50 2 7.1 -5.1
DAYS >= 1.00 1 3.0 -2.0
GREATEST
24 HR. TOTAL 1.94 10/28 TO 10/29
SNOWFALL (INCHES)
TOTALS 0.0
LIQUID EQUIV 0.00
SINCE 7/1 0.0
LIQUID 7/1 0.00
SNOWDEPTH AVG. 0
DAYS >= TRACE 0
DAYS >= 1.0 0
GREATEST
SNOW DEPTH 0
24 HR TOTAL 0.0
STORM TOTAL 0.0
(MM/DD(HH))
DEGREE DAYS
HEATING TOTAL 695 833 -138
SINCE 7/1 695 832 -137
COOLING TOTAL 281 232 49
SINCE 1/1 1543 1525 18
FREEZE DATES
RECORD
EARLIEST 10/03/1974
LATEST 05/10/1966
EARLIEST 10/31
LATEST 04/24
..............................................................
WIND (MPH)
AVERAGE WIND SPEED 5.3
HIGHEST WIND SPEED/DIRECTION 26/200 DATE 11/08
HIGHEST GUST SPEED/DIRECTION 39/260 DATE 10/13
SKY COVER
POSSIBLE SUNSHINE (PERCENT) MM
AVERAGE SKY COVER 0.28
NUMBER OF DAYS FAIR 61
NUMBER OF DAYS PC 18
NUMBER OF DAYS CLOUDY 12
AVERAGE RH (PERCENT) 66
WEATHER CONDITIONS. NUMBER OF DAYS WITH
THUNDERSTORM 5 MIXED PRECIP 0
HEAVY RAIN 3 RAIN 7
LIGHT RAIN 27 FREEZING RAIN 0
LT FREEZING RAIN 0 HAIL 0
HEAVY SNOW 0 SNOW 0
LIGHT SNOW 0 SLEET 0
FOG 29 FOG W/VIS <= 1/4 MILE 4
HAZE 4
- INDICATES NEGATIVE NUMBERS.
R INDICATES RECORD WAS SET OR TIED.
MM INDICATES DATA IS MISSING.
T INDICATES TRACE AMOUNT.
[REMARKS:] 9TH DRIEST FALL AT EVANSVILLE
$$