000
CXUS53 KIND 010700
CF6EYE
PRELIMINARY LOCAL CLIMATOLOGICAL DATA (WS FORM: F-6)
STATION: INDIANAPOLIS EAGLE CREEK IN
MONTH: DECEMBER
YEAR: 2020
LATITUDE: 39 49 N
LONGITUDE: 86 18 W
TEMPERATURE IN F: :PCPN: SNOW: WIND :SUNSHINE: SKY :PK WND
================================================================================
1 2 3 4 5 6A 6B 7 8 9 10 11 12 13 14 15 16 17 18
12Z AVG MX 2MIN
DY MAX MIN AVG DEP HDD CDD WTR SNW DPTH SPD SPD DIR MIN PSBL S-S WX SPD DR
================================================================================
1 34 25 30 -7 35 0 0.00 M M 12.1 24 300 M M 8 38 300
2 44 22 33 -3 32 0 0.00 M M 3.3 10 300 M M 0 13 280
3 45 25 35 -1 30 0 0.00 M M 3.8 10 200 M M 5 16 200
4 48 30 39 3 26 0 0.00 M M 5.5 14 280 M M 1 21 280
5 41 30 36 1 29 0 0.00 M M 5.8 14 10 M M 4 18 10
6 34 29 32 -3 33 0 0.00 M M 5.3 13 360 M M 10 16 360
7 36 31 34 0 31 0 0.00 M M 5.7 14 340 M M 10 20 340
8 39 33 36 2 29 0 0.00 M M 4.5 10 210 M M 8 18 230
9 56 33 45 11 20 0 0.00 M M 4.4 13 290 M M 0 18 20 280
10 59 28 44 11 21 0 0.00 M M 3.4 12 160 M M 0 18 17 140
11 65 33 49 16 16 0 0.14 M M 4.3 16 210 M M 2 1 26 200
12 56 38 47 15 18 0 0.64 M M 9.2 20 240 M M 10 18 37 270
13 40 36 38 6 27 0 0.01 M M 3.7 10 340 M M 10 1 14 360
14 37 25 31 -1 34 0 0.00 M M 10.0 21 310 M M 7 1 30 310
15 33 25 29 -3 36 0 0.00 M M 7.7 15 70 M M 0 21 70
16 32 28 30 -1 35 0 0.12 M M 6.5 14 100 M M 10 18 19 100
17 32 29 31 0 34 0 T M M 6.2 10 270 M M 10 18 15 270
18 38 20 29 -2 36 0 0.00 M M 5.1 13 160 M M 0 18 20 210
19 42 32 37 7 28 0 T M M 7.2 14 200 M M 7 18 21 200
20 42 35 39 9 26 0 0.00 M M 5.2 13 300 M M 7 18 18 240
21 48 37 43 13 22 0 0.04 M M 11.3 28 300 M M 7 18 39 290
22 45 30 38 8 27 0 0.00 M M 7.7 29 290 M M 3 8 37 300
23 53 35 44 14 21 0 0.30 M M 11.6 18 280 M M 5 1 32 160
24 44 14 29 0 36 0 0.06 M M 13.6 22 280 M M 10 1 37 280
25 15 10 13 -16 52 0 T M M 10.7 21 300 M M 7 8 28 290
26 37 15 26 -3 39 0 0.00 M M 4.7 12 220 M M 2 21 210
27 53 22 38 9 27 0 0.03 M M 8.2 22 200 M M 4 38 210
28 50 27 39 10 26 0 T M M 11.4 23 280 M M 10 8 37 230
29 34 20 27 -2 38 0 0.00 M M 8.6 18 130 M M 4 27 160
30 49 28 39 11 26 0 0.45 M M 8.9 20 310 M M 8 1 30 200
31 30 25 28 0 37 0 0.00 M M 7.0 16 310 M M 6 25 320
================================================================================
SM 1311 850 927 0 1.79 M 222.6 M 175
================================================================================
AV 42.3 27.4 7.2 FASTST M M 6 MAX(MPH)
MISC ----> 29 290 39 290
================================================================================
NOTES:
# LAST OF SEVERAL OCCURRENCES
COLUMN 17 PEAK WIND IN M.P.H.
PRELIMINARY LOCAL CLIMATOLOGICAL DATA (WS FORM: F-6) , PAGE 2
STATION: INDIANAPOLIS EAGLE CREEK IN
MONTH: DECEMBER
YEAR: 2020
LATITUDE: 39 49 N
LONGITUDE: 86 18 W
[TEMPERATURE DATA] [PRECIPITATION DATA] SYMBOLS USED IN COLUMN 16
AVERAGE MONTHLY: 34.9 TOTAL FOR MONTH: 1.79 1 = FOG OR MIST
DPTR FM NORMAL: 3.2 DPTR FM NORMAL: -1.29 2 = FOG REDUCING VISIBILITY
HIGHEST: 65 ON 11 GRTST 24HR 0.78 ON 11-12 TO 1/4 MILE OR LESS
LOWEST: 10 ON 25 3 = THUNDER
SNOW, ICE PELLETS, HAIL 4 = ICE PELLETS
TOTAL MONTH: M 5 = HAIL
GRTST 24HR M ON M 6 = FREEZING RAIN OR DRIZZLE
GRTST DEPTH: M ON M 7 = DUSTSTORM OR SANDSTORM:
VSBY 1/2 MILE OR LESS
8 = SMOKE OR HAZE
[NO. OF DAYS WITH] [WEATHER - DAYS WITH] 9 = BLOWING SNOW
X = TORNADO
MAX 32 OR BELOW: 4 0.01 INCH OR MORE: 9
MAX 90 OR ABOVE: 0 0.10 INCH OR MORE: 5
MIN 32 OR BELOW: 23 0.50 INCH OR MORE: 1
MIN 0 OR BELOW: 0 1.00 INCH OR MORE: 0
[HDD (BASE 65) ]
TOTAL THIS MO. 927 CLEAR (SCALE 0-3) 9
DPTR FM NORMAL -105 PTCLDY (SCALE 4-7) 13
TOTAL FM JUL 1 1810 CLOUDY (SCALE 8-10) 9
DPTR FM NORMAL -246
[CDD (BASE 65) ]
TOTAL THIS MO. 0
DPTR FM NORMAL 0 [PRESSURE DATA]
TOTAL FM JAN 1 1186 HIGHEST SLP M ON M
DPTR FM NORMAL 128 LOWEST SLP 29.54 ON 23
[REMARKS]
#FINAL-12-20#