000
CXUS52 KKEY 010600
CF6EYW
PRELIMINARY LOCAL CLIMATOLOGICAL DATA (WS FORM: F-6)
STATION: KEY WEST
MONTH: JUNE
YEAR: 2020
LATITUDE: 24 32 N
LONGITUDE: 81 45 W
TEMPERATURE IN F: :PCPN: SNOW: WIND :SUNSHINE: SKY :PK WND
================================================================================
1 2 3 4 5 6A 6B 7 8 9 10 11 12 13 14 15 16 17 18
12Z AVG MX 2MIN
DY MAX MIN AVG DEP HDD CDD WTR SNW DPTH SPD SPD DIR MIN PSBL S-S WX SPD DR
================================================================================
1 89 83 86 4 0 21 T 0.0 0 9.5 16 160 M M 2 21 150
2 89 83 86 4 0 21 T 0.0 0 13.2 18 130 M M 3 23 100
3 84 75 80 -2 0 15 2.99 0.0 0 9.0 23 130 M M 5 1238 30 130
4 83 76 80 -2 0 15 0.10 0.0 0 12.7 24 110 M M 4 13 30 90
5 88 77 83 0 0 18 0.41 0.0 0 13.4 30 130 M M 5 138 36 120
6 88 84 86 3 0 21 T 0.0 0 15.1 22 160 M M 3 28 160
7 88 84 86 3 0 21 0.00 0.0 0 14.7 23 160 M M 2 29 170
8 87 83 85 2 0 20 0.00 0.0 0 10.0 17 150 M M 1 20 150
9 89 83 86 3 0 21 0.00 0.0 0 9.2 14 100 M M 2 16 100
10 89 83 86 3 0 21 0.00 0.0 0 8.5 14 100 M M 1 17 110
11 91 75 83 0 0 18 1.70 0.0 0 6.4 22 100 M M 4 138 28 100
12 87 79 83 0 0 18 T 0.0 0 7.4 15 110 M M 4 X 20 130
13 88 78 83 0 0 18 0.00 0.0 0 6.4 25 40 M M 2 3 35 40
14 88 80 84 1 0 19 0.00 0.0 0 6.2 13 150 M M 1 3 15 150
15 90 81 86 3 0 21 0.00 0.0 0 4.4 14 180 M M 2 20 190
16 86 75 81 -2 0 16 1.97 0.0 0 8.8 22 100 M M 6 13 27 80
17 88 77 83 -1 0 18 0.29 0.0 0 8.4 17 100 M M 3 13 26 60
18 90 80 85 1 0 20 0.05 0.0 M 7.8 18 150 M M 2 1 22 150
19 88 81 85 1 0 20 T 0.0 0 8.8 18 150 M M 2 22 150
20 90 83 87 3 0 22 0.00 0.0 0 7.8 14 100 M M 2 17 90
21 89 82 86 2 0 21 0.00 0.0 0 7.6 15 160 M M 1 3 18 170
22 90 84 87 3 0 22 0.00 0.0 0 8.1 12 110 M M 2 17 140
23 90 84 87 3 0 22 0.00 0.0 0 7.3 12 130 M M 1 18 130
24 90 85 88 4 0 23 0.00 0.0 0 8.8 16 100 M M 2 19 110
25 91 85 88 4 0 23 0.00 0.0 0 12.9 18 100 M M 2 26 120
26 92 86 89 5 0 24 0.00 0.0 0 13.3 18 100 M M 2 24 100
27 91 85 88 4 0 23 0.00 0.0 0 13.1 18 110 M M 1 24 100
28 91 84 88 4 0 23 0.10 0.0 0 11.2 18 160 M M 3 3 23 170
29 90 84 87 3 0 22 0.00 0.0 0 7.4 14 130 M M 2 18 150
30 91 84 88 4 0 23 0.00 0.0 0 5.9 10 140 M M 1 18 160
================================================================================
SM 2665 2443 0 610 7.61 0.0 283.3 M 73
================================================================================
AV 88.8 81.4 9.4 FASTST M M 2 MAX(MPH)
MISC ----> # 30 130 # 36 120
================================================================================
NOTES:
# LAST OF SEVERAL OCCURRENCES
COLUMN 17 PEAK WIND IN M.P.H.
PRELIMINARY LOCAL CLIMATOLOGICAL DATA (WS FORM: F-6) , PAGE 2
STATION: KEY WEST
MONTH: JUNE
YEAR: 2020
LATITUDE: 24 32 N
LONGITUDE: 81 45 W
[TEMPERATURE DATA] [PRECIPITATION DATA] SYMBOLS USED IN COLUMN 16
AVERAGE MONTHLY: 85.1 TOTAL FOR MONTH: 7.61 1 = FOG OR MIST
DPTR FM NORMAL: 1.8 DPTR FM NORMAL: 3.50 2 = FOG REDUCING VISIBILITY
HIGHEST: 92 ON 26 GRTST 24HR 2.99 ON 3- 3 TO 1/4 MILE OR LESS
LOWEST: 75 ON 16,11 3 = THUNDER
SNOW, ICE PELLETS, HAIL 4 = ICE PELLETS
TOTAL MONTH: 0.0 INCH 5 = HAIL
GRTST 24HR 0.0 6 = FREEZING RAIN OR DRIZZLE
GRTST DEPTH: 0 7 = DUSTSTORM OR SANDSTORM:
VSBY 1/2 MILE OR LESS
8 = SMOKE OR HAZE
[NO. OF DAYS WITH] [WEATHER - DAYS WITH] 9 = BLOWING SNOW
X = TORNADO
MAX 32 OR BELOW: 0 0.01 INCH OR MORE: 8
MAX 90 OR ABOVE: 13 0.10 INCH OR MORE: 7
MIN 32 OR BELOW: 0 0.50 INCH OR MORE: 3
MIN 0 OR BELOW: 0 1.00 INCH OR MORE: 3
[HDD (BASE 65) ]
TOTAL THIS MO. 0 CLEAR (SCALE 0-3) 24
DPTR FM NORMAL 0 PTCLDY (SCALE 4-7) 6
TOTAL FM JUL 1 11 CLOUDY (SCALE 8-10) 0
DPTR FM NORMAL -62
[CDD (BASE 65) ]
TOTAL THIS MO. 610
DPTR FM NORMAL 61 [PRESSURE DATA]
TOTAL FM JAN 1 2528 HIGHEST SLP M ON M
DPTR FM NORMAL 549 LOWEST SLP 29.88 ON 13
[REMARKS]
#FINAL-06-20#