000
CXAK56 PAFG 010959
CF6FAI
PRELIMINARY LOCAL CLIMATOLOGICAL DATA (WS FORM: F-6)
STATION: FAIRBANKS AK
MONTH: JULY
YEAR: 2021
LATITUDE: 64 49 N
LONGITUDE: 147 52 W
TEMPERATURE IN F: :PCPN: SNOW: WIND :SUNSHINE: SKY :PK WND
================================================================================
1 2 3 4 5 6A 6B 7 8 9 10 11 12 13 14 15 16 17 18
12Z AVG MX 2MIN
DY MAX MIN AVG DEP HDD CDD WTR SNW DPTH SPD SPD DIR MIN PSBL S-S WX SPD DR
================================================================================
1 88 54 71 7 0 6 0.00 0.0 0 4.5 10 30 M M 3 13 60
2 85 58 72 8 0 7 T 0.0 0 5.5 17 260 M M 7 18 22 250
3 72 58 65 1 0 0 0.00 0.0 0 7.9 16 270 M M 7 8 24 240
4 73 51 62 -2 3 0 0.00 0.0 0 2.3 9 110 M M 6 12 100
5 77 55 66 2 0 1 0.00 0.0 0 5.6 17 160 M M 8 8 22 180
6 65 53 59 -5 6 0 0.04 0.0 0 6.4 15 350 M M 8 20 250
7 63 48 56 -8 9 0 0.17 0.0 0 4.4 17 180 M M 8 23 190
8 66 48 57 -7 8 0 0.18 0.0 0 3.3 15 300 M M 7 1 20 310
9 71 47 59 -5 6 0 0.06 0.0 0 5.6 18 200 M M 7 24 200
10 74 45 60 -4 5 0 T 0.0 0 3.3 10 260 M M 6 15 180
11 74 46 60 -4 5 0 0.00 0.0 0 2.0 7 50 M M 6 8 50
12 82 49 66 2 0 1 0.00 0.0 0 2.3 8 20 M M 2 11 50
13 81 56 69 5 0 4 0.00 0.0 0 6.1 14 190 M M 6 19 190
14 67 60 64 1 1 0 T 0.0 0 5.4 15 250 M M 8 21 250
15 81 51 66 3 0 1 0.00 0.0 0 4.3 15 290 M M 6 19 310
16 81 56 69 6 0 4 0.00 0.0 0 4.0 17 270 M M 7 21 270
17 81 57 69 6 0 4 T 0.0 0 5.5 16 270 M M 7 8 21 280
18 72 57 65 2 0 0 0.00 0.0 0 6.0 14 280 M M 7 8 17 250
19 82 50 66 3 0 1 0.00 0.0 0 3.1 7 160 M M 4 10 10
20 87 56 72 9 0 7 0.00 0.0 0 6.5 20 280 M M 5 8 30 250
21 80 60 70 8 0 5 T 0.0 0 3.9 13 300 M M 8 16 330
22 82 59 71 9 0 6 T 0.0 0 6.1 18 30 M M 7 8 21 30
23 78 60 69 7 0 4 0.48 0.0 0 2.8 17 100 M M 8 138 26 100
24 70 56 63 1 2 0 0.97 0.0 0 7.1 20 250 M M 8 138 26 260
25 72 53 63 1 2 0 0.00 0.0 0 3.7 13 310 M M 7 19 270
26 74 54 64 2 1 0 0.00 0.0 0 5.6 17 280 M M 7 21 250
27 67 56 62 0 3 0 0.20 0.0 0 5.4 12 270 M M 10 1 19 250
28 64 56 60 -1 5 0 0.08 0.0 T 4.0 10 220 M M 9 1 18 260
29 71 56 64 3 1 0 0.00 0.0 0 2.5 9 140 M M 8 12 160
30 75 59 67 6 0 2 T 0.0 0 2.7 10 180 M M 8 15 190
31 82 54 68 7 0 3 0.00 0.0 0 3.4 12 140 M M 6 14 140
================================================================================
SM 2337 1678 57 56 2.18 0.0 141.2 M 211
================================================================================
AV 75.4 54.1 4.6 FASTST M M 7 MAX(MPH)
MISC ----> # 20 280 30 250
================================================================================
NOTES:
# LAST OF SEVERAL OCCURRENCES
COLUMN 17 PEAK WIND IN M.P.H.
PRELIMINARY LOCAL CLIMATOLOGICAL DATA (WS FORM: F-6) , PAGE 2
STATION: FAIRBANKS AK
MONTH: JULY
YEAR: 2021
LATITUDE: 64 49 N
LONGITUDE: 147 52 W
[TEMPERATURE DATA] [PRECIPITATION DATA] SYMBOLS USED IN COLUMN 16
AVERAGE MONTHLY: 64.8 TOTAL FOR MONTH: 2.18 1 = FOG OR MIST
DPTR FM NORMAL: 1.9 DPTR FM NORMAL: -0.08 2 = FOG REDUCING VISIBILITY
HIGHEST: 88 ON 1 GRTST 24HR 1.45 ON 23-24 TO 1/4 MILE OR LESS
LOWEST: 45 ON 10 3 = THUNDER
SNOW, ICE PELLETS, HAIL 4 = ICE PELLETS
TOTAL MONTH: 0.0 INCH 5 = HAIL
GRTST 24HR 0.0 6 = FREEZING RAIN OR DRIZZLE
GRTST DEPTH: T 7 = DUSTSTORM OR SANDSTORM:
VSBY 1/2 MILE OR LESS
8 = SMOKE OR HAZE
[NO. OF DAYS WITH] [WEATHER - DAYS WITH] 9 = BLOWING SNOW
X = TORNADO
MAX 32 OR BELOW: 0 0.01 INCH OR MORE: 8
MAX 90 OR ABOVE: 0 0.10 INCH OR MORE: 5
MIN 32 OR BELOW: 0 0.50 INCH OR MORE: 1
MIN 0 OR BELOW: 0 1.00 INCH OR MORE: 0
[HDD (BASE 65) ]
TOTAL THIS MO. 57 CLEAR (SCALE 0-3) 2
DPTR FM NORMAL -41 PTCLDY (SCALE 4-7) 26
TOTAL FM JUL 1 57 CLOUDY (SCALE 8-10) 3
DPTR FM NORMAL -40
[CDD (BASE 65) ]
TOTAL THIS MO. 56
DPTR FM NORMAL 23 [PRESSURE DATA]
TOTAL FM JAN 1 88 HIGHEST SLP M ON M
DPTR FM NORMAL 27 LOWEST SLP 29.44 ON 31
[REMARKS]
#FINAL-07-21#