000
CXUS53 KFGF 010815
CF6FAR
PRELIMINARY LOCAL CLIMATOLOGICAL DATA (WS FORM: F-6)
STATION: FARGO HECTOR INTL AP ND
MONTH: JULY
YEAR: 2023
LATITUDE: 46 54 N
LONGITUDE: 96 48 W
TEMPERATURE IN F: :PCPN: SNOW: WIND :SUNSHINE: SKY :PK WND
================================================================================
1 2 3 4 5 6A 6B 7 8 9 10 11 12 13 14 15 16 17 18
12Z AVG MX 2MIN
DY MAX MIN AVG DEP HDD CDD WTR SNW DPTH SPD SPD DIR MIN PSBL S-S WX SPD DR
================================================================================
1 87 62 75 5 0 10 0.00 0.0 0 3.4 9 100 M M 2 18 12 100
2 86 69 78 8 0 13 0.41 0.0 0 10.6 23 190 M M 3 13 29 180
3 84 68 76 6 0 11 0.00 0.0 0 9.7 21 340 M M 1 27 320
4 79 63 71 1 0 6 0.05 0.0 0 8.0 21 300 M M 6 27 330
5 71 52 62 -8 3 0 0.00 0.0 0 8.7 20 330 M M 5 27 340
6 81 50 66 -4 0 1 0.00 0.0 0 11.1 22 220 M M 1 30 240
7 80 55 68 -2 0 3 0.28 0.0 0 11.0 22 350 M M 3 3 33 340
8 78 49 64 -7 1 0 0.00 0.0 0 6.8 16 200 M M 3 20 190
9 91 63 77 6 0 12 0.00 0.0 0 13.7 22 250 M M 1 30 260
10 77 56 67 -4 0 2 0.00 0.0 0 10.4 18 320 M M 3 30 350
11 68 48 58 -13 7 0 0.05 0.0 0 5.0 12 260 M M 3 20 20
12 75 54 65 -6 0 0 0.01 0.0 0 4.4 10 140 M M 7 14 130
13 84 59 72 1 0 7 0.04 0.0 0 5.8 28 230 M M 2 3 37 220
14 83 62 73 2 0 8 0.00 0.0 0 9.2 20 300 M M 1 8 25 300
15 76 57 67 -4 0 2 0.00 0.0 0 10.3 21 300 M M 5 18 29 300
16 74 55 65 -6 0 0 0.00 0.0 0 12.8 23 330 M M 5 30 340
17 77 52 65 -6 0 0 0.00 0.0 0 7.9 18 320 M M 4 24 320
18 82 53 68 -3 0 3 0.00 0.0 0 8.2 16 160 M M 3 18 25 130
19 84 62 73 2 0 8 0.02 0.0 0 11.7 33 300 M M 2 45 300
20 82 61 72 1 0 7 0.00 0.0 0 9.1 17 340 M M 2 23 330
21 86 58 72 1 0 7 0.01 0.0 0 5.7 20 290 M M 1 3 28 300
22 86 62 74 3 0 9 0.00 0.0 0 7.5 21 320 M M 1 26 350
23 87 56 72 1 0 7 0.00 0.0 0 4.4 10 160 M M 0 1 16 200
24 91 63 77 6 0 12 0.00 0.0 0 4.3 8 60 M M 0 8 M M
25 89 69 79 8 0 14 0.05 0.0 0 9.9 18 170 M M 1 3 25 170
26 98 70 84 13 0 19 0.00 0.0 0 7.6 22 250 M M 0 29 250
27 90 68 79 8 0 14 0.01 0.0 0 7.9 25 360 M M 1 3 37 360
28 80 58 69 -2 0 4 0.02 0.0 0 8.0 15 350 M M 2 18 10
29 76 53 65 -6 0 0 0.00 0.0 0 8.5 18 350 M M 1 25 320
30 82 54 68 -3 0 3 T 0.0 0 2.7 9 110 M M 2 14 100
31 85 56 71 0 0 6 0.00 0.0 0 6.1 12 140 M M 1 18 140
================================================================================
SM 2549 1817 11 188 0.95 0.0 250.4 M 72
================================================================================
AV 82.2 58.6 8.1 FASTST M M 2 MAX(MPH)
MISC ----> 33 300 45 300
================================================================================
NOTES:
# LAST OF SEVERAL OCCURRENCES
COLUMN 17 PEAK WIND IN M.P.H.
PRELIMINARY LOCAL CLIMATOLOGICAL DATA (WS FORM: F-6) , PAGE 2
STATION: FARGO HECTOR INTL AP ND
MONTH: JULY
YEAR: 2023
LATITUDE: 46 54 N
LONGITUDE: 96 48 W
[TEMPERATURE DATA] [PRECIPITATION DATA] SYMBOLS USED IN COLUMN 16
AVERAGE MONTHLY: 70.4 TOTAL FOR MONTH: 0.95 1 = FOG OR MIST
DPTR FM NORMAL: -0.3 DPTR FM NORMAL: -2.12 2 = FOG REDUCING VISIBILITY
HIGHEST: 98 ON 26 GRTST 24HR 0.41 ON 2- 2 TO 1/4 MILE OR LESS
LOWEST: 48 ON 11 3 = THUNDER
SNOW, ICE PELLETS, HAIL 4 = ICE PELLETS
TOTAL MONTH: 0.0 INCH 5 = HAIL
GRTST 24HR 0.0 6 = FREEZING RAIN OR DRIZZLE
GRTST DEPTH: 0 7 = DUSTSTORM OR SANDSTORM:
VSBY 1/2 MILE OR LESS
8 = SMOKE OR HAZE
[NO. OF DAYS WITH] [WEATHER - DAYS WITH] 9 = BLOWING SNOW
X = TORNADO
MAX 32 OR BELOW: 0 0.01 INCH OR MORE: 11
MAX 90 OR ABOVE: 4 0.10 INCH OR MORE: 2
MIN 32 OR BELOW: 0 0.50 INCH OR MORE: 0
MIN 0 OR BELOW: 0 1.00 INCH OR MORE: 0
[HDD (BASE 65) ]
TOTAL THIS MO. 11 CLEAR (SCALE 0-3) 24
DPTR FM NORMAL -6 PTCLDY (SCALE 4-7) 7
TOTAL FM JUL 1 11 CLOUDY (SCALE 8-10) 0
DPTR FM NORMAL -1
[CDD (BASE 65) ]
TOTAL THIS MO. 188
DPTR FM NORMAL -7 [PRESSURE DATA]
TOTAL FM JAN 1 619 HIGHEST SLP M ON M
DPTR FM NORMAL 278 LOWEST SLP 29.61 ON 9
[REMARKS]
#FINAL-07-23#