000
CXUS56 KFGZ 010335
CF6FLG
PRELIMINARY LOCAL CLIMATOLOGICAL DATA (WS FORM: F-6)
STATION: FLAGSTAFF AZ AIRPORT
MONTH: SEPTEMBER
YEAR: 2020
LATITUDE: 35 7 N
LONGITUDE: 111 40 W
TEMPERATURE IN F: :PCPN: SNOW: WIND :SUNSHINE: SKY :PK WND
================================================================================
1 2 3 4 5 6A 6B 7 8 9 10 11 12 13 14 15 16 17 18
12Z AVG MX 2MIN
DY MAX MIN AVG DEP HDD CDD WTR SNW DPTH SPD SPD DIR MIN PSBL S-S WX SPD DR
================================================================================
1 80 52 66 4 0 1 0.00 0.0 0 8.8 20 240 M M 2 8 35 230
2 83 41 62 0 3 0 0.00 0.0 0 6.1 18 210 M M 0 24 210
3 89 45 67 6 0 2 0.00 0.0 0 3.2 14 90 M M 0 19 90
4 90 45 68 7 0 3 0.00 0.0 0 2.3 14 250 M M 0 21 230
5 90 47 69 8 0 4 0.00 0.0 0 3.6 17 210 M M 0 21 200
6 91 45 68 7 0 3 0.00 0.0 0 3.6 17 240 M M 0 23 10
7 88 49 69 9 0 4 T 0.0 0 5.8 32 220 M M 0 45 220
8 69 42 56 -4 9 0 0.00 0.0 0 14.8 30 220 M M 1 37 220
9 57 35 46 -14 19 0 0.00 0.0 0 11.8 23 40 M M 0 29 30
10 67 26 47 -13 18 0 0.00 0.0 0 4.5 17 30 M M 0 22 70
11 69 30 50 -9 15 0 0.00 0.0 0 2.5 14 80 M M 0 17 80
12 74 32 53 -6 12 0 0.00 0.0 0 4.9 17 60 M M 0 26 70
13 76 33 55 -3 10 0 0.00 0.0 0 3.3 16 110 M M 2 22 110
14 77 37 57 -1 8 0 0.00 0.0 0 2.6 15 40 M M 1 22 50
15 80 36 58 0 7 0 0.00 0.0 0 3.6 17 50 M M 0 8 23 60
16 82 38 60 2 5 0 0.00 0.0 0 2.3 16 30 M M 0 21 60
17 82 38 60 3 5 0 0.00 0.0 0 3.6 18 230 M M 0 22 220
18 80 44 62 5 3 0 0.00 0.0 0 5.5 17 220 M M 1 25 210
19 78 45 62 6 3 0 0.00 0.0 0 7.9 20 210 M M 1 28 180
20 79 41 60 4 5 0 0.00 0.0 0 4.0 17 220 M M 1 22 220
21 79 46 63 7 2 0 0.00 0.0 0 2.9 15 230 M M 3 20 230
22 76 48 62 7 3 0 0.00 0.0 0 4.8 23 230 M M 5 29 200
23 79 46 63 8 2 0 0.00 0.0 0 3.1 16 40 M M 1 20 10
24 81 39 60 5 5 0 0.00 0.0 0 3.5 21 230 M M 0 24 230
25 80 45 63 9 2 0 0.00 0.0 0 7.7 25 230 M M 0 35 230
26 78 50 64 10 1 0 0.00 0.0 0 8.2 18 240 M M 0 35 220
27 83 39 61 7 4 0 0.00 0.0 0 M M M M M 0 M M
28 73 39 56 3 9 0 0.00 0.0 0 M M M M M 0 M M
29 78 32 55 2 10 0 0.00 0.0 0 M M M M M 0 M M
30 82 32 57 5 8 0 0.00 0.0 0 M M M M M 0 M M
================================================================================
SM 2370 1217 168 17 T 0.0 134.9 M 18
================================================================================
AV 79.0 40.6 5.2 FASTST M M 1 MAX(MPH)
MISC ----> # 32 220 # 45 220
================================================================================
NOTES:
# LAST OF SEVERAL OCCURRENCES
COLUMN 17 PEAK WIND IN M.P.H.
PRELIMINARY LOCAL CLIMATOLOGICAL DATA (WS FORM: F-6) , PAGE 2
STATION: FLAGSTAFF AZ AIRPORT
MONTH: SEPTEMBER
YEAR: 2020
LATITUDE: 35 7 N
LONGITUDE: 111 40 W
[TEMPERATURE DATA] [PRECIPITATION DATA] SYMBOLS USED IN COLUMN 16
AVERAGE MONTHLY: 59.8 TOTAL FOR MONTH: T 1 = FOG OR MIST
DPTR FM NORMAL: 2.4 DPTR FM NORMAL: -2.38 2 = FOG REDUCING VISIBILITY
HIGHEST: 91 ON 6 GRTST 24HR T ON 7- 7 TO 1/4 MILE OR LESS
LOWEST: 26 ON 10 3 = THUNDER
SNOW, ICE PELLETS, HAIL 4 = ICE PELLETS
TOTAL MONTH: 0.0 INCH 5 = HAIL
GRTST 24HR 0.0 6 = FREEZING RAIN OR DRIZZLE
GRTST DEPTH: 0 7 = DUSTSTORM OR SANDSTORM:
VSBY 1/2 MILE OR LESS
8 = SMOKE OR HAZE
[NO. OF DAYS WITH] [WEATHER - DAYS WITH] 9 = BLOWING SNOW
X = TORNADO
MAX 32 OR BELOW: 0 0.01 INCH OR MORE: 0
MAX 90 OR ABOVE: 3 0.10 INCH OR MORE: 0
MIN 32 OR BELOW: 5 0.50 INCH OR MORE: 0
MIN 0 OR BELOW: 0 1.00 INCH OR MORE: 0
[HDD (BASE 65) ]
TOTAL THIS MO. 168 CLEAR (SCALE 0-3) 29
DPTR FM NORMAL -61 PTCLDY (SCALE 4-7) 1
TOTAL FM JUL 1 191 CLOUDY (SCALE 8-10) 0
DPTR FM NORMAL -126
[CDD (BASE 65) ]
TOTAL THIS MO. 17
DPTR FM NORMAL 14 [PRESSURE DATA]
TOTAL FM JAN 1 275 HIGHEST SLP M ON M
DPTR FM NORMAL 158 LOWEST SLP 29.50 ON 8
[REMARKS]
#FINAL-09-20#