000
CXUS52 KILM 011000
CF6FLO
PRELIMINARY LOCAL CLIMATOLOGICAL DATA (WS FORM: F-6)
STATION: FLORENCE SOUTH CAROLINA
MONTH: MAY
YEAR: 2020
LATITUDE: 34 10 N
LONGITUDE: 79 43 W
TEMPERATURE IN F: :PCPN: SNOW: WIND :SUNSHINE: SKY :PK WND
================================================================================
1 2 3 4 5 6A 6B 7 8 9 10 11 12 13 14 15 16 17 18
12Z AVG MX 2MIN
DY MAX MIN AVG DEP HDD CDD WTR SNW DPTH SPD SPD DIR MIN PSBL S-S WX SPD DR
================================================================================
1 75 53 64 -3 1 0 0.00 M M 9.4 20 290 M M 3 25 290
2 80 47 64 -3 1 0 0.00 M M 3.7 10 270 M M 0 15 310
3 89 59 74 6 0 9 0.00 M M 10.0 20 250 M M 0 25 170
4 88 70 79 11 0 14 0.00 M M 8.9 18 230 M M 1 25 220
5 85 62 74 6 0 9 0.58 M M 6.9 25 300 M M 5 138 36 290
6 78 52 65 -3 0 0 0.06 M M 10.5 30 340 M M 4 3 39 330
7 70 47 59 -10 6 0 0.00 M M 8.4 20 10 M M 0 24 280
8 74 43 59 -10 6 0 T M M 7.3 24 240 M M 4 32 230
9 68 45 57 -12 8 0 0.00 M M 8.4 24 10 M M 1 32 20
10 74 43 59 -11 6 0 0.00 M M 6.5 14 170 M M 0 22 210
11 75 53 64 -6 1 0 0.00 M M 10.2 23 290 M M 0 31 270
12 71 44 58 -12 7 0 0.00 M M 6.3 16 360 M M 0 21 10
13 78 50 64 -6 1 0 T M M 3.0 17 160 M M 4 21 150
14 84 52 68 -2 0 3 0.00 M M 5.9 16 160 M M 1 21 160
15 85 57 71 0 0 6 0.00 M M 5.6 15 160 M M 2 1 19 160
16 88 58 73 2 0 8 0.00 M M 4.1 17 130 M M 2 128 20 130
17 88 64 76 5 0 11 0.01 M M 8.7 20 80 M M 7 1 24 80
18 86 68 77 5 0 12 0.61 M M 5.7 14 270 M M 4 13 20 300
19 79 64 72 0 0 7 2.50 M M 10.6 23 130 M M 10 138 32 150
20 71 62 67 -5 0 2 0.35 M M 9.5 17 60 M M 10 1 21 60
21 80 66 73 1 0 8 0.80 M M 7.0 18 100 M M 4 138 21 100
22 86 64 75 2 0 10 0.88 M M 5.4 26 300 M M 6 123 41 310
23 90 67 79 6 0 14 0.62 M M 5.4 16 250 M M 1 138 20 240
24 92 70 81 8 0 16 0.50 M M 5.4 24 70 M M 2 13 30 60
25 83 71 77 4 0 12 0.00 M M 7.4 14 50 M M 8 1 18 60
26 78 67 73 -1 0 8 T M M 9.0 16 70 M M 5 19 70
27 80 71 76 2 0 11 1.89 M M 12.3 26 60 M M 9 1 35 60
28 90 72 81 7 0 16 0.97 M M 5.5 17 120 M M 7 13 21 120
29 86 71 79 5 0 14 1.30 M M 7.9 25 280 M M 8 13 39 280
30 87 70 79 4 0 14 T M M 3.9 12 10 M M 4 28 270
31 83 63 73 -2 0 8 0.00 M M 8.8 20 60 M M 5 23 50
================================================================================
SM 2521 1845 37 212 11.07 M 227.6 M 117
================================================================================
AV 81.3 59.5 7.3 FASTST M M 4 MAX(MPH)
MISC ----> 30 340 41 310
================================================================================
NOTES:
# LAST OF SEVERAL OCCURRENCES
COLUMN 17 PEAK WIND IN M.P.H.
PRELIMINARY LOCAL CLIMATOLOGICAL DATA (WS FORM: F-6) , PAGE 2
STATION: FLORENCE SOUTH CAROLINA
MONTH: MAY
YEAR: 2020
LATITUDE: 34 10 N
LONGITUDE: 79 43 W
[TEMPERATURE DATA] [PRECIPITATION DATA] SYMBOLS USED IN COLUMN 16
AVERAGE MONTHLY: 70.4 TOTAL FOR MONTH: 11.07 1 = FOG OR MIST
DPTR FM NORMAL: -0.7 DPTR FM NORMAL: 7.81 2 = FOG REDUCING VISIBILITY
HIGHEST: 92 ON 24 GRTST 24HR 2.71 ON 19-20 TO 1/4 MILE OR LESS
LOWEST: 43 ON 10, 8 3 = THUNDER
SNOW, ICE PELLETS, HAIL 4 = ICE PELLETS
TOTAL MONTH: M 5 = HAIL
GRTST 24HR M ON M 6 = FREEZING RAIN OR DRIZZLE
GRTST DEPTH: M ON M 7 = DUSTSTORM OR SANDSTORM:
VSBY 1/2 MILE OR LESS
8 = SMOKE OR HAZE
[NO. OF DAYS WITH] [WEATHER - DAYS WITH] 9 = BLOWING SNOW
X = TORNADO
MAX 32 OR BELOW: 0 0.01 INCH OR MORE: 13
MAX 90 OR ABOVE: 3 0.10 INCH OR MORE: 11
MIN 32 OR BELOW: 0 0.50 INCH OR MORE: 10
MIN 0 OR BELOW: 0 1.00 INCH OR MORE: 3
[HDD (BASE 65) ]
TOTAL THIS MO. 37 CLEAR (SCALE 0-3) 13
DPTR FM NORMAL 14 PTCLDY (SCALE 4-7) 15
TOTAL FM JUL 1 1874 CLOUDY (SCALE 8-10) 3
DPTR FM NORMAL -648
[CDD (BASE 65) ]
TOTAL THIS MO. 212
DPTR FM NORMAL 1 [PRESSURE DATA]
TOTAL FM JAN 1 428 HIGHEST SLP 30.35 ON 14
DPTR FM NORMAL 121 LOWEST SLP 29.73 ON 6
[REMARKS]
#FINAL-05-20#