000
CXUS54 KMAF 011110
CF6FST
PRELIMINARY LOCAL CLIMATOLOGICAL DATA (WS FORM: F-6)
STATION: FORT STOCKTON
MONTH: APRIL
YEAR: 2020
LATITUDE: 30 55 N
LONGITUDE: 102 55 W
TEMPERATURE IN F: :PCPN: SNOW: WIND :SUNSHINE: SKY :PK WND
================================================================================
1 2 3 4 5 6A 6B 7 8 9 10 11 12 13 14 15 16 17 18
12Z AVG MX 2MIN
DY MAX MIN AVG DEP HDD CDD WTR SNW DPTH SPD SPD DIR MIN PSBL S-S WX SPD DR
================================================================================
1 85 56 71 7 0 6 0.00 M M 12.7 22 160 M M 1 28 150
2 85 56 71 7 0 6 0.00 M M 9.7 22 310 M M 0 28 320
3 64 48 56 -8 9 0 0.00 M M 11.3 21 330 M M 2 24 320
4 55 42 49 -16 16 0 T M M 8.6 16 80 M M 7 1 20 80
5 81 49 65 0 0 0 0.00 M M 9.8 24 160 M M 3 34 150
6 79 58 69 4 0 4 0.00 0.0 0 11.5 23 190 M M 1 31 150
7 85 63 74 8 0 9 T 0.0 0 8.8 18 240 M M 2 8 23 250
8 86 60 73 7 0 8 0.00 0.0 0 7.2 17 320 M M 1 8 22 320
9 79 61 70 4 0 5 T M M 8.9 24 200 M M 5 8 32 220
10 83 53 68 2 0 3 T M M 13.8 24 160 M M 3 3 30 160
11 86 59 73 6 0 8 0.00 M M 10.6 25 220 M M 1 3 32 210
12 79 52 66 -1 0 1 0.00 M M 17.6 33 280 M M 0 3 45 280
13 63 35 49 -18 16 0 0.00 M M 10.1 20 70 M M 0 26 70
14 56 36 46 -21 19 0 0.00 0.0 0 8.9 17 90 M M 4 22 90
15 75 40 58 -10 7 0 0.00 M M 13.3 22 160 M M 1 29 150
16 85 50 68 0 0 3 0.00 0.0 0 16.5 28 160 M M 0 37 160
17 62 46 54 -14 11 0 0.00 0.0 0 10.2 28 310 M M 4 35 320
18 81 41 61 -7 4 0 0.00 0.0 0 8.2 20 120 M M 1 24 150
19 83 58 71 2 0 6 0.00 0.0 0 15.1 29 300 M M 0 38 310
20 88 58 73 4 0 8 0.00 0.0 0 10.8 23 280 M M 0 8 28 280
21 94 60 77 8 0 12 0.00 0.0 0 11.9 25 150 M M 0 8 35 140
22 87 66 77 8 0 12 0.00 0.0 0 14.6 29 260 M M 0 8 40 260
23 88 56 72 2 0 7 0.00 M M 11.3 25 260 M M 0 34 290
24 92 63 78 8 0 13 0.00 M M 13.0 25 310 M M 0 30 340
25 79 54 67 -3 0 2 0.00 M M 9.5 17 90 M M 0 23 80
26 89 59 74 4 0 9 0.00 M M 19.1 25 160 M M 0 35 150
27 97 64 81 10 0 16 0.00 M M 14.7 26 220 M M 0 38 37 230
28 97 63 80 9 0 15 0.00 M M 12.0 23 320 M M 0 29 280
29 81 61 71 0 0 6 0.00 M M 12.1 30 40 M M 1 8 36 40
30 93 58 76 4 0 11 0.00 M M 10.3 21 160 M M 0 28 160
================================================================================
SM 2437 1625 82 170 T 0.0 352.1 M 37
================================================================================
AV 81.2 54.2 11.7 FASTST M M 1 MAX(MPH)
MISC ----> 33 280 45 280
================================================================================
NOTES:
# LAST OF SEVERAL OCCURRENCES
COLUMN 17 PEAK WIND IN M.P.H.
PRELIMINARY LOCAL CLIMATOLOGICAL DATA (WS FORM: F-6) , PAGE 2
STATION: FORT STOCKTON
MONTH: APRIL
YEAR: 2020
LATITUDE: 30 55 N
LONGITUDE: 102 55 W
[TEMPERATURE DATA] [PRECIPITATION DATA] SYMBOLS USED IN COLUMN 16
AVERAGE MONTHLY: 67.7 TOTAL FOR MONTH: T 1 = FOG OR MIST
DPTR FM NORMAL: 0.0 DPTR FM NORMAL: -0.75 2 = FOG REDUCING VISIBILITY
HIGHEST: 97 ON 28,27 GRTST 24HR T ON 4- 4 TO 1/4 MILE OR LESS
LOWEST: 35 ON 13 3 = THUNDER
SNOW, ICE PELLETS, HAIL 4 = ICE PELLETS
TOTAL MONTH: 0.0 INCH 5 = HAIL
GRTST 24HR 0.0 6 = FREEZING RAIN OR DRIZZLE
GRTST DEPTH: 0 7 = DUSTSTORM OR SANDSTORM:
VSBY 1/2 MILE OR LESS
8 = SMOKE OR HAZE
[NO. OF DAYS WITH] [WEATHER - DAYS WITH] 9 = BLOWING SNOW
X = TORNADO
MAX 32 OR BELOW: 0 0.01 INCH OR MORE: 0
MAX 90 OR ABOVE: 5 0.10 INCH OR MORE: 0
MIN 32 OR BELOW: 0 0.50 INCH OR MORE: 0
MIN 0 OR BELOW: 0 1.00 INCH OR MORE: 0
[HDD (BASE 65) ]
TOTAL THIS MO. 82 CLEAR (SCALE 0-3) 26
DPTR FM NORMAL 14 PTCLDY (SCALE 4-7) 4
TOTAL FM JUL 1 1877 CLOUDY (SCALE 8-10) 0
DPTR FM NORMAL -56
[CDD (BASE 65) ]
TOTAL THIS MO. 170
DPTR FM NORMAL 21 [PRESSURE DATA]
TOTAL FM JAN 1 227 HIGHEST SLP 30.22 ON 14
DPTR FM NORMAL 29 LOWEST SLP 29.47 ON 11
[REMARKS]
#FINAL-04-20#