000
CXUS54 KFWD 010830
CF6FTW
PRELIMINARY LOCAL CLIMATOLOGICAL DATA (WS FORM: F-6)
STATION: FORT WORTH MEACHAM
MONTH: NOVEMBER
YEAR: 2021
LATITUDE: 32 49 N
LONGITUDE: 97 21 W
TEMPERATURE IN F: :PCPN: SNOW: WIND :SUNSHINE: SKY :PK WND
================================================================================
1 2 3 4 5 6A 6B 7 8 9 10 11 12 13 14 15 16 17 18
12Z AVG MX 2MIN
DY MAX MIN AVG DEP HDD CDD WTR SNW DPTH SPD SPD DIR MIN PSBL S-S WX SPD DR
================================================================================
1 79 51 65 4 0 0 0.00 M M 6.5 18 160 M M 3 27 160
2 58 49 54 -6 11 0 0.68 M M 9.4 16 10 M M 9 13 22 360
3 50 45 48 -12 17 0 0.75 M M 10.5 16 10 M M 10 13 20 10
4 56 41 49 -11 16 0 0.00 M M 4.5 12 20 M M 7 15 20
5 60 39 50 -9 15 0 0.00 M M 3.7 13 130 M M 0 16 140
6 67 41 54 -5 11 0 0.00 M M 4.3 12 160 M M 0 1 16 170
7 74 44 59 0 6 0 0.00 M M 8.1 15 140 M M 0 20 150
8 73 50 62 4 3 0 0.00 M M 9.8 20 150 M M 1 25 140
9 75 56 66 8 0 1 0.00 M M 9.7 18 170 M M 1 1 26 210
10 76 60 68 10 0 3 0.09 M M 13.1 30 310 M M 7 3 45 330
11 66 48 57 0 8 0 0.00 M M 8.3 22 350 M M 0 18 29 360
12 68 41 55 -2 10 0 0.00 M M 8.2 23 350 M M 0 8 31 10
13 65 36 51 -5 14 0 0.00 M M 6.3 13 150 M M 0 8 18 160
14 68 43 56 0 9 0 0.00 M M 5.0 14 190 M M 0 8 22 180
15 80 43 62 6 3 0 0.00 M M 6.0 15 150 M M 0 8 20 150
16 80 60 70 14 0 5 0.00 M M 16.4 25 160 M M 1 35 170
17 82 53 68 13 0 3 0.00 M M 15.4 25 200 M M 2 37 190
18 60 44 52 -3 13 0 0.00 M M 12.7 26 40 M M 2 35 30
19 62 36 49 -5 16 0 M M M 7.6 14 150 M M 0 21 140
20 72 45 59 5 6 0 0.00 M M 12.1 22 180 M M 0 31 160
21 65 47 56 2 9 0 0.00 M M 11.2 22 190 M M 4 29 200
22 65 38 52 -2 13 0 0.00 M M 4.3 10 290 M M 0 15 300
23 70 42 56 3 9 0 0.00 M M 10.9 21 160 M M 0 27 160
24 75 54 65 12 0 0 0.00 M M 13.5 28 170 M M 1 36 180
25 64 41 53 0 12 0 0.00 M M 12.7 28 350 M M 0 40 360
26 55 32 44 -8 21 0 0.00 M M 6.1 13 180 M M 0 19 170
27 58 40 49 -3 16 0 0.33 M M 5.3 14 180 M M 8 1 19 180
28 65 43 54 2 11 0 T M M 6.5 20 360 M M 2 1 26 10
29 74 39 57 6 8 0 0.00 M M 6.0 14 180 M M 0 18 19 240
30 76 45 61 10 4 0 0.00 M M 8.7 17 170 M M 0 25 180
================================================================================
SM 2038 1346 261 12 1.85 M 262.8 M 58
================================================================================
AV 67.9 44.9 8.8 FASTST M M 2 MAX(MPH)
MISC ----> 30 310 45 330
================================================================================
NOTES:
# LAST OF SEVERAL OCCURRENCES
COLUMN 17 PEAK WIND IN M.P.H.
PRELIMINARY LOCAL CLIMATOLOGICAL DATA (WS FORM: F-6) , PAGE 2
STATION: FORT WORTH MEACHAM
MONTH: NOVEMBER
YEAR: 2021
LATITUDE: 32 49 N
LONGITUDE: 97 21 W
[TEMPERATURE DATA] [PRECIPITATION DATA] SYMBOLS USED IN COLUMN 16
AVERAGE MONTHLY: 56.4 TOTAL FOR MONTH: 1.85 1 = FOG OR MIST
DPTR FM NORMAL: 0.7 DPTR FM NORMAL: -0.67 2 = FOG REDUCING VISIBILITY
HIGHEST: 82 ON 17 GRTST 24HR 1.43 ON 2- 3 TO 1/4 MILE OR LESS
LOWEST: 32 ON 26 3 = THUNDER
SNOW, ICE PELLETS, HAIL 4 = ICE PELLETS
TOTAL MONTH: M 5 = HAIL
GRTST 24HR M ON M 6 = FREEZING RAIN OR DRIZZLE
GRTST DEPTH: M ON M 7 = DUSTSTORM OR SANDSTORM:
VSBY 1/2 MILE OR LESS
8 = SMOKE OR HAZE
[NO. OF DAYS WITH] [WEATHER - DAYS WITH] 9 = BLOWING SNOW
X = TORNADO
MAX 32 OR BELOW: 0 0.01 INCH OR MORE: 4
MAX 90 OR ABOVE: 0 0.10 INCH OR MORE: 3
MIN 32 OR BELOW: 1 0.50 INCH OR MORE: 2
MIN 0 OR BELOW: 0 1.00 INCH OR MORE: 0
[HDD (BASE 65) ]
TOTAL THIS MO. 261 CLEAR (SCALE 0-3) 24
DPTR FM NORMAL -38 PTCLDY (SCALE 4-7) 4
TOTAL FM JUL 1 288 CLOUDY (SCALE 8-10) 2
DPTR FM NORMAL -100
[CDD (BASE 65) ]
TOTAL THIS MO. 12
DPTR FM NORMAL -10 [PRESSURE DATA]
TOTAL FM JAN 1 2529 HIGHEST SLP 30.51 ON 18
DPTR FM NORMAL -162 LOWEST SLP 29.73 ON 10
[REMARKS]
#FINAL-11-21#