000
CXUS54 KFWD 010730
CF6FTW
PRELIMINARY LOCAL CLIMATOLOGICAL DATA (WS FORM: F-6)
STATION: FORT WORTH MEACHAM
MONTH: OCTOBER
YEAR: 2020
LATITUDE: 32 49 N
LONGITUDE: 97 21 W
TEMPERATURE IN F: :PCPN: SNOW: WIND :SUNSHINE: SKY :PK WND
================================================================================
1 2 3 4 5 6A 6B 7 8 9 10 11 12 13 14 15 16 17 18
12Z AVG MX 2MIN
DY MAX MIN AVG DEP HDD CDD WTR SNW DPTH SPD SPD DIR MIN PSBL S-S WX SPD DR
================================================================================
1 81 59 70 -2 0 5 0.00 0.0 0 9.8 21 40 M M 0 27 50
2 77 51 64 -7 1 0 0.00 0.0 0 7.1 13 140 M M 0 18 130
3 83 54 69 -2 0 4 0.00 0.0 0 8.8 18 180 M M 0 29 140
4 78 60 69 -2 0 4 0.00 0.0 0 8.9 18 10 M M 1 25 350
5 79 54 67 -3 0 2 0.00 0.0 0 8.2 15 150 M M 0 20 140
6 87 59 73 3 0 8 0.00 0.0 0 7.4 13 130 M M 0 18 170
7 87 63 75 5 0 10 0.00 0.0 0 7.2 15 120 M M 0 19 130
8 87 60 74 5 0 9 0.00 0.0 0 4.9 12 130 M M 0 8 17 130
9 87 68 78 9 0 13 0.00 0.0 0 6.8 15 70 M M 4 1 22 100
10 88 65 77 8 0 12 0.00 0.0 0 4.3 10 90 M M 3 16 170
11 96 67 82 14 0 17 0.00 0.0 0 10.4 23 180 M M 0 36 190
12 82 57 70 2 0 5 0.00 0.0 0 10.6 24 360 M M 1 8 34 350
13 83 49 66 -2 0 1 0.00 0.0 0 4.2 13 140 M M 0 18 17 160
14 92 56 74 7 0 9 0.00 0.0 0 12.6 23 170 M M 0 33 170
15 78 62 70 3 0 5 0.00 0.0 0 14.5 28 40 M M 6 41 20
16 71 48 60 -7 5 0 0.00 0.0 0 8.9 22 20 M M 1 30 20
17 76 49 63 -3 2 0 0.00 0.0 0 14.5 25 180 M M 2 37 170
18 89 52 71 5 0 6 0.00 0.0 0 13.9 22 310 M M 4 33 170
19 63 51 57 -9 8 0 T 0.0 0 6.8 12 310 M M 7 1 15 300
20 87 59 73 7 0 8 T 0.0 0 9.6 21 170 M M 5 29 160
21 86 68 77 12 0 12 0.00 0.0 0 10.8 20 160 M M 3 26 160
22 87 67 77 12 0 12 0.00 0.0 0 12.4 21 150 M M 3 29 150
23 74 48 61 -4 4 0 0.40 0.0 0 14.3 30 360 M M 8 13 44 350
24 59 42 51 -13 14 0 0.00 0.0 0 6.7 17 350 M M 6 24 360
25 64 49 57 -7 8 0 0.04 0.0 0 9.5 17 50 M M 7 1 26 30
26 53 35 44 -20 21 0 0.18 0.0 0 15.0 22 340 M M 8 1 33 350
27 38 35 37 -26 28 0 0.02 M 0 11.7 20 350 M M 10 1 25 350
28 48 36 42 -21 23 0 0.31 M 0 9.2 20 280 M M 8 13 26 280
29 59 36 48 -15 17 0 0.01 M 0 11.1 22 310 M M 6 1 31 310
30 67 35 51 -11 14 0 0.00 0.0 0 3.5 8 110 M M 0 10 70
31 72 42 57 -5 8 0 T M 0 6.1 16 160 M M 0 22 170
================================================================================
SM 2358 1636 153 142 0.96 0.0 289.7 M 93
================================================================================
AV 76.1 52.8 9.3 FASTST M M 3 MAX(MPH)
MISC ----> # 30 360 # 44 350
================================================================================
NOTES:
# LAST OF SEVERAL OCCURRENCES
COLUMN 17 PEAK WIND IN M.P.H.
PRELIMINARY LOCAL CLIMATOLOGICAL DATA (WS FORM: F-6) , PAGE 2
STATION: FORT WORTH MEACHAM
MONTH: OCTOBER
YEAR: 2020
LATITUDE: 32 49 N
LONGITUDE: 97 21 W
[TEMPERATURE DATA] [PRECIPITATION DATA] SYMBOLS USED IN COLUMN 16
AVERAGE MONTHLY: 64.4 TOTAL FOR MONTH: 0.96 1 = FOG OR MIST
DPTR FM NORMAL: -2.4 DPTR FM NORMAL: -3.29 2 = FOG REDUCING VISIBILITY
HIGHEST: 96 ON 11 GRTST 24HR 0.40 ON 23-23 TO 1/4 MILE OR LESS
LOWEST: 35 ON 30,27 3 = THUNDER
SNOW, ICE PELLETS, HAIL 4 = ICE PELLETS
TOTAL MONTH: 0.0 INCH 5 = HAIL
GRTST 24HR 0.0 6 = FREEZING RAIN OR DRIZZLE
GRTST DEPTH: 0 7 = DUSTSTORM OR SANDSTORM:
VSBY 1/2 MILE OR LESS
8 = SMOKE OR HAZE
[NO. OF DAYS WITH] [WEATHER - DAYS WITH] 9 = BLOWING SNOW
X = TORNADO
MAX 32 OR BELOW: 0 0.01 INCH OR MORE: 6
MAX 90 OR ABOVE: 2 0.10 INCH OR MORE: 3
MIN 32 OR BELOW: 0 0.50 INCH OR MORE: 0
MIN 0 OR BELOW: 0 1.00 INCH OR MORE: 0
[HDD (BASE 65) ]
TOTAL THIS MO. 153 CLEAR (SCALE 0-3) 18
DPTR FM NORMAL 76 PTCLDY (SCALE 4-7) 11
TOTAL FM JUL 1 158 CLOUDY (SCALE 8-10) 2
DPTR FM NORMAL 75
[CDD (BASE 65) ]
TOTAL THIS MO. 142
DPTR FM NORMAL 9 [PRESSURE DATA]
TOTAL FM JAN 1 2602 HIGHEST SLP M ON M
DPTR FM NORMAL -15 LOWEST SLP 29.67 ON M
[REMARKS]
#FINAL-10-20#