458
CXUS52 KFFC 011010
CF6FTY
PRELIMINARY LOCAL CLIMATOLOGICAL DATA (WS FORM: F-6)
STATION: FULTON COUNTY AIRPORT
MONTH: MARCH
YEAR: 2021
LATITUDE: 33 46 N
LONGITUDE: 84 31 W
TEMPERATURE IN F: :PCPN: SNOW: WIND :SUNSHINE: SKY :PK WND
================================================================================
1 2 3 4 5 6A 6B 7 8 9 10 11 12 13 14 15 16 17 18
12Z AVG MX 2MIN
DY MAX MIN AVG DEP HDD CDD WTR SNW DPTH SPD SPD DIR MIN PSBL S-S WX SPD DR
================================================================================
1 69 47 58 8 7 0 0.21 M M 7.5 25 340 M M 9 1 37 350
2 49 41 45 -5 20 0 0.09 M M 6.5 15 80 M M 8 19 110
3 65 39 52 2 13 0 0.07 M M 6.0 15 330 M M 3 1 20 340
4 70 40 55 5 10 0 0.00 M M 4.7 24 320 M M 0 30 320
5 67 35 51 0 14 0 0.00 M M 5.0 16 320 M M 1 24 300
6 55 37 46 -5 19 0 0.00 M M 4.8 15 80 M M 7 21 80
7 61 31 46 -5 19 0 0.00 M M 4.1 17 310 M M 0 24 320
8 69 30 50 -2 15 0 0.00 M M 1.8 9 280 M M 0 14 230
9 70 31 51 -1 14 0 0.00 M M 2.3 13 210 M M 0 8 16 210
10 74 36 55 3 10 0 0.00 M M 3.3 15 150 M M 0 22 180
11 74 44 59 7 6 0 0.00 M M 2.6 13 240 M M 0 18 240
12 78 45 62 9 3 0 0.00 M M 2.0 10 300 M M 0 1 17 290
13 78 51 65 12 0 0 0.00 M M 2.3 13 320 M M 4 17 320
14 81 52 67 14 0 2 0.00 M M 2.6 9 130 M M 2 15 140
15 70 60 65 12 0 0 0.04 M M 8.5 17 80 M M 7 28 80
16 60 48 54 0 11 0 1.13 M M 8.1 16 50 M M 10 1 21 50
17 59 50 55 1 10 0 0.24 M M 5.8 13 80 M M 10 1 17 80
18 72 46 59 5 6 0 0.37 M M 12.4 23 280 M M 9 13 34 320
19 60 44 52 -3 13 0 T M M 8.4 20 290 M M 10 29 290
20 59 42 51 -4 14 0 0.00 M M 10.3 20 60 M M 1 31 80
21 67 46 57 2 8 0 0.00 M M 9.8 18 60 M M 8 27 80
22 72 47 60 5 5 0 0.00 M M 6.1 18 70 M M 0 28 70
23 69 57 63 7 2 0 T M M 6.9 15 130 M M 4 28 140
24 75 58 67 11 0 2 0.00 M M 4.2 17 120 M M 4 25 100
25 76 57 67 11 0 2 0.61 M M 6.8 35 300 M M 8 13 54 310
26 75 62 69 13 0 4 0.68 M M 3.1 17 270 M M 8 13 33 250
27 83 62 73 16 0 8 T M M 5.4 16 200 M M 7 1 25 190
28 73 52 63 6 2 0 0.21 0.0 M 10.6 23 320 M M 5 1 37 300
29 69 40 55 -2 10 0 0.00 0.0 M 4.2 15 340 M M 0 22 350
30 76 45 61 4 4 0 0.05 0.0 M 6.2 15 150 M M 6 20 150
31 66 44 55 -2 10 0 1.65 0.0 M 6.3 25 310 M M 10 13 35 290
================================================================================
SM 2141 1419 245 18 5.35 0.0 178.6 M 141
================================================================================
AV 69.1 45.8 5.8 FASTST M M 5 MAX(MPH)
MISC ----> 35 300 54 310
================================================================================
NOTES:
# LAST OF SEVERAL OCCURRENCES
COLUMN 17 PEAK WIND IN M.P.H.
PRELIMINARY LOCAL CLIMATOLOGICAL DATA (WS FORM: F-6) , PAGE 2
STATION: FULTON COUNTY AIRPORT
MONTH: MARCH
YEAR: 2021
LATITUDE: 33 46 N
LONGITUDE: 84 31 W
[TEMPERATURE DATA] [PRECIPITATION DATA] SYMBOLS USED IN COLUMN 16
AVERAGE MONTHLY: 57.4 TOTAL FOR MONTH: 5.35 1 = FOG OR MIST
DPTR FM NORMAL: 3.7 DPTR FM NORMAL: 0.54 2 = FOG REDUCING VISIBILITY
HIGHEST: 83 ON 27 GRTST 24HR 1.70 ON 30-31 TO 1/4 MILE OR LESS
LOWEST: 30 ON 8 3 = THUNDER
SNOW, ICE PELLETS, HAIL 4 = ICE PELLETS
TOTAL MONTH: 0.0 INCH 5 = HAIL
GRTST 24HR 0.0 6 = FREEZING RAIN OR DRIZZLE
GRTST DEPTH: M ON M 7 = DUSTSTORM OR SANDSTORM:
VSBY 1/2 MILE OR LESS
8 = SMOKE OR HAZE
[NO. OF DAYS WITH] [WEATHER - DAYS WITH] 9 = BLOWING SNOW
X = TORNADO
MAX 32 OR BELOW: 0 0.01 INCH OR MORE: 12
MAX 90 OR ABOVE: 0 0.10 INCH OR MORE: 8
MIN 32 OR BELOW: 3 0.50 INCH OR MORE: 4
MIN 0 OR BELOW: 0 1.00 INCH OR MORE: 2
[HDD (BASE 65) ]
TOTAL THIS MO. 245 CLEAR (SCALE 0-3) 12
DPTR FM NORMAL -114 PTCLDY (SCALE 4-7) 11
TOTAL FM JUL 1 2332 CLOUDY (SCALE 8-10) 8
DPTR FM NORMAL -367
[CDD (BASE 65) ]
TOTAL THIS MO. 18
DPTR FM NORMAL 12 [PRESSURE DATA]
TOTAL FM JAN 1 19 HIGHEST SLP 30.57 ON 9
DPTR FM NORMAL 13 LOWEST SLP 29.64 ON 18
[REMARKS]
#FINAL-03-21#