000
CXUS51 KCAR 010600
CF6FVE
PRELIMINARY LOCAL CLIMATOLOGICAL DATA (WS FORM: F-6)
STATION: FRENCHVILLE ME
MONTH: JULY
YEAR: 2020
LATITUDE: 47 16 N
LONGITUDE: 68 19 W
TEMPERATURE IN F: :PCPN: SNOW: WIND :SUNSHINE: SKY :PK WND
================================================================================
1 2 3 4 5 6A 6B 7 8 9 10 11 12 13 14 15 16 17 18
12Z AVG MX 2MIN
DY MAX MIN AVG DEP HDD CDD WTR SNW DPTH SPD SPD DIR MIN PSBL S-S WX SPD DR
================================================================================
1 84 54 69 6 0 4 0.00 M M 4.2 10 320 M M 2 12 14 330
2 81 60 71 8 0 6 0.00 M M 6.6 20 40 M M 6 25 30
3 77 54 66 2 0 1 T M M 6.4 13 190 M M 6 12 17 190
4 78 58 68 4 0 3 0.00 M M 7.7 17 340 M M 1 24 330
5 76 55 66 2 0 1 T M M 4.7 14 10 M M 6 3 18 170
6 73 53 63 -1 2 0 0.01 M M 5.0 12 350 M M 6 12 15 30
7 80 53 67 3 0 2 T M M 8.8 17 170 M M 2 23 170
8 74 58 66 2 0 1 0.40 M M 7.7 16 150 M M 9 13 23 160
9 84 65 75 11 0 10 0.09 M M 5.2 15 200 M M 5 123 19 210
10 89 64 77 13 0 12 0.00 M M 8.1 16 150 M M 4 12 22 150
11 76 67 72 8 0 7 0.07 M M 14.2 24 150 M M 9 1 32 150
12 82 65 74 9 0 9 0.20 M M 11.8 18 140 M M 9 13 27 180
13 76 59 68 3 0 3 T M M 8.0 17 330 M M 6 24 350
14 65 54 60 -5 5 0 0.00 M M 8.1 14 50 M M 7 19 40
15 74 47 61 -4 4 0 0.00 M M 7.1 16 40 M M 1 24 30
16 73 50 62 -3 3 0 0.00 M M 8.2 16 140 M M 0 20 160
17 62 55 59 -6 6 0 0.29 M M 10.0 18 160 M M 7 12 28 150
18 82 59 71 6 0 6 T M M 4.4 15 330 M M 7 12 19 330
19 77 62 70 5 0 5 0.17 M M 6.5 13 210 M M 7 13 19 220
20 84 65 75 10 0 10 0.01 M M 11.7 29 250 M M 6 12 38 240
21 75 57 66 1 0 1 0.00 M M 10.6 20 320 M M 2 27 280
22 80 51 66 1 0 1 T M M 4.4 14 280 M M 1 21 260
23 78 59 69 4 0 4 0.03 M M 4.6 10 330 M M 8 13 150
24 84 61 73 8 0 8 0.00 M M 8.8 17 330 M M 0 24 330
25 86 63 75 10 0 10 T M M 8.7 20 280 M M 5 26 280
26 73 64 69 4 0 4 0.16 M M 7.6 16 260 M M 7 1 21 260
27 86 66 76 11 0 11 T M M 4.7 13 230 M M 6 12 17 220
28 81 67 74 9 0 9 0.05 M M 4.3 14 20 M M 7 123 17 10
29 80 63 72 7 0 7 0.01 M M 4.7 13 100 M M 7 12 17 320
30 77 61 69 4 0 4 0.34 M M 6.4 18 280 M M 4 13 24 280
31 74 57 66 1 0 1 0.07 M M 6.9 16 340 M M 8 1 20 340
================================================================================
SM 2421 1826 20 140 1.90 M 226.1 M 161
================================================================================
AV 78.1 58.9 7.3 FASTST M M 5 MAX(MPH)
MISC ----> # 29 250 # 38 240
================================================================================
NOTES:
# LAST OF SEVERAL OCCURRENCES
COLUMN 17 PEAK WIND IN M.P.H.
PRELIMINARY LOCAL CLIMATOLOGICAL DATA (WS FORM: F-6) , PAGE 2
STATION: FRENCHVILLE ME
MONTH: JULY
YEAR: 2020
LATITUDE: 47 16 N
LONGITUDE: 68 19 W
[TEMPERATURE DATA] [PRECIPITATION DATA] SYMBOLS USED IN COLUMN 16
AVERAGE MONTHLY: 68.5 TOTAL FOR MONTH: 1.90 1 = FOG OR MIST
DPTR FM NORMAL: 4.0 DPTR FM NORMAL: -2.41 2 = FOG REDUCING VISIBILITY
HIGHEST: 89 ON 10 GRTST 24HR 0.40 ON 8- 8 TO 1/4 MILE OR LESS
LOWEST: 47 ON 15 3 = THUNDER
SNOW, ICE PELLETS, HAIL 4 = ICE PELLETS
TOTAL MONTH: M 5 = HAIL
GRTST 24HR M ON M 6 = FREEZING RAIN OR DRIZZLE
GRTST DEPTH: M ON M 7 = DUSTSTORM OR SANDSTORM:
VSBY 1/2 MILE OR LESS
8 = SMOKE OR HAZE
[NO. OF DAYS WITH] [WEATHER - DAYS WITH] 9 = BLOWING SNOW
X = TORNADO
MAX 32 OR BELOW: 0 0.01 INCH OR MORE: 14
MAX 90 OR ABOVE: 0 0.10 INCH OR MORE: 6
MIN 32 OR BELOW: 0 0.50 INCH OR MORE: 0
MIN 0 OR BELOW: 0 1.00 INCH OR MORE: 0
[HDD (BASE 65) ]
TOTAL THIS MO. 20 CLEAR (SCALE 0-3) 8
DPTR FM NORMAL -50 PTCLDY (SCALE 4-7) 20
TOTAL FM JUL 1 20 CLOUDY (SCALE 8-10) 3
DPTR FM NORMAL -50
[CDD (BASE 65) ]
TOTAL THIS MO. 140
DPTR FM NORMAL 86 [PRESSURE DATA]
TOTAL FM JAN 1 275 HIGHEST SLP 30.42 ON 16
DPTR FM NORMAL 193 LOWEST SLP 29.44 ON 12
[REMARKS]
#FINAL-07-20#