000
CXUS53 KIWX 010910
CF6FWA
PRELIMINARY LOCAL CLIMATOLOGICAL DATA (WS FORM: F-6)
STATION: FORT WAYNE
MONTH: DECEMBER
YEAR: 2020
LATITUDE: 41 0 N
LONGITUDE: 85 12 W
TEMPERATURE IN F: :PCPN: SNOW: WIND :SUNSHINE: SKY :PK WND
================================================================================
1 2 3 4 5 6A 6B 7 8 9 10 11 12 13 14 15 16 17 18
12Z AVG MX 2MIN
DY MAX MIN AVG DEP HDD CDD WTR SNW DPTH SPD SPD DIR MIN PSBL S-S WX SPD DR
================================================================================
1 34 29 32 -2 33 0 0.00 0.0 T 15.7 28 280 M M 9 36 280
2 44 26 35 1 30 0 0.00 0.0 0 11.1 17 270 M M 3 23 280
3 42 24 33 0 32 0 0.00 0.0 0 10.5 21 220 M M 4 26 220
4 49 33 41 8 24 0 0.00 0.0 0 11.8 23 270 M M 4 31 230
5 35 28 32 0 33 0 0.00 0.0 0 5.2 12 340 M M 7 15 330
6 33 21 27 -5 38 0 0.00 0.0 0 4.0 10 80 M M 8 12 70
7 37 23 30 -2 35 0 0.00 0.0 0 5.5 12 20 M M 8 15 40
8 37 22 30 -1 35 0 0.00 0.0 0 9.5 23 240 M M 10 30 230
9 52 32 42 11 23 0 0.00 0.0 0 10.5 22 250 M M 4 18 31 260
10 55 25 40 9 25 0 0.00 0.0 0 4.2 12 170 M M 3 18 14 170
11 60 34 47 17 18 0 0.09 0.0 0 5.7 14 240 M M 8 1 17 230
12 57 38 48 18 17 0 0.56 0.0 0 18.0 36 230 M M 9 1 44 230
13 39 33 36 6 29 0 0.00 0.0 0 6.0 15 290 M M 10 22 300
14 36 25 31 2 34 0 0.00 0.0 0 9.5 20 320 M M 8 28 320
15 30 20 25 -4 40 0 0.00 0.0 0 8.7 21 70 M M 9 27 60
16 30 27 29 0 36 0 0.08 0.8 T 10.1 18 60 M M 10 18 25 70
17 30 23 27 -1 38 0 T 0.3 1 4.5 8 290 M M 10 18 11 340
18 34 21 28 0 37 0 0.00 0.0 1 5.9 12 180 M M 8 128 16 180
19 39 29 34 6 31 0 0.01 0.0 T 10.1 15 180 M M 10 1 23 180
20 39 31 35 7 30 0 T 0.0 0 10.4 21 260 M M 8 18 27 240
21 43 32 38 11 27 0 T 0.0 0 13.3 28 290 M M 9 18 38 290
22 44 32 38 11 27 0 T 0.0 0 10.6 21 280 M M 7 28 260
23 52 33 43 16 22 0 0.03 0.0 0 17.8 32 180 M M 9 43 200
24 50 15 33 6 32 0 0.06 0.1 0 18.9 36 240 M M 10 1 46 250
25 20 15 18 -9 47 0 0.01 0.1 T 19.0 29 240 M M 9 36 250
26 34 18 26 0 39 0 0.00 0.0 0 11.4 24 250 M M 6 8 30 250
27 49 18 34 8 31 0 0.04 0.0 0 11.4 30 220 M M 8 39 220
28 46 24 35 9 30 0 T T 0 12.8 35 260 M M 9 45 250
29 33 17 25 -1 40 0 T 0.1 0 8.3 18 120 M M 6 28 130
30 45 30 38 12 27 0 0.39 0.8 0 15.5 28 230 M M 10 1 36 230
31 30 27 29 3 36 0 0.00 0.0 1 6.6 21 280 M M 10 28 280
================================================================================
SM 1258 805 976 0 1.27 2.2 322.5 M 243
================================================================================
AV 40.6 26.0 10.4 FASTST M M 8 MAX(MPH)
MISC ----> # 36 230 46 250
================================================================================
NOTES:
# LAST OF SEVERAL OCCURRENCES
COLUMN 17 PEAK WIND IN M.P.H.
PRELIMINARY LOCAL CLIMATOLOGICAL DATA (WS FORM: F-6) , PAGE 2
STATION: FORT WAYNE
MONTH: DECEMBER
YEAR: 2020
LATITUDE: 41 0 N
LONGITUDE: 85 12 W
[TEMPERATURE DATA] [PRECIPITATION DATA] SYMBOLS USED IN COLUMN 16
AVERAGE MONTHLY: 33.3 TOTAL FOR MONTH: 1.27 1 = FOG OR MIST
DPTR FM NORMAL: 4.2 DPTR FM NORMAL: -1.50 2 = FOG REDUCING VISIBILITY
HIGHEST: 60 ON 11 GRTST 24HR 0.65 ON 11-12 TO 1/4 MILE OR LESS
LOWEST: 15 ON 25,24 3 = THUNDER
SNOW, ICE PELLETS, HAIL 4 = ICE PELLETS
TOTAL MONTH: 2.8 INCHES 5 = HAIL
GRTST 24HR 0.8 ON 16-16 6 = FREEZING RAIN OR DRIZZLE
GRTST DEPTH: 1 ON 31,18 7 = DUSTSTORM OR SANDSTORM:
VSBY 1/2 MILE OR LESS
8 = SMOKE OR HAZE
[NO. OF DAYS WITH] [WEATHER - DAYS WITH] 9 = BLOWING SNOW
X = TORNADO
MAX 32 OR BELOW: 5 0.01 INCH OR MORE: 9
MAX 90 OR ABOVE: 0 0.10 INCH OR MORE: 2
MIN 32 OR BELOW: 26 0.50 INCH OR MORE: 1
MIN 0 OR BELOW: 0 1.00 INCH OR MORE: 0
[HDD (BASE 65) ]
TOTAL THIS MO. 976 CLEAR (SCALE 0-3) 1
DPTR FM NORMAL -135 PTCLDY (SCALE 4-7) 13
TOTAL FM JUL 1 2085 CLOUDY (SCALE 8-10) 17
DPTR FM NORMAL -243
[CDD (BASE 65) ]
TOTAL THIS MO. 0
DPTR FM NORMAL 0 [PRESSURE DATA]
TOTAL FM JAN 1 938 HIGHEST SLP 30.61 ON 29
DPTR FM NORMAL 129 LOWEST SLP 29.52 ON 23
[REMARKS]
#FINAL-12-20#