000
CXUS54 KTSA 021540
CLMFYV
CLIMATE REPORT
NATIONAL WEATHER SERVICE TULSA OK
1040 AM CDT TUE MAY 02 2023
...................................
...THE FAYETTEVILLE ARKANSAS CLIMATE SUMMARY FOR THE MONTH OF APRIL 2023...
CLIMATE NORMAL PERIOD 1991 TO 2020
CLIMATE RECORD PERIOD 1905 TO 2023
WEATHER OBSERVED NORMAL DEPART LAST YEAR`S
VALUE DATE(S) VALUE FROM VALUE DATE(S)
NORMAL
................................................................
TEMPERATURE (F)
RECORD
HIGH 93 04/17/2006
LOW 17 04/08/2007
HIGHEST 85 04/03 96 -11 85 04/22
LOWEST 31 04/24 18 13 26 04/01
04/09
AVG. MAXIMUM 71.2 69.7 1.5 70.9
AVG. MINIMUM 43.9 44.5 -0.6 47.6
MEAN 57.5 57.1 0.5 59.3
DAYS MAX >= 90 0 0.1 -0.1 0
DAYS MAX <= 32 0 0.0 0.0 0
DAYS MIN <= 32 3 3.0 0.0 4
DAYS MIN <= 0 0 0.0 0.0 0
PRECIPITATION (INCHES)
RECORD
MAXIMUM 15.28 2011
MINIMUM 0.14 1989
TOTALS 1.80 5.01 -3.21 3.94
DAILY AVG. 0.06 0.17 -0.11 0.13
DAYS >= .01 8 10.3 -2.3 11
DAYS >= .10 5 7.0 -2.0 9
DAYS >= .50 1 3.1 -2.1 3
DAYS >= 1.00 0 1.4 -1.4 1
GREATEST
24 HR. TOTAL 0.84 04/26 TO 04/27
SNOWFALL (INCHES)
RECORDS
TOTAL 1.0 1957
TOTALS 0.0 0.0 0.0 0.0
SINCE 7/1 12.7 6.5 6.2 MM
SNOWDEPTH AVG. 0 0
DAYS >= TRACE 0 0.0 0.0 0
DAYS >= 1.0 0 0.0 0.0 0
GREATEST
SNOW DEPTH 0 0 MM
24 HR TOTAL 0.0
DEGREE DAYS
HEATING TOTAL 238 260 -22 213
SINCE 7/1 3386 3988 -602 MM
COOLING TOTAL 22 23 -1 48
SINCE 1/1 32 29 3 MM
................................................................
WIND (MPH)
AVERAGE WIND SPEED 7.1
HIGHEST WIND SPEED/DIRECTION 30/170 DATE 04/04
HIGHEST GUST SPEED/DIRECTION 41/180 DATE 04/04
41/180 04/19
SKY COVER
POSSIBLE SUNSHINE (PERCENT) MM
AVERAGE SKY COVER 0.28
NUMBER OF DAYS FAIR 20
NUMBER OF DAYS PC 6
NUMBER OF DAYS CLOUDY 4
AVERAGE RH (PERCENT) 60
WEATHER CONDITIONS. NUMBER OF DAYS WITH
THUNDERSTORM 5 MIXED PRECIP 0
HEAVY RAIN 3 RAIN 6
LIGHT RAIN 10 FREEZING RAIN 0
LT FREEZING RAIN 0 HAIL 0
HEAVY SNOW 0 SNOW 0
LIGHT SNOW 0 SLEET 0
FOG 7 FOG W/VIS <= 1/4 MILE 1
HAZE 5
- INDICATES NEGATIVE NUMBERS.
R INDICATES RECORD WAS SET OR TIED.
MM INDICATES DATA IS MISSING.
T INDICATES TRACE AMOUNT.
$$