000
CXUS54 KTSA 011100
CLMFYV
CLIMATE REPORT
NATIONAL WEATHER SERVICE TULSA OK
600 AM CDT SAT APR 01 2023
...................................
...THE FAYETTEVILLE ARKANSAS CLIMATE SUMMARY FOR THE MONTH OF MARCH 2023...
CLIMATE NORMAL PERIOD 1991 TO 2020
CLIMATE RECORD PERIOD 1905 TO 2023
WEATHER OBSERVED NORMAL DEPART LAST YEAR`S
VALUE DATE(S) VALUE FROM VALUE DATE(S)
NORMAL
................................................................
TEMPERATURE (F)
RECORD
HIGH 89 03/26/2020
03/22/1995
03/31/1974
LOW 0 03/04/2002
HIGHEST 81 03/31 96 -15 84 03/03
LOWEST 18 03/19 1 17 13 03/12
AVG. MAXIMUM 61.4 60.7 0.7 63.2
AVG. MINIMUM 39.1 36.1 3.0 36.0
MEAN 50.3 48.4 1.9 49.6
DAYS MAX >= 90 0 0.0 0.0 0
DAYS MAX <= 32 0 0.2 -0.2 0
DAYS MIN <= 32 9 11.5 -2.5 12
DAYS MIN <= 0 0 0.0 0.0 0
PRECIPITATION (INCHES)
RECORD
MAXIMUM 10.05 2008
MINIMUM 0.58 2001
TOTALS 7.50 3.98 3.52 3.59
DAILY AVG. 0.24 0.13 0.11 0.12
DAYS >= .01 10 11.1 -1.1 10
DAYS >= .10 8 6.6 1.4 7
DAYS >= .50 5 2.8 2.2 2
DAYS >= 1.00 2 1.1 0.9 1
GREATEST
24 HR. TOTAL 3.59 03/02 TO 03/03
SNOWFALL (INCHES)
RECORDS
TOTAL 15.0 1968
TOTALS 0.0 1.3 -1.3 2.2
SINCE 7/1 12.7 6.5 6.2 MM
SNOWDEPTH AVG. 0 0
DAYS >= TRACE 0 0.5 -0.5 2
DAYS >= 1.0 0 0.2 -0.2 1
GREATEST
SNOW DEPTH 0 1 03/12
24 HR TOTAL MM
DEGREE DAYS
HEATING TOTAL 461 520 -59 467
SINCE 7/1 3148 3727 -579 MM
COOLING TOTAL 10 5 5 1
SINCE 1/1 10 6 4 MM
................................................................
WIND (MPH)
AVERAGE WIND SPEED 7.5
HIGHEST WIND SPEED/DIRECTION 35/260 DATE 03/31
HIGHEST GUST SPEED/DIRECTION 55/250 DATE 03/31
SKY COVER
POSSIBLE SUNSHINE (PERCENT) MM
AVERAGE SKY COVER 0.43
NUMBER OF DAYS FAIR 15
NUMBER OF DAYS PC 8
NUMBER OF DAYS CLOUDY 8
AVERAGE RH (PERCENT) 66
WEATHER CONDITIONS. NUMBER OF DAYS WITH
THUNDERSTORM 6 MIXED PRECIP 0
HEAVY RAIN 5 RAIN 9
LIGHT RAIN 10 FREEZING RAIN 0
LT FREEZING RAIN 0 HAIL 0
HEAVY SNOW 0 SNOW 0
LIGHT SNOW 0 SLEET 0
FOG 17 FOG W/VIS <= 1/4 MILE 2
HAZE 11
- INDICATES NEGATIVE NUMBERS.
R INDICATES RECORD WAS SET OR TIED.
MM INDICATES DATA IS MISSING.
T INDICATES TRACE AMOUNT.
$$