000
CXUS54 KTSA 011200
CLMFYV
CLIMATE REPORT
NATIONAL WEATHER SERVICE TULSA OK
830 AM CST FRI DEC 01 2023
...................................
...THE FAYETTEVILLE ARKANSAS CLIMATE SUMMARY FOR THE MONTH OF NOVEMBER 2023...
CLIMATE NORMAL PERIOD 1991 TO 2020
CLIMATE RECORD PERIOD 1905 TO 2023
WEATHER OBSERVED NORMAL DEPART LAST YEAR`S
VALUE DATE(S) VALUE FROM VALUE DATE(S)
NORMAL
................................................................
TEMPERATURE (F)
RECORD
HIGH 83 11/02/2017
11/09/2006
09/02/1939
LOW 4 11/29/1976
HIGHEST 83R 11/07 84 -1 82 11/09
11/08
LOWEST 20 11/01 4 16 15 11/20
11/27
AVG. MAXIMUM 64.3 59.4 4.9 60.0
AVG. MINIMUM 35.9 35.3 0.6 34.7
MEAN 50.1 47.3 2.8 47.4
DAYS MAX >= 90 0 0.0 0.0 0
DAYS MAX <= 32 0 0.2 -0.2 0
DAYS MIN <= 32 13 12.8 0.2 15
DAYS MIN <= 0 0 0.0 0.0 0
PRECIPITATION (INCHES)
RECORD
MAXIMUM 9.65 1996
MINIMUM 0.35 2007
TOTALS 1.94 3.68 -1.74 4.70
DAILY AVG. 0.06 0.12 -0.06 0.16
DAYS >= .01 7 8.6 -1.6 8
DAYS >= .10 4 5.2 -1.2 6
DAYS >= .50 2 2.4 -0.4 3
DAYS >= 1.00 0 1.2 -1.2 3
GREATEST
24 HR. TOTAL 1.09 11/19 TO 11/20
SNOWFALL (INCHES)
RECORDS
TOTAL 8.0 1976
TOTALS T 0.2 -0.2 2.9
SINCE 7/1 T 0.2 -0.2 MM
SNOWDEPTH AVG. 0 0
DAYS >= TRACE 1 0.3 0.7 5
DAYS >= 1.0 0 0.1 -0.1 1
GREATEST
SNOW DEPTH 0 0 MM
24 HR TOTAL MM
DEGREE DAYS
HEATING TOTAL 463 532 -69 538
SINCE 7/1 649 820 -171 MM
COOLING TOTAL 22 3 19 17
SINCE 1/1 1808 1352 456 MM
................................................................
WIND (MPH)
AVERAGE WIND SPEED 5.1
HIGHEST WIND SPEED/DIRECTION 25/190 DATE 11/08
HIGHEST GUST SPEED/DIRECTION 37/150 DATE 11/30
SKY COVER
POSSIBLE SUNSHINE (PERCENT) MM
AVERAGE SKY COVER 0.26
NUMBER OF DAYS FAIR 20
NUMBER OF DAYS PC 6
NUMBER OF DAYS CLOUDY 4
AVERAGE RH (PERCENT) 64
WEATHER CONDITIONS. NUMBER OF DAYS WITH
THUNDERSTORM 2 MIXED PRECIP 1
HEAVY RAIN 2 RAIN 4
LIGHT RAIN 6 FREEZING RAIN 0
LT FREEZING RAIN 0 HAIL 0
HEAVY SNOW 0 SNOW 0
LIGHT SNOW 0 SLEET 0
FOG 13 FOG W/VIS <= 1/4 MILE 2
HAZE 6
- INDICATES NEGATIVE NUMBERS.
R INDICATES RECORD WAS SET OR TIED.
MM INDICATES DATA IS MISSING.
T INDICATES TRACE AMOUNT.
$$