000
CXUS53 KUNR 011901
CLMGCC
CLIMATE REPORT
NATIONAL WEATHER SERVICE RAPID CITY SD
1201 PM MST THU FEB 01 2024
...................................
...THE GILLETTE AIRPORT WY CLIMATE SUMMARY FOR THE MONTH OF JANUARY 2024...
CLIMATE NORMAL PERIOD 1991 TO 2020
CLIMATE RECORD PERIOD 9999 TO 9999
WEATHER OBSERVED NORMAL DEPART LAST YEAR`S
VALUE DATE(S) VALUE FROM VALUE DATE(S)
NORMAL
................................................................
TEMPERATURE (F)
HIGHEST 63 01/30 49 01/14
01/31
LOWEST -40R 01/13 -19 01/29
01/30
AVG. MAXIMUM 34.5 36.1 -1.6 33.1
AVG. MINIMUM 7.1 14.3 -7.2 17.3
MEAN 20.8 25.2 -4.4 25.2
DAYS MAX >= 90 0 0
DAYS MAX <= 32 10 10
DAYS MIN <= 32 29 29
DAYS MIN <= 0 8 5
PRECIPITATION (INCHES)
TOTALS 0.28 0.33 -0.05 0.82
DAILY AVG. 0.01 0.01 -0.00 0.03
DAYS >= .01 9 13
DAYS >= .10 1 2
DAYS >= .50 0 0
DAYS >= 1.00 0 0
GREATEST
24 HR. TOTAL 0.13 01/07 TO 01/08 0.45
DEGREE DAYS
HEATING TOTAL 1361 1234 127 1226
SINCE 7/1 3721 4285 -564 MM
COOLING TOTAL 0 0 0 0
SINCE 1/1 0 0 0 MM
................................................................
WIND (MPH)
AVERAGE WIND SPEED 8.3
HIGHEST WIND SPEED/DIRECTION 36/330 DATE 01/18
HIGHEST GUST SPEED/DIRECTION 46/330 DATE 01/18
AVERAGE RH (PERCENT) 65
WEATHER CONDITIONS. NUMBER OF DAYS WITH
THUNDERSTORM 0 MIXED PRECIP 0
HEAVY RAIN 0 RAIN 0
LIGHT RAIN 0 FREEZING RAIN 0
LT FREEZING RAIN 0 HAIL 0
HEAVY SNOW 1 SNOW 1
LIGHT SNOW 10 SLEET 0
FOG 8 FOG W/VIS <= 1/4 MILE 0
HAZE 7
- INDICATES NEGATIVE NUMBERS.
R INDICATES RECORD WAS SET OR TIED.
MM INDICATES DATA IS MISSING.
T INDICATES TRACE AMOUNT.
$$