000
CXUS53 KDDC 031254
CF6GCK
PRELIMINARY LOCAL CLIMATOLOGICAL DATA (WS FORM: F-6)
STATION: GARDEN CITY REGIONAL ARPT KS
MONTH: SEPTEMBER
YEAR: 2022
LATITUDE: 37 55 N
LONGITUDE: 100 43 W
TEMPERATURE IN F: :PCPN: SNOW: WIND :SUNSHINE: SKY :PK WND
================================================================================
1 2 3 4 5 6A 6B 7 8 9 10 11 12 13 14 15 16 17 18
12Z AVG MX 2MIN
DY MAX MIN AVG DEP HDD CDD WTR SNW DPTH SPD SPD DIR MIN PSBL S-S WX SPD DR
================================================================================
1 91 64 78 5 0 13 0.01 M M 7.5 22 140 M M 1 13 28 140
2 95 58 77 4 0 12 0.11 M M 8.8 44 110 M M 1 138 58 30
3 90 58 74 1 0 9 0.00 M M 9.6 17 10 M M 0 21 10
4 89 54 72 0 0 7 0.00 M M 6.1 15 110 M M 0 21 110
5 91 54 73 1 0 8 0.00 M M 8.0 16 140 M M 0 23 180
6 95 55 75 3 0 10 0.00 M M 8.1 17 240 M M 0 22 210
7 99 57 78 6 0 13 0.00 M M 6.7 16 140 M M 0 22 120
8 95 61 78 7 0 13 0.00 M M 11.8 22 180 M M 0 30 150
9 92 58 75 4 0 10 T M M 10.5 35 30 M M 0 46 40
10 60 48 54 -17 11 0 T M M 14.8 26 30 M M 9 1 35 30
11 75 41 58 -12 7 0 0.00 M M 4.7 15 190 M M 0 20 210
12 89 49 69 -1 0 4 0.00 M M 7.7 17 190 M M 0 26 200
13 94 56 75 5 0 10 0.00 M M 7.2 17 150 M M 0 24 150
14 92 64 78 9 0 13 0.00 M M 17.2 32 180 M M 1 43 200
15 91 62 77 8 0 12 0.54 M M 16.8 37 200 M M 2 13 47 210
16 88 57 73 4 0 8 0.00 M M 8.2 21 120 M M 0 1 26 120
17 91 65 78 10 0 13 0.00 M M 7.6 22 180 M M 0 8 30 180
18 100 68 84 16 0 19 0.00 M M 16.2 24 230 M M 0 36 220
19 97 64 81 13 0 16 0.00 M M 13.6 31 190 M M 0 40 220
20 99 68 84 17 0 19 0.00 M M 13.4 25 190 M M 0 33 180
21 84 52 68 1 0 3 T M M 17.5 33 30 M M 2 45 30
22 54 47 51 -15 14 0 0.34 M M 11.4 22 30 M M 10 1 26 30
23 78 52 65 -1 0 0 0.02 M M 9.9 18 170 M M 4 1 25 170
24 88 51 70 4 0 5 0.00 M M 5.8 14 20 M M 0 18 30
25 78 49 64 -1 1 0 T M M 9.3 21 20 M M 0 26 30
26 85 47 66 1 0 1 0.00 M M 8.5 18 230 M M 0 26 230
27 87 49 68 4 0 3 0.00 M M 8.5 16 70 M M 0 21 50
28 80 53 67 3 0 2 T M M 9.4 18 110 M M 1 24 110
29 88 50 69 6 0 4 0.00 M M 15.6 29 150 M M 0 38 140
30 91 53 72 9 0 7 0.00 M M 15.7 32 200 M M 0 43 210
================================================================================
SM 2626 1664 33 234 1.02 M 316.1 M 31
================================================================================
AV 87.5 55.5 10.5 FASTST M M 1 MAX(MPH)
MISC ----> 44 110 58 30
================================================================================
NOTES:
# LAST OF SEVERAL OCCURRENCES
COLUMN 17 PEAK WIND IN M.P.H.
PRELIMINARY LOCAL CLIMATOLOGICAL DATA (WS FORM: F-6) , PAGE 2
STATION: GARDEN CITY REGIONAL ARPT KS
MONTH: SEPTEMBER
YEAR: 2022
LATITUDE: 37 55 N
LONGITUDE: 100 43 W
[TEMPERATURE DATA] [PRECIPITATION DATA] SYMBOLS USED IN COLUMN 16
AVERAGE MONTHLY: 71.5 TOTAL FOR MONTH: 1.02 1 = FOG OR MIST
DPTR FM NORMAL: 2.9 DPTR FM NORMAL: -0.35 2 = FOG REDUCING VISIBILITY
HIGHEST: 100 ON 18 GRTST 24HR 0.54 ON 15-15 TO 1/4 MILE OR LESS
LOWEST: 41 ON 11 3 = THUNDER
4 = ICE PELLETS
5 = HAIL
6 = FREEZING RAIN OR DRIZZLE
7 = DUSTSTORM OR SANDSTORM:
VSBY 1/2 MILE OR LESS
8 = SMOKE OR HAZE
[NO. OF DAYS WITH] [WEATHER - DAYS WITH] 9 = BLOWING SNOW
X = TORNADO
MAX 32 OR BELOW: 0 0.01 INCH OR MORE: 5
MAX 90 OR ABOVE: 16 0.10 INCH OR MORE: 3
MIN 32 OR BELOW: 0 0.50 INCH OR MORE: 1
MIN 0 OR BELOW: 0 1.00 INCH OR MORE: 0
[HDD (BASE 65) ]
TOTAL THIS MO. 33 CLEAR (SCALE 0-3) 27
DPTR FM NORMAL -26 PTCLDY (SCALE 4-7) 1
TOTAL FM JUL 1 33 CLOUDY (SCALE 8-10) 2
DPTR FM NORMAL -30
[CDD (BASE 65) ]
TOTAL THIS MO. 234
DPTR FM NORMAL 68 [PRESSURE DATA]
TOTAL FM JAN 1 1667 HIGHEST SLP 30.36 ON 11
DPTR FM NORMAL 364 LOWEST SLP 29.67 ON 9
[REMARKS]
#FINAL-09-22#