000
CXUS54 KMAF 011613
CF6GDP
PRELIMINARY LOCAL CLIMATOLOGICAL DATA (WS FORM: F-6)
STATION: GUADALUPE PASS
MONTH: OCTOBER
YEAR: 2022
LATITUDE: 31 49 N
LONGITUDE: 104 48 W
TEMPERATURE IN F: :PCPN: SNOW: WIND :SUNSHINE: SKY :PK WND
================================================================================
1 2 3 4 5 6A 6B 7 8 9 10 11 12 13 14 15 16 17 18
12Z AVG MX 2MIN
DY MAX MIN AVG DEP HDD CDD WTR SNW DPTH SPD SPD DIR MIN PSBL S-S WX SPD DR
================================================================================
1 78 61 70 3 0 5 0.00 M M 13.6 30 40 M M 1 33 50
2 75 55 65 -2 0 0 0.00 M M 22.5 30 40 M M 1 8 37 80
3 73 58 66 0 0 1 0.00 M M 20.4 29 40 M M 1 31 40
4 80 53 67 1 0 2 1.15 M M 9.8 35 40 M M 4 1 38 250
5 70 54 62 -4 3 0 0.26 M M 13.8 32 240 M M 7 12 40 250
6 67 53 60 -6 5 0 T M M 23.2 32 40 M M 8 1 35 40
7 66 53 60 -5 5 0 0.08 M M 25.9 41 40 M M 8 12 45 50
8 58 51 55 -10 10 0 T M M 27.6 38 50 M M 10 128 42 50
9 60 51 56 -9 9 0 0.07 M M 16.5 30 40 M M 7 128 31 40
10 72 52 62 -2 3 0 0.00 M M 11.3 24 40 M M 5 18 27 30
11 75 52 64 0 1 0 0.00 M M 14.9 36 230 M M 2 42 220
12 79 55 67 3 0 2 0.00 M M 11.6 21 230 M M 0 30 240
13 70 57 64 0 1 0 0.00 M M 11.8 22 40 M M 0 27 40
14 80 55 68 5 0 3 0.00 M M 12.9 26 240 M M 0 37 230
15 83 61 72 9 0 7 0.02 M M 12.2 35 230 M M 0 8 57 240
16 66 48 57 -5 8 0 0.37 M M 25.6 45 40 M M 7 12 49 40
17 48 44 46 -16 19 0 0.22 M M 34.4 49 50 M M 10 12 58 40
18 52 42 47 -15 18 0 T M M 20.9 29 50 M M 8 128 33 50
19 64 43 54 -8 11 0 0.00 M M 10.2 18 240 M M 0 29 260
20 70 47 59 -2 6 0 0.00 M M 12.0 17 250 M M 0 24 230
21 75 49 62 1 3 0 0.00 M M 22.1 37 250 M M 0 47 250
22 74 55 65 5 0 0 0.00 M M 25.7 41 240 M M 0 54 250
23 76 55 66 6 0 1 T M M 33.4 54 240 M M 1 8 66 240
24 57 39 48 -12 17 0 0.21 M M 29.7 58 260 M M 5 128 72 270
25 64 37 51 -8 14 0 0.00 M M 22.8 35 240 M M 0 46 250
26 68 44 56 -3 9 0 0.00 M M 17.8 36 250 M M 0 45 250
27 67 41 54 -5 11 0 T M M 23.0 48 240 M M 2 8 61 250
28 58 37 48 -10 17 0 0.00 M M 13.0 32 40 M M 3 1 40 40
29 63 42 53 -5 12 0 0.00 M M 10.3 22 240 M M 0 1 29 250
30 67 44 56 -1 9 0 0.00 M M 12.7 22 50 M M 0 27 250
31 64 49 57 0 8 0 0.00 M M 15.9 21 50 M M 0 27 60
================================================================================
SM 2119 1537 199 21 2.38 M 577.5 M 90
================================================================================
AV 68.4 49.6 18.6 FASTST M M 3 MAX(MPH)
MISC ----> 58 260 72 270
================================================================================
NOTES:
# LAST OF SEVERAL OCCURRENCES
COLUMN 17 PEAK WIND IN M.P.H.
PRELIMINARY LOCAL CLIMATOLOGICAL DATA (WS FORM: F-6) , PAGE 2
STATION: GUADALUPE PASS
MONTH: OCTOBER
YEAR: 2022
LATITUDE: 31 49 N
LONGITUDE: 104 48 W
[TEMPERATURE DATA] [PRECIPITATION DATA] SYMBOLS USED IN COLUMN 16
AVERAGE MONTHLY: 59.0 TOTAL FOR MONTH: 2.38 1 = FOG OR MIST
DPTR FM NORMAL: -3.3 DPTR FM NORMAL: 1.58 2 = FOG REDUCING VISIBILITY
HIGHEST: 83 ON 15 GRTST 24HR 1.37 ON 4- 5 TO 1/4 MILE OR LESS
LOWEST: 37 ON 28,25 3 = THUNDER
SNOW, ICE PELLETS, HAIL 4 = ICE PELLETS
TOTAL MONTH: M 5 = HAIL
GRTST 24HR M ON M 6 = FREEZING RAIN OR DRIZZLE
GRTST DEPTH: M ON M 7 = DUSTSTORM OR SANDSTORM:
VSBY 1/2 MILE OR LESS
8 = SMOKE OR HAZE
[NO. OF DAYS WITH] [WEATHER - DAYS WITH] 9 = BLOWING SNOW
X = TORNADO
MAX 32 OR BELOW: 0 0.01 INCH OR MORE: 8
MAX 90 OR ABOVE: 0 0.10 INCH OR MORE: 5
MIN 32 OR BELOW: 0 0.50 INCH OR MORE: 1
MIN 0 OR BELOW: 0 1.00 INCH OR MORE: 1
[HDD (BASE 65) ]
TOTAL THIS MO. 199 CLEAR (SCALE 0-3) 20
DPTR FM NORMAL 53 PTCLDY (SCALE 4-7) 8
TOTAL FM JUL 1 203 CLOUDY (SCALE 8-10) 3
DPTR FM NORMAL 29
[CDD (BASE 65) ]
TOTAL THIS MO. 21
DPTR FM NORMAL -41 [PRESSURE DATA]
TOTAL FM JAN 1 1760 HIGHEST SLP 30.37 ON 19
DPTR FM NORMAL 97 LOWEST SLP 29.55 ON 23
[REMARKS]
#FINAL-10-22#