000
CXUS56 KOTX 010910
CF6GEG
PRELIMINARY LOCAL CLIMATOLOGICAL DATA (WS FORM: F-6)
STATION: SPOKANE WA AIRPORT
MONTH: APRIL
YEAR: 2022
LATITUDE: 47 37 N
LONGITUDE: 117 32 W
TEMPERATURE IN F: :PCPN: SNOW: WIND :SUNSHINE: SKY :PK WND
================================================================================
1 2 3 4 5 6A 6B 7 8 9 10 11 12 13 14 15 16 17 18
12Z AVG MX 2MIN
DY MAX MIN AVG DEP HDD CDD WTR SNW DPTH SPD SPD DIR MIN PSBL S-S WX SPD DR
================================================================================
1 51 29 40 -4 25 0 0.00 0.0 0 7.4 16 240 M M 6 21 250
2 55 37 46 2 19 0 0.02 0.0 0 14.8 30 260 M M 6 1 43 250
3 55 32 44 0 21 0 0.00 0.0 0 10.6 24 240 M M 7 30 220
4 52 33 43 -1 22 0 0.29 0.0 0 28.1 51 240 M M 8 17 59 260
5 51 29 40 -4 25 0 0.00 0.0 0 20.0 30 240 M M 6 36 240
6 52 27 40 -5 25 0 0.00 0.0 0 4.5 14 220 M M 2 17 220
7 66 34 50 5 15 0 0.00 0.0 0 8.2 15 60 M M 6 8 18 60
8 60 35 48 3 17 0 T 0.0 0 17.9 37 250 M M 6 45 260
9 49 29 39 -6 26 0 T T 0 16.9 31 260 M M 6 5 39 240
10 42 25 34 -12 31 0 0.00 0.0 0 7.1 20 210 M M 7 25 210
11 38 28 33 -13 32 0 T T 0 18.4 31 60 M M 9 18 40 40
12 40 29 35 -11 30 0 T T T 13.0 25 40 M M 9 31 40
13 44 26 35 -11 30 0 T T 0 11.8 23 70 M M 6 35 30
14 38 30 34 -12 31 0 0.13 1.5 T 8.9 20 50 M M 10 18 25 50
15 40 28 34 -13 31 0 T 0.2 1 7.3 17 220 M M 6 18 20 80
16 46 26 36 -11 29 0 0.05 0.4 0 9.7 20 240 M M 9 1 23 310
17 47 30 39 -8 26 0 T T T 9.2 17 220 M M 8 21 220
18 57 34 46 -1 19 0 0.21 0.0 0 12.7 33 260 M M 10 1 39 270
19 51 33 42 -6 23 0 T 0.0 0 15.7 28 220 M M 7 37 210
20 53 36 45 -3 20 0 0.10 0.0 0 6.9 18 140 M M 9 1 24 140
21 53 36 45 -3 20 0 0.01 0.0 0 8.4 22 240 M M 8 1 26 230
22 58 32 45 -3 20 0 T 0.0 0 6.0 23 250 M M 4 12 26 250
23 59 34 47 -2 18 0 T 0.0 0 7.8 23 290 M M 4 28 300
24 64 38 51 2 14 0 0.00 0.0 0 6.7 12 200 M M 4 17 210
25 62 43 53 4 12 0 0.13 0.0 0 7.5 18 240 M M 10 1 22 250
26 54 38 46 -4 19 0 0.06 0.0 0 15.9 30 240 M M 8 1 38 230
27 51 33 42 -8 23 0 0.00 0.0 0 10.0 20 210 M M 7 25 240
28 55 34 45 -5 20 0 T 0.0 0 6.2 17 310 M M 7 23 280
29 56 39 48 -3 17 0 0.00 0.0 0 8.8 17 210 M M 8 21 230
30 51 41 46 -5 19 0 0.09 0.0 0 8.3 16 70 M M 9 1 20 70
================================================================================
SM 1550 978 679 0 1.09 2.1 334.7 M 212
================================================================================
AV 51.7 32.6 11.2 FASTST M M 7 MAX(MPH)
MISC ----> 51 240 59 260
================================================================================
NOTES:
# LAST OF SEVERAL OCCURRENCES
COLUMN 17 PEAK WIND IN M.P.H.
PRELIMINARY LOCAL CLIMATOLOGICAL DATA (WS FORM: F-6) , PAGE 2
STATION: SPOKANE WA AIRPORT
MONTH: APRIL
YEAR: 2022
LATITUDE: 47 37 N
LONGITUDE: 117 32 W
[TEMPERATURE DATA] [PRECIPITATION DATA] SYMBOLS USED IN COLUMN 16
AVERAGE MONTHLY: 42.1 TOTAL FOR MONTH: 1.09 1 = FOG OR MIST
DPTR FM NORMAL: -4.9 DPTR FM NORMAL: -0.16 2 = FOG REDUCING VISIBILITY
HIGHEST: 66 ON 7 GRTST 24HR 0.29 ON 4- 4 TO 1/4 MILE OR LESS
LOWEST: 25 ON 10 3 = THUNDER
SNOW, ICE PELLETS, HAIL 4 = ICE PELLETS
TOTAL MONTH: 2.1 INCHES 5 = HAIL
GRTST 24HR 1.5 ON 14-14 6 = FREEZING RAIN OR DRIZZLE
GRTST DEPTH: 1 ON 15 7 = DUSTSTORM OR SANDSTORM:
VSBY 1/2 MILE OR LESS
8 = SMOKE OR HAZE
[NO. OF DAYS WITH] [WEATHER - DAYS WITH] 9 = BLOWING SNOW
X = TORNADO
MAX 32 OR BELOW: 0 0.01 INCH OR MORE: 10
MAX 90 OR ABOVE: 0 0.10 INCH OR MORE: 5
MIN 32 OR BELOW: 14 0.50 INCH OR MORE: 0
MIN 0 OR BELOW: 0 1.00 INCH OR MORE: 0
[HDD (BASE 65) ]
TOTAL THIS MO. 679 CLEAR (SCALE 0-3) 1
DPTR FM NORMAL 137 PTCLDY (SCALE 4-7) 20
TOTAL FM JUL 1 5939 CLOUDY (SCALE 8-10) 9
DPTR FM NORMAL -95
[CDD (BASE 65) ]
TOTAL THIS MO. 0
DPTR FM NORMAL 0 [PRESSURE DATA]
TOTAL FM JAN 1 0 HIGHEST SLP M ON M
DPTR FM NORMAL 0 LOWEST SLP 27.49 ON 30
[REMARKS]
#FINAL-04-22#