000
CXUS53 KIND 011508
CLMGEZ
CLIMATE REPORT
NATIONAL WEATHER SERVICE INDIANAPOLIS IN
1108 AM EDT SAT APR 01 2023
...................................
...THE SHELBYVILLE IN CLIMATE SUMMARY FOR THE MONTH OF MARCH 2023...
CLIMATE NORMAL PERIOD 1991 TO 2020
CLIMATE RECORD PERIOD 9999 TO 9999
WEATHER OBSERVED NORMAL DEPART LAST YEAR`S
VALUE DATE(S) VALUE FROM VALUE DATE(S)
NORMAL
................................................................
TEMPERATURE (F)
HIGHEST 79 03/01 79 03/30
LOWEST 18 03/19 17 03/12
AVG. MAXIMUM 54.6 53.0 1.6 57.8
AVG. MINIMUM 33.9 33.6 0.3 36.5
MEAN 44.3 43.3 1.0 47.1
DAYS MAX >= 90 0 0.0 0.0 0
DAYS MAX <= 32 1 1.5 -0.5 1
DAYS MIN <= 32 13 15.9 -2.9 8
DAYS MIN <= 0 0 0.0 0.0 0
PRECIPITATION (INCHES)
TOTALS 6.67 3.45 3.22 4.60
DAILY AVG. 0.22 0.11 0.11 0.15
DAYS >= .01 14 11.5 2.5 10
DAYS >= .10 8 6.6 1.4 7
DAYS >= .50 4 2.6 1.4 4
DAYS >= 1.00 2 0.6 1.4 1
GREATEST
24 HR. TOTAL 2.21 03/03 TO 03/03
DEGREE DAYS
HEATING TOTAL 637 676 -39 546
SINCE 7/1 3906 4591 -685 MM
COOLING TOTAL 0 3 -3 0
SINCE 1/1 0 3 -3 MM
................................................................
WIND (MPH)
AVERAGE WIND SPEED 11.5
HIGHEST WIND SPEED/DIRECTION 45/240 DATE 03/31
HIGHEST GUST SPEED/DIRECTION 67/250 DATE 03/31
SKY COVER
AVERAGE SKY COVER 0.50
AVERAGE RH (PERCENT) 64
WEATHER CONDITIONS. NUMBER OF DAYS WITH
THUNDERSTORM 4 MIXED PRECIP 0
HEAVY RAIN 5 RAIN 8
LIGHT RAIN 18 FREEZING RAIN 0
LT FREEZING RAIN 0 HAIL 0
HEAVY SNOW 0 SNOW 0
LIGHT SNOW 3 SLEET 0
FOG 15 FOG W/VIS <= 1/4 MILE 0
HAZE 8
- INDICATES NEGATIVE NUMBERS.
R INDICATES RECORD WAS SET OR TIED.
MM INDICATES DATA IS MISSING.
T INDICATES TRACE AMOUNT.
$$