000
CXUS55 KALY 010710
CF6GFL
PRELIMINARY LOCAL CLIMATOLOGICAL DATA (WS FORM: F-6)
STATION: GLENS FALLS NY
MONTH: MARCH
YEAR: 2021
LATITUDE: 43 20 N
LONGITUDE: 73 37 W
TEMPERATURE IN F: :PCPN: SNOW: WIND :SUNSHINE: SKY :PK WND
================================================================================
1 2 3 4 5 6A 6B 7 8 9 10 11 12 13 14 15 16 17 18
12Z AVG MX 2MIN
DY MAX MIN AVG DEP HDD CDD WTR SNW DPTH SPD SPD DIR MIN PSBL S-S WX SPD DR
================================================================================
1 43 15 29 4 36 0 0.04 M M 12.1 36 300 M M 8 18 53 320
2 25 5 15 -11 50 0 T M M 9.3 26 290 M M 2 35 300
3 40 19 30 4 35 0 0.00 M M 5.9 12 210 M M 9 16 210
4 33 19 26 0 39 0 0.00 M M 13.1 28 320 M M 7 35 310
5 30 12 21 -6 44 0 0.00 M M 8.9 21 300 M M 6 29 300
6 26 6 16 -11 49 0 0.00 M M 6.4 16 290 M M 5 22 290
7 31 8 20 -8 45 0 0.00 M M 5.0 12 350 M M 1 15 350
8 33 7 20 -8 45 0 0.00 M M 5.9 13 150 M M 3 15 160
9 48 24 36 8 29 0 0.00 M M 4.4 18 350 M M 4 24 350
10 53 20 37 8 28 0 0.00 M M 5.5 14 160 M M 0 17 160
11 61 37 49 20 16 0 T M M 7.7 18 210 M M 4 29 220
12 58 32 45 15 20 0 T M M 12.4 28 300 M M 1 41 260
13 41 22 32 2 33 0 T M M 9.7 26 300 M M 2 38 310
14 38 17 28 -2 37 0 T M M 13.7 30 320 M M 6 45 320
15 27 11 19 -12 46 0 0.00 M M 11.7 24 320 M M 0 34 340
16 35 9 22 -9 43 0 0.00 M M 3.1 15 200 M M 2 19 200
17 44 17 31 -1 34 0 0.00 M M 3.9 12 210 M M 5 16 200
18 41 29 35 3 30 0 0.23 M M 6.6 30 20 M M 8 1 38 20
19 34 18 26 -6 39 0 0.00 M M 11.5 26 10 M M 0 33 20
20 53 14 34 1 31 0 0.00 M M 4.2 15 180 M M 0 19 150
21 61 19 40 7 25 0 0.00 M M 1.5 9 160 M M 0 11 160
22 64 21 43 9 22 0 0.00 M M 1.3 12 190 M M 0 14 160
23 66 23 45 11 20 0 0.00 M M 2.3 13 140 M M 0 16 210
24 58 28 43 8 22 0 0.03 M M 1.7 17 210 M M 7 1 22 220
25 69 43 56 21 9 0 0.00 M M 4.0 14 150 M M 6 1 20 130
26 70 44 57 21 8 0 0.13 M M 9.6 30 250 M M 9 1238 43 240
27 56 29 43 7 22 0 0.00 M M 5.0 16 200 M M 2 22 200
28 51 28 40 4 25 0 0.55 M M 4.6 21 260 M M 7 1 30 280
29 47 25 36 -1 29 0 0.00 M M 11.1 28 300 M M 5 39 290
30 62 22 42 5 23 0 0.00 M M 9.4 24 210 M M 0 36 210
31 60 33 47 9 18 0 0.21 M M 8.1 22 310 M M 5 1 31 310
================================================================================
SM 1458 656 952 0 1.19 M 219.6 M 114
================================================================================
AV 47.0 21.2 7.1 FASTST M M 4 MAX(MPH)
MISC ----> 36 300 53 320
================================================================================
NOTES:
# LAST OF SEVERAL OCCURRENCES
COLUMN 17 PEAK WIND IN M.P.H.
PRELIMINARY LOCAL CLIMATOLOGICAL DATA (WS FORM: F-6) , PAGE 2
STATION: GLENS FALLS NY
MONTH: MARCH
YEAR: 2021
LATITUDE: 43 20 N
LONGITUDE: 73 37 W
[TEMPERATURE DATA] [PRECIPITATION DATA] SYMBOLS USED IN COLUMN 16
AVERAGE MONTHLY: 34.1 TOTAL FOR MONTH: 1.19 1 = FOG OR MIST
DPTR FM NORMAL: 2.8 DPTR FM NORMAL: -1.75 2 = FOG REDUCING VISIBILITY
HIGHEST: 70 ON 26 GRTST 24HR 0.55 ON 28-28 TO 1/4 MILE OR LESS
LOWEST: 5 ON 2 3 = THUNDER
SNOW, ICE PELLETS, HAIL 4 = ICE PELLETS
TOTAL MONTH: M 5 = HAIL
GRTST 24HR M ON M 6 = FREEZING RAIN OR DRIZZLE
GRTST DEPTH: M ON M 7 = DUSTSTORM OR SANDSTORM:
VSBY 1/2 MILE OR LESS
8 = SMOKE OR HAZE
[NO. OF DAYS WITH] [WEATHER - DAYS WITH] 9 = BLOWING SNOW
X = TORNADO
MAX 32 OR BELOW: 5 0.01 INCH OR MORE: 6
MAX 90 OR ABOVE: 0 0.10 INCH OR MORE: 4
MIN 32 OR BELOW: 27 0.50 INCH OR MORE: 1
MIN 0 OR BELOW: 0 1.00 INCH OR MORE: 0
[HDD (BASE 65) ]
TOTAL THIS MO. 952 CLEAR (SCALE 0-3) 15
DPTR FM NORMAL -91 PTCLDY (SCALE 4-7) 14
TOTAL FM JUL 1 6135 CLOUDY (SCALE 8-10) 2
DPTR FM NORMAL -528
[CDD (BASE 65) ]
TOTAL THIS MO. 0
DPTR FM NORMAL 0 [PRESSURE DATA]
TOTAL FM JAN 1 0 HIGHEST SLP M ON M
DPTR FM NORMAL 0 LOWEST SLP 29.39 ON 28
[REMARKS]
#FINAL-03-21#